{"id":467,"date":"2026-04-14T12:45:59","date_gmt":"2026-04-14T16:45:59","guid":{"rendered":"https:\/\/humanidades.uprrp.edu\/vivelashumanidades\/?page_id=467"},"modified":"2026-04-14T12:46:01","modified_gmt":"2026-04-14T16:46:01","slug":"orquesta-sinfonica-de-puerto-rico","status":"publish","type":"page","link":"https:\/\/humanidades.uprrp.edu\/vivelashumanidades\/orquesta-sinfonica-de-puerto-rico\/","title":{"rendered":"Orquesta Sinf\u00f3nica de Puerto Rico"},"content":{"rendered":"<div class=\"wp-block-image\">\n<figure class=\"aligncenter size-thumbnail is-resized\"><img decoding=\"async\" width=\"150\" height=\"150\" src=\"https:\/\/humanidades.uprrp.edu\/vivelashumanidades\/wp-content\/uploads\/sites\/15\/2026\/04\/orquesta-sinfonica-150x150.jpg\" alt=\"\" class=\"wp-image-468\" style=\"width:152px;height:auto\" srcset=\"https:\/\/humanidades.uprrp.edu\/vivelashumanidades\/wp-content\/uploads\/sites\/15\/2026\/04\/orquesta-sinfonica-150x150.jpg 150w, https:\/\/humanidades.uprrp.edu\/vivelashumanidades\/wp-content\/uploads\/sites\/15\/2026\/04\/orquesta-sinfonica-300x300.jpg 300w, https:\/\/humanidades.uprrp.edu\/vivelashumanidades\/wp-content\/uploads\/sites\/15\/2026\/04\/orquesta-sinfonica-768x768.jpg 768w, https:\/\/humanidades.uprrp.edu\/vivelashumanidades\/wp-content\/uploads\/sites\/15\/2026\/04\/orquesta-sinfonica-700x700.jpg 700w, https:\/\/humanidades.uprrp.edu\/vivelashumanidades\/wp-content\/uploads\/sites\/15\/2026\/04\/orquesta-sinfonica-332x332.jpg 332w, https:\/\/humanidades.uprrp.edu\/vivelashumanidades\/wp-content\/uploads\/sites\/15\/2026\/04\/orquesta-sinfonica-432x432.jpg 432w, https:\/\/humanidades.uprrp.edu\/vivelashumanidades\/wp-content\/uploads\/sites\/15\/2026\/04\/orquesta-sinfonica-268x268.jpg 268w, https:\/\/humanidades.uprrp.edu\/vivelashumanidades\/wp-content\/uploads\/sites\/15\/2026\/04\/orquesta-sinfonica-600x600.jpg 600w, https:\/\/humanidades.uprrp.edu\/vivelashumanidades\/wp-content\/uploads\/sites\/15\/2026\/04\/orquesta-sinfonica-100x100.jpg 100w, https:\/\/humanidades.uprrp.edu\/vivelashumanidades\/wp-content\/uploads\/sites\/15\/2026\/04\/orquesta-sinfonica.jpg 900w\" sizes=\"(max-width: 150px) 100vw, 150px\" \/><\/figure>\n<\/div>\n\n\n<p>La experiencia de internado en la Orquesta Sinf\u00f3nica de Puerto Rico solicita estudiantes dispuestos a:<\/p>\n\n\n\n<ul class=\"wp-block-list\">\n<li>Apoyar en producci\u00f3n de conciertos: montaje, coordinaci\u00f3n y log\u00edstica.<\/li>\n\n\n\n<li>Colaborar en el trabajo de producci\u00f3n previo y durante los conciertos.<\/li>\n\n\n\n<li>Brindar asistencia durante algunos ensayos de la orquesta.<\/li>\n\n\n\n<li>Colaborar en la coordinaci\u00f3n y promoci\u00f3n de charlas educativas en escuelas o comunidades.<\/li>\n\n\n\n<li>Colaborar en la creaci\u00f3n de contenido para redes sociales vinculadas a los programas educativos y a la p\u00e1gina Conoce tu Orquesta (videos, c\u00e1psulas, entrevistas, clips musicales).<\/li>\n\n\n\n<li>Participar en talleres de m\u00fasica y liderazgo educativo como asistente o facilitadora.<\/li>\n\n\n\n<li>Evaluar impacto de las actividades (encuestas,\u00a0focus\u00a0groups, an\u00e1lisis).<\/li>\n\n\n\n<li>Colaborar en el desarrollo de un plan de contenido mensual para las plataformas de divulgaci\u00f3n educativa, incluyendo la promoci\u00f3n de conciertos familiares y estudiantiles.<\/li>\n\n\n\n<li>Hacer transmisiones en vivo o contenido detr\u00e1s de c\u00e1maras.<\/li>\n\n\n\n<li>Generar\u00a0reels, historias y recursos visuales para difundir las iniciativas educativas.<\/li>\n\n\n\n<li>Organizar talleres musicales, de desarrollo personal y liderazgo (Experiencia Sinf\u00f3nica).<\/li>\n\n\n\n<li>Otras tareas afines.\u00a0<\/li>\n<\/ul>\n","protected":false},"excerpt":{"rendered":"<p>La experiencia de internado en la Orquesta Sinf\u00f3nica de Puerto Rico solicita estudiantes dispuestos a:<\/p>\n","protected":false},"author":2,"featured_media":0,"parent":0,"menu_order":0,"comment_status":"closed","ping_status":"closed","template":"","meta":{"_eb_attr":"","_monsterinsights_skip_tracking":false,"_monsterinsights_sitenote_active":false,"_monsterinsights_sitenote_note":"","_monsterinsights_sitenote_category":0,"footnotes":""},"class_list":["post-467","page","type-page","status-publish","hentry","column","twocol"],"_links":{"self":[{"href":"https:\/\/humanidades.uprrp.edu\/vivelashumanidades\/wp-json\/wp\/v2\/pages\/467","targetHints":{"allow":["GET"]}}],"collection":[{"href":"https:\/\/humanidades.uprrp.edu\/vivelashumanidades\/wp-json\/wp\/v2\/pages"}],"about":[{"href":"https:\/\/humanidades.uprrp.edu\/vivelashumanidades\/wp-json\/wp\/v2\/types\/page"}],"author":[{"embeddable":true,"href":"https:\/\/humanidades.uprrp.edu\/vivelashumanidades\/wp-json\/wp\/v2\/users\/2"}],"replies":[{"embeddable":true,"href":"https:\/\/humanidades.uprrp.edu\/vivelashumanidades\/wp-json\/wp\/v2\/comments?post=467"}],"version-history":[{"count":1,"href":"https:\/\/humanidades.uprrp.edu\/vivelashumanidades\/wp-json\/wp\/v2\/pages\/467\/revisions"}],"predecessor-version":[{"id":469,"href":"https:\/\/humanidades.uprrp.edu\/vivelashumanidades\/wp-json\/wp\/v2\/pages\/467\/revisions\/469"}],"wp:attachment":[{"href":"https:\/\/humanidades.uprrp.edu\/vivelashumanidades\/wp-json\/wp\/v2\/media?parent=467"}],"curies":[{"name":"wp","href":"https:\/\/api.w.org\/{rel}","templated":true}]}}