{"id":318,"date":"2025-06-06T21:19:19","date_gmt":"2025-06-07T01:19:19","guid":{"rendered":"https:\/\/humanidades.uprrp.edu\/vivelashumanidades\/?page_id=318"},"modified":"2026-04-11T16:39:56","modified_gmt":"2026-04-11T20:39:56","slug":"centro-de-bellas-artes-luis-a-ferre","status":"publish","type":"page","link":"https:\/\/humanidades.uprrp.edu\/vivelashumanidades\/centro-de-bellas-artes-luis-a-ferre\/","title":{"rendered":"Centro de Bellas Artes Luis A. Ferr\u00e9"},"content":{"rendered":"<div class=\"wp-block-image\">\n<figure class=\"aligncenter size-medium\"><a href=\"https:\/\/www.cba.pr.gov\/\"><img fetchpriority=\"high\" decoding=\"async\" width=\"300\" height=\"231\" src=\"https:\/\/humanidades.uprrp.edu\/vivelashumanidades\/wp-content\/uploads\/sites\/15\/2025\/06\/HKYRDDOTTRDI7E25FTGKBCMENM-300x231.png\" alt=\"\" class=\"wp-image-319\" srcset=\"https:\/\/humanidades.uprrp.edu\/vivelashumanidades\/wp-content\/uploads\/sites\/15\/2025\/06\/HKYRDDOTTRDI7E25FTGKBCMENM-300x231.png 300w, https:\/\/humanidades.uprrp.edu\/vivelashumanidades\/wp-content\/uploads\/sites\/15\/2025\/06\/HKYRDDOTTRDI7E25FTGKBCMENM-1024x789.png 1024w, https:\/\/humanidades.uprrp.edu\/vivelashumanidades\/wp-content\/uploads\/sites\/15\/2025\/06\/HKYRDDOTTRDI7E25FTGKBCMENM-768x591.png 768w, https:\/\/humanidades.uprrp.edu\/vivelashumanidades\/wp-content\/uploads\/sites\/15\/2025\/06\/HKYRDDOTTRDI7E25FTGKBCMENM-1536x1183.png 1536w, https:\/\/humanidades.uprrp.edu\/vivelashumanidades\/wp-content\/uploads\/sites\/15\/2025\/06\/HKYRDDOTTRDI7E25FTGKBCMENM-2048x1577.png 2048w, https:\/\/humanidades.uprrp.edu\/vivelashumanidades\/wp-content\/uploads\/sites\/15\/2025\/06\/HKYRDDOTTRDI7E25FTGKBCMENM-700x539.png 700w, https:\/\/humanidades.uprrp.edu\/vivelashumanidades\/wp-content\/uploads\/sites\/15\/2025\/06\/HKYRDDOTTRDI7E25FTGKBCMENM-332x256.png 332w, https:\/\/humanidades.uprrp.edu\/vivelashumanidades\/wp-content\/uploads\/sites\/15\/2025\/06\/HKYRDDOTTRDI7E25FTGKBCMENM-600x462.png 600w\" sizes=\"(max-width: 300px) 100vw, 300px\" \/><\/a><\/figure>\n<\/div>\n\n\n<p>El Centro de Bellas Artes Luis A. Ferr\u00e9 abri\u00f3 sus puertas al p\u00fablico el 9 de abril de 1981 y en poco tiempo se convirti\u00f3 en uno de los recursos m\u00e1s importantes con que cuenta Puerto Rico para desarrollar su vida cultural. Escenario para una extensa gama de manifestaciones del arte, el Centro de Bellas Artes Luis A. Ferr\u00e9 ofrece un taller de trabajo constante para los artistas locales a la vez que fomenta el intercambio con los dem\u00e1s pa\u00edses mediante la presentaci\u00f3n continua de figuras de renombre internacional.<\/p>\n\n\n\n<p>El CBA propone experiencias en:<\/p>\n\n\n\n<h3 class=\"wp-block-heading\">\u00c1rea de Archivo:<\/h3>\n\n\n\n<ul class=\"wp-block-list\">\n<li>Planificar y ejecutar el proceso de digitalizaci\u00f3n de revistas.<\/li>\n\n\n\n<li>Utilizar equipo especializado para escanear.<\/li>\n\n\n\n<li>Desarrollar y mantener base de datos de los archivos digitalizados.<\/li>\n\n\n\n<li>Otras tareas afines.<br><\/li>\n<\/ul>\n\n\n\n<h3 class=\"wp-block-heading\">Fotograf\u00eda:<\/h3>\n\n\n\n<ul class=\"wp-block-list\">\n<li>Documentaci\u00f3n fotogr\u00e1fica de eventos y ensayos.<\/li>\n\n\n\n<li>Asistir a eventos.<\/li>\n\n\n\n<li>Editar im\u00e1genes para redes sociales.<\/li>\n\n\n\n<li>Crear archivo digital de fotograf\u00edas.<\/li>\n\n\n\n<li>Otras tareas afines.<\/li>\n<\/ul>\n\n\n\n<p><\/p>\n","protected":false},"excerpt":{"rendered":"<p>El Centro de Bellas Artes Luis A. Ferr\u00e9 abri\u00f3 sus puertas al p\u00fablico el 9 de abril de 1981 y en poco tiempo se convirti\u00f3 en uno de los recursos m\u00e1s importantes con que cuenta Puerto Rico para desarrollar su vida cultural. Escenario para una extensa gama de manifestaciones del &#8230;<\/p>\n","protected":false},"author":2,"featured_media":0,"parent":0,"menu_order":0,"comment_status":"closed","ping_status":"closed","template":"","meta":{"_eb_attr":"","_monsterinsights_skip_tracking":false,"_monsterinsights_sitenote_active":false,"_monsterinsights_sitenote_note":"","_monsterinsights_sitenote_category":0,"footnotes":""},"class_list":["post-318","page","type-page","status-publish","hentry","column","twocol"],"_links":{"self":[{"href":"https:\/\/humanidades.uprrp.edu\/vivelashumanidades\/wp-json\/wp\/v2\/pages\/318","targetHints":{"allow":["GET"]}}],"collection":[{"href":"https:\/\/humanidades.uprrp.edu\/vivelashumanidades\/wp-json\/wp\/v2\/pages"}],"about":[{"href":"https:\/\/humanidades.uprrp.edu\/vivelashumanidades\/wp-json\/wp\/v2\/types\/page"}],"author":[{"embeddable":true,"href":"https:\/\/humanidades.uprrp.edu\/vivelashumanidades\/wp-json\/wp\/v2\/users\/2"}],"replies":[{"embeddable":true,"href":"https:\/\/humanidades.uprrp.edu\/vivelashumanidades\/wp-json\/wp\/v2\/comments?post=318"}],"version-history":[{"count":6,"href":"https:\/\/humanidades.uprrp.edu\/vivelashumanidades\/wp-json\/wp\/v2\/pages\/318\/revisions"}],"predecessor-version":[{"id":389,"href":"https:\/\/humanidades.uprrp.edu\/vivelashumanidades\/wp-json\/wp\/v2\/pages\/318\/revisions\/389"}],"wp:attachment":[{"href":"https:\/\/humanidades.uprrp.edu\/vivelashumanidades\/wp-json\/wp\/v2\/media?parent=318"}],"curies":[{"name":"wp","href":"https:\/\/api.w.org\/{rel}","templated":true}]}}

Centro de Bellas Artes Luis A. Ferré

<div class="wp-block-image">
<figure class="aligncenter size-medium"><a href="https://www.cba.pr.gov/"><img fetchpriority="high" decoding="async" width="300" height="231" src="https://humanidades.uprrp.edu/vivelashumanidades/wp-content/uploads/sites/15/2025/06/HKYRDDOTTRDI7E25FTGKBCMENM-300x231.png" alt="" class="wp-image-319" srcset="https://humanidades.uprrp.edu/vivelashumanidades/wp-content/uploads/sites/15/2025/06/HKYRDDOTTRDI7E25FTGKBCMENM-300x231.png 300w, https://humanidades.uprrp.edu/vivelashumanidades/wp-content/uploads/sites/15/2025/06/HKYRDDOTTRDI7E25FTGKBCMENM-1024x789.png 1024w, https://humanidades.uprrp.edu/vivelashumanidades/wp-content/uploads/sites/15/2025/06/HKYRDDOTTRDI7E25FTGKBCMENM-768x591.png 768w, https://humanidades.uprrp.edu/vivelashumanidades/wp-content/uploads/sites/15/2025/06/HKYRDDOTTRDI7E25FTGKBCMENM-1536x1183.png 1536w, https://humanidades.uprrp.edu/vivelashumanidades/wp-content/uploads/sites/15/2025/06/HKYRDDOTTRDI7E25FTGKBCMENM-2048x1577.png 2048w, https://humanidades.uprrp.edu/vivelashumanidades/wp-content/uploads/sites/15/2025/06/HKYRDDOTTRDI7E25FTGKBCMENM-700x539.png 700w, https://humanidades.uprrp.edu/vivelashumanidades/wp-content/uploads/sites/15/2025/06/HKYRDDOTTRDI7E25FTGKBCMENM-332x256.png 332w, https://humanidades.uprrp.edu/vivelashumanidades/wp-content/uploads/sites/15/2025/06/HKYRDDOTTRDI7E25FTGKBCMENM-600x462.png 600w" sizes="(max-width: 300px) 100vw, 300px" /></a></figure>
</div>


<p>El Centro de Bellas Artes Luis A. Ferré abrió sus puertas al público el 9 de abril de 1981 y en poco tiempo se convirtió en uno de los recursos más importantes con que cuenta Puerto Rico para desarrollar su vida cultural. Escenario para una extensa gama de manifestaciones del arte, el Centro de Bellas Artes Luis A. Ferré ofrece un taller de trabajo constante para los artistas locales a la vez que fomenta el intercambio con los demás países mediante la presentación continua de figuras de renombre internacional.</p>



<p>El CBA propone experiencias en:</p>



<h3 class="wp-block-heading">Área de Archivo:</h3>



<ul class="wp-block-list">
<li>Planificar y ejecutar el proceso de digitalización de revistas.</li>



<li>Utilizar equipo especializado para escanear.</li>



<li>Desarrollar y mantener base de datos de los archivos digitalizados.</li>



<li>Otras tareas afines.<br></li>
</ul>



<h3 class="wp-block-heading">Fotografía:</h3>



<ul class="wp-block-list">
<li>Documentación fotográfica de eventos y ensayos.</li>



<li>Asistir a eventos.</li>



<li>Editar imágenes para redes sociales.</li>



<li>Crear archivo digital de fotografías.</li>



<li>Otras tareas afines.</li>
</ul>



<p></p>

<p>El Centro de Bellas Artes Luis A. Ferré abrió sus puertas al público el 9 de abril de 1981 y en poco tiempo se convirtió en uno de los recursos más importantes con que cuenta Puerto Rico para desarrollar su vida cultural. Escenario para una extensa gama de manifestaciones del &#8230;</p>
