{"id":120,"date":"2025-06-05T11:03:06","date_gmt":"2025-06-05T15:03:06","guid":{"rendered":"https:\/\/humanidades.uprrp.edu\/vivelashumanidades\/?page_id=120"},"modified":"2025-06-06T21:07:29","modified_gmt":"2025-06-07T01:07:29","slug":"museo-de-arte-de-puerto-rico-mapr","status":"publish","type":"page","link":"https:\/\/humanidades.uprrp.edu\/vivelashumanidades\/museo-de-arte-de-puerto-rico-mapr\/","title":{"rendered":"Museo de Arte de Puerto Rico (MAPR)"},"content":{"rendered":"<div class=\"wp-block-image\">\n<figure class=\"aligncenter size-full is-resized\"><a href=\"https:\/\/www.mapr.org\/en\"><img fetchpriority=\"high\" decoding=\"async\" width=\"500\" height=\"500\" src=\"https:\/\/humanidades.uprrp.edu\/vivelashumanidades\/wp-content\/uploads\/sites\/15\/2025\/06\/mapr.png\" alt=\"\" class=\"wp-image-186\" style=\"width:254px;height:auto\" srcset=\"https:\/\/humanidades.uprrp.edu\/vivelashumanidades\/wp-content\/uploads\/sites\/15\/2025\/06\/mapr.png 500w, https:\/\/humanidades.uprrp.edu\/vivelashumanidades\/wp-content\/uploads\/sites\/15\/2025\/06\/mapr-300x300.png 300w, https:\/\/humanidades.uprrp.edu\/vivelashumanidades\/wp-content\/uploads\/sites\/15\/2025\/06\/mapr-150x150.png 150w, https:\/\/humanidades.uprrp.edu\/vivelashumanidades\/wp-content\/uploads\/sites\/15\/2025\/06\/mapr-332x332.png 332w, https:\/\/humanidades.uprrp.edu\/vivelashumanidades\/wp-content\/uploads\/sites\/15\/2025\/06\/mapr-432x432.png 432w, https:\/\/humanidades.uprrp.edu\/vivelashumanidades\/wp-content\/uploads\/sites\/15\/2025\/06\/mapr-268x268.png 268w, https:\/\/humanidades.uprrp.edu\/vivelashumanidades\/wp-content\/uploads\/sites\/15\/2025\/06\/mapr-100x100.png 100w\" sizes=\"(max-width: 500px) 100vw, 500px\" \/><\/a><\/figure>\n<\/div>\n\n\n<p>El Museo de Arte de Puerto Rico (MAPR), ubicado en Santurce, San Juan, es una instituci\u00f3n sin fines de lucro inaugurada en el a\u00f1o 2000, dedicada a promover el conocimiento, la apreciaci\u00f3n y el disfrute de las artes visuales de Puerto Rico y del mundo. Su colecci\u00f3n permanente alberga m\u00e1s de 1,100 obras que abarcan desde el siglo XVIII hasta la actualidad, incluyendo pinturas, esculturas, grabados, dibujos, fotograf\u00eda y nuevos medios. Adem\u00e1s, el museo ofrece exposiciones temporales, programas educativos y actividades culturales para p\u00fablicos diversos, consolid\u00e1ndose como un centro vital para la preservaci\u00f3n y difusi\u00f3n del patrimonio art\u00edstico puertorrique\u00f1o.<\/p>\n\n\n\n<p>El MAPR propone dos tipos de experiencias:<\/p>\n\n\n\n<p><em><strong>Exposiciones y colecciones<\/strong><\/em><\/p>\n\n\n\n<ul class=\"wp-block-list\">\n<li>Apoyar en la construcci\u00f3n de m\u00f3dulos o paredes, pintar, masillar, lijar, entre otras labores de construcci\u00f3n.<\/li>\n\n\n\n<li>Cuido y manejo de obras de arte, incluido transporte, empaque y ensamblaje.<\/li>\n\n\n\n<li>Uso y manejo de diferentes materiales de construcci\u00f3n.<\/li>\n\n\n\n<li>Manejo y trabajo con herramientas como taladros, sierras de banco, caladoras, routers, entre otras.<\/li>\n\n\n\n<li>Habilidad para leer y entender instrucciones sencillas.<\/li>\n\n\n\n<li>Destrezas de redacci\u00f3n (ortograf\u00eda, gram\u00e1tica, sintaxis) para correspondencia y comunicaciones sencillas.<\/li>\n\n\n\n<li>Requiere conocimiento en matem\u00e1ticas, incluido el uso de fracciones, de decimales y de las diferentes unidades para medir peso, volumen y distancia.<\/li>\n\n\n\n<li>Requiere una licencia de conducir vigente.<\/li>\n\n\n\n<li>Requiere la habilidad para estar parado y caminar durante largos periodos de tiempo.<\/li>\n\n\n\n<li>Requiere la habilidad para caminar sobre superficies irregulares, subir escaleras plegadizas, levantar peso de hasta 50lbs.<\/li>\n\n\n\n<li>Organizaci\u00f3n y habilidad para completar trabajos en las fechas requeridas.<\/li>\n\n\n\n<li>Buena disposici\u00f3n para trabajar en equipo y comunicaci\u00f3n efectiva.<\/li>\n\n\n\n<li>Biling\u00fce (espa\u00f1ol e ingl\u00e9s).<\/li>\n\n\n\n<li>Familiaridad o experiencia utilizando Microsoft Office.<\/li>\n\n\n\n<li>Realizar investigaci\u00f3n sobre materiales de montaje.<\/li>\n<\/ul>\n\n\n\n<p><strong><em>Registradur\u00eda<\/em><\/strong><\/p>\n\n\n\n<ul class=\"wp-block-list\">\n<li>Aprender a manejar obras de arte en general.<\/li>\n\n\n\n<li>Aplicar conceptos b\u00e1sicos de cuidados preventivos en obras de arte.<\/li>\n\n\n\n<li>Trabajar directamente con obras de arte de la colecci\u00f3n permanente y de las exhibiciones.<\/li>\n\n\n\n<li>Conocimientos b\u00e1sicos en el manejo de obras y gesti\u00f3n de colecciones.<\/li>\n\n\n\n<li>Organizaci\u00f3n y estructura.<\/li>\n\n\n\n<li>Habilidades en el dise\u00f1o de corte y empacado.<\/li>\n\n\n\n<li>Conocimiento del sistema m\u00e9trico.<\/li>\n<\/ul>\n","protected":false},"excerpt":{"rendered":"<p>El Museo de Arte de Puerto Rico (MAPR), ubicado en Santurce, San Juan, es una instituci\u00f3n sin fines de lucro inaugurada en el a\u00f1o 2000, dedicada a promover el conocimiento, la apreciaci\u00f3n y el disfrute de las artes visuales de Puerto Rico y del mundo. Su colecci\u00f3n permanente alberga m\u00e1s &#8230;<\/p>\n","protected":false},"author":2,"featured_media":0,"parent":0,"menu_order":0,"comment_status":"closed","ping_status":"closed","template":"","meta":{"_eb_attr":"","_monsterinsights_skip_tracking":false,"_monsterinsights_sitenote_active":false,"_monsterinsights_sitenote_note":"","_monsterinsights_sitenote_category":0,"footnotes":""},"class_list":["post-120","page","type-page","status-publish","hentry","column","twocol"],"_links":{"self":[{"href":"https:\/\/humanidades.uprrp.edu\/vivelashumanidades\/wp-json\/wp\/v2\/pages\/120","targetHints":{"allow":["GET"]}}],"collection":[{"href":"https:\/\/humanidades.uprrp.edu\/vivelashumanidades\/wp-json\/wp\/v2\/pages"}],"about":[{"href":"https:\/\/humanidades.uprrp.edu\/vivelashumanidades\/wp-json\/wp\/v2\/types\/page"}],"author":[{"embeddable":true,"href":"https:\/\/humanidades.uprrp.edu\/vivelashumanidades\/wp-json\/wp\/v2\/users\/2"}],"replies":[{"embeddable":true,"href":"https:\/\/humanidades.uprrp.edu\/vivelashumanidades\/wp-json\/wp\/v2\/comments?post=120"}],"version-history":[{"count":4,"href":"https:\/\/humanidades.uprrp.edu\/vivelashumanidades\/wp-json\/wp\/v2\/pages\/120\/revisions"}],"predecessor-version":[{"id":312,"href":"https:\/\/humanidades.uprrp.edu\/vivelashumanidades\/wp-json\/wp\/v2\/pages\/120\/revisions\/312"}],"wp:attachment":[{"href":"https:\/\/humanidades.uprrp.edu\/vivelashumanidades\/wp-json\/wp\/v2\/media?parent=120"}],"curies":[{"name":"wp","href":"https:\/\/api.w.org\/{rel}","templated":true}]}}