{"id":7146,"date":"2025-10-27T09:40:07","date_gmt":"2025-10-27T13:40:07","guid":{"rendered":"https:\/\/humanidades.uprrp.edu\/visiondoble\/?page_id=7146"},"modified":"2025-10-27T09:40:08","modified_gmt":"2025-10-27T13:40:08","slug":"wanda-i-rodriguez-vicente","status":"publish","type":"page","link":"https:\/\/humanidades.uprrp.edu\/visiondoble\/wanda-i-rodriguez-vicente\/","title":{"rendered":"Wanda I. Rodr\u00edguez Vicente"},"content":{"rendered":"\n<div class=\"wp-block-group is-layout-grid wp-container-core-group-is-layout-baef362d wp-block-group-is-layout-grid\">\n<figure class=\"wp-block-image size-full is-resized wp-container-content-5e2576f9\"><img loading=\"lazy\" decoding=\"async\" width=\"1200\" height=\"1200\" src=\"https:\/\/humanidades.uprrp.edu\/visiondoble\/wp-content\/uploads\/2025\/10\/Wanda-I-Rodriguez.jpg\" alt=\"\" class=\"wp-image-7148\" style=\"width:385px;height:auto\" srcset=\"https:\/\/humanidades.uprrp.edu\/visiondoble\/wp-content\/uploads\/2025\/10\/Wanda-I-Rodriguez.jpg 1200w, https:\/\/humanidades.uprrp.edu\/visiondoble\/wp-content\/uploads\/2025\/10\/Wanda-I-Rodriguez-300x300.jpg 300w, https:\/\/humanidades.uprrp.edu\/visiondoble\/wp-content\/uploads\/2025\/10\/Wanda-I-Rodriguez-1024x1024.jpg 1024w, https:\/\/humanidades.uprrp.edu\/visiondoble\/wp-content\/uploads\/2025\/10\/Wanda-I-Rodriguez-150x150.jpg 150w, https:\/\/humanidades.uprrp.edu\/visiondoble\/wp-content\/uploads\/2025\/10\/Wanda-I-Rodriguez-768x768.jpg 768w\" sizes=\"auto, (max-width: 1200px) 100vw, 1200px\" \/><\/figure>\n\n\n\n<div class=\"wp-block-group wp-container-content-b0d01b81\"><div class=\"wp-block-group__inner-container is-layout-constrained wp-block-group-is-layout-constrained\">\n<p style=\"text-align: justify;\"><span style=\"font-size: 110%;\">Wanda Ivette Rodr\u00edguez Vicente es estudiante graduada en Ciencias Pol\u00edticas y en Historia del Arte (\u00e1rea de \u00e9nfasis de Arte de Am\u00e9rica Latina y el Caribe), con una concentraci\u00f3n menor en Estudios de la Mujer y G\u00e9nero de la Universidad de Puerto Rico, Recinto de Rio Piedras. Durante sus estudios subgraduados, ha colaborado en el Museo de Historia, Antropolog\u00eda y Arte de la UPR. Sus investigaciones han explorado la iconoclasia, el g\u00e9nero y la preservaci\u00f3n del patrimonio en el arte p\u00fablico puertorrique\u00f1o. Actualmente cursa estudios graduados en Ciencias de la Informaci\u00f3n en la misma instituci\u00f3n. \n<\/span><\/p>\n<\/div><\/div>\n<\/div>\n\n\n\n<p><\/p>\n","protected":false},"excerpt":{"rendered":"<p>Wanda Ivette Rodr\u00edguez Vicente es estudiante graduada en Ciencias Pol\u00edticas y en Historia del Arte (\u00e1rea de \u00e9nfasis de Arte de Am\u00e9rica Latina y el Caribe), con una concentraci\u00f3n menor en Estudios de la Mujer y G\u00e9nero de la Universidad de Puerto Rico, Recinto de Rio Piedras. Durante sus estudios subgraduados, ha colaborado en el [&#8230;]\n","protected":false},"author":12,"featured_media":0,"parent":0,"menu_order":0,"comment_status":"closed","ping_status":"closed","template":"","meta":{"footnotes":""},"class_list":["post-7146","page","type-page","status-publish","hentry"],"_links":{"self":[{"href":"https:\/\/humanidades.uprrp.edu\/visiondoble\/wp-json\/wp\/v2\/pages\/7146","targetHints":{"allow":["GET"]}}],"collection":[{"href":"https:\/\/humanidades.uprrp.edu\/visiondoble\/wp-json\/wp\/v2\/pages"}],"about":[{"href":"https:\/\/humanidades.uprrp.edu\/visiondoble\/wp-json\/wp\/v2\/types\/page"}],"author":[{"embeddable":true,"href":"https:\/\/humanidades.uprrp.edu\/visiondoble\/wp-json\/wp\/v2\/users\/12"}],"replies":[{"embeddable":true,"href":"https:\/\/humanidades.uprrp.edu\/visiondoble\/wp-json\/wp\/v2\/comments?post=7146"}],"version-history":[{"count":1,"href":"https:\/\/humanidades.uprrp.edu\/visiondoble\/wp-json\/wp\/v2\/pages\/7146\/revisions"}],"predecessor-version":[{"id":7149,"href":"https:\/\/humanidades.uprrp.edu\/visiondoble\/wp-json\/wp\/v2\/pages\/7146\/revisions\/7149"}],"wp:attachment":[{"href":"https:\/\/humanidades.uprrp.edu\/visiondoble\/wp-json\/wp\/v2\/media?parent=7146"}],"curies":[{"name":"wp","href":"https:\/\/api.w.org\/{rel}","templated":true}]}}