{"id":6481,"date":"2025-03-27T09:55:08","date_gmt":"2025-03-27T13:55:08","guid":{"rendered":"https:\/\/humanidades.uprrp.edu\/visiondoble\/?page_id=6481"},"modified":"2025-03-27T11:09:34","modified_gmt":"2025-03-27T15:09:34","slug":"convocatorias","status":"publish","type":"page","link":"https:\/\/humanidades.uprrp.edu\/visiondoble\/convocatorias\/","title":{"rendered":"CONVOCATORIAS"},"content":{"rendered":"\n<div class=\"wp-block-columns is-layout-flex wp-container-core-columns-is-layout-9d6595d7 wp-block-columns-is-layout-flex\">\n<div class=\"wp-block-column is-layout-flow wp-block-column-is-layout-flow\" style=\"flex-basis:100%\">\n<p><strong>NUEVAS NARRATIVAS EN LA CR\u00cdTICA, HISTORIOGRAF\u00cdA E HISTORIA DEL ARTE EN PUERTO RICO<\/strong><\/p>\n\n\n\n<p><em>Visi\u00f3n Doble: Revista de Cr\u00edtica e Historia del Arte<\/em>, publicaci\u00f3n acad\u00e9mica adscrita al Programa de Historia del Arte de la Universidad de Puerto Rico, Recinto de R\u00edo Piedras, convoca el env\u00edo de art\u00edculos de investigaci\u00f3n originales e in\u00e9ditos para una nueva edici\u00f3n especial.<\/p>\n\n\n\n<p><strong>CONCEPTO:<\/strong><\/p>\n\n\n\n<p>La historiograf\u00eda del arte en Puerto Rico ha sido objeto de profundas revisiones en los \u00faltimos a\u00f1os, gracias a distintas l\u00edneas de investigaci\u00f3n que tienen como prop\u00f3sito formular reconsideraciones a planteamientos te\u00f3ricos y cr\u00edticos defendidos durante d\u00e9cadas. El estudio y la publicaci\u00f3n de fuentes primarias, el prop\u00f3sito de ampliar los objetos de estudio de la historia del arte y sus creadores, junto a la formulaci\u00f3n de nuevas perspectivas fundamentadas en unos marcos pol\u00edticos y culturales concretos, han abierto m\u00faltiples \u00e1ngulos para la revisi\u00f3n de la disciplina en el archipi\u00e9lago.<\/p>\n\n\n\n<p>En este contexto, la publicaci\u00f3n de estas recientes revisiones, que aportan perspectivas de gran diversidad y riqueza a las narrativas de la historia del arte en Puerto Rico, ser\u00e1 el prop\u00f3sito fundamental del pr\u00f3ximo n\u00famero de <em>Visi\u00f3n Doble.<\/em> Como l\u00edneas de investigaci\u00f3n de inter\u00e9s en esta publicaci\u00f3n especial, se estar\u00e1n aceptando para revisi\u00f3n textos in\u00e9ditos que se dediquen, sin que sean propuestas excluyentes, a:<\/p>\n\n\n\n<p>\u2022el an\u00e1lisis de discursos, objetos, colecciones, exhibiciones, ensayos, libros, cat\u00e1logos, textos o narrativas existentes para repensarlas a la luz de nuevos datos, an\u00e1lisis o teor\u00edas del arte en el mundo contempor\u00e1neo.<\/p>\n\n\n\n<p>\u2022el rescate de textos y actualizaci\u00f3n de aspectos hist\u00f3rico-art\u00edsticos de personas, colectivos, movimientos, estilos, obras, instituciones y otros.<\/p>\n\n\n\n<p>\u2022planteamientos de nuevos modos de entender la cultura visual, desde la historia del arte, a la luz de nuevas teor\u00edas, metodolog\u00edas y corrientes investigativas, que incluyan las decoloniales, feministas, de g\u00e9nero, cuir\/queer, ecol\u00f3gicas, ambientales, temas de pueblos originarios, raciales, entre otras.<\/p>\n\n\n\n<p>\u2022la generaci\u00f3n de conocimiento y brindar luz sobre datos desconocidos respecto a objetos, im\u00e1genes, personas, colectivos, proyectos y dem\u00e1s fen\u00f3menos inherentes a las artes visuales en Puerto Rico.<\/p>\n\n\n\n<p><\/p>\n\n\n\n<p>Para este n\u00famero especial, se establecen las siguientes normas de estilo para la entrega de textos:<\/p>\n\n\n\n<p>1. Los textos deben estar escritos en estilo Times New Roman, tama\u00f1o 12, interlineado 1.5. 2. La extensi\u00f3n del texto ser\u00e1 de entre 3,000 y 8,000 palabras. Se podr\u00e1 solicitar una reducci\u00f3n o ampliaci\u00f3n del n\u00famero de palabras, justificando el caso.<\/p>\n\n\n\n<p>3. Las citas y referencias bibliogr\u00e1ficas deben ajustarse al sistema MLA. Pueden obtener informaci\u00f3n m\u00e1s detallada en la p\u00e1gina web: https:\/\/www.mla.org\/style. Recomendamos la herramienta provista en el portal http:\/\/www.easybib.com\/style\/mla8\/website-citation para generar su lista bibliogr\u00e1fica.<\/p>\n\n\n\n<p>4. El env\u00edo de art\u00edculos debe seguir las normas provistas en la plantilla publicada por la revista. Puede accederla en el siguiente enlace: Plantilla para someter art\u00edculos.<\/p>\n\n\n\n<p>5. El autor debe incluir una biograf\u00eda corta actualizada (de un m\u00e1ximo de 100 palabras), un resumen de entre 50-80 palabras del art\u00edculo y 5 palabras clave (en espa\u00f1ol y en ingl\u00e9s) que aludan a su contenido del art\u00edculo.<\/p>\n\n\n\n<p>6. El texto se acompa\u00f1ar\u00e1 de las ilustraciones pertinentes, preferiblemente con im\u00e1genes en formato JPEG o PNG y con resoluci\u00f3n adecuada para la publicaci\u00f3n en l\u00ednea. Cada imagen debe tener descripci\u00f3n que otorga su debido cr\u00e9dito o calce (autor\u00eda, t\u00edtulo, a\u00f1o, medio, medidas, localizaci\u00f3n, colecci\u00f3n). Las im\u00e1genes estar\u00e1n libres de restricciones de copyright.<\/p>\n\n\n\n<p>Salvo indicaci\u00f3n contraria, todos los contenidos de Visi\u00f3n Doble: Revista de Cr\u00edtica e Historia del Arte se distribuyen bajo una licencia de uso y distribuci\u00f3n Creative Commons Atribuci\u00f3n\/ReconocimientoNoComercial-SinDerivados 4.0 Internacional. La indicaci\u00f3n de la licencia de uso y distribuci\u00f3n, CC BY-NCND 4.0, ha de hacerse constar expresamente de esta forma cuando sea necesario. Puede consultar la versi\u00f3n informativa y el texto legal de dicha licencia en el siguiente enlace: https:\/\/creativecommons.org\/licenses\/by-nc-nd\/4.0\/deed.es<\/p>\n\n\n\n<p><strong>PROCESO DE REVISI\u00d3N:<\/strong><\/p>\n\n\n\n<p>Todos los art\u00edculos enviados para publicaci\u00f3n ser\u00e1n evaluados a trav\u00e9s de un proceso de dos revisiones por parte de especialistas en la materia. Al menos una de ellas seguir\u00e1 el proceso de doble ciego (double blind) por un evaluador externo. La otra evaluaci\u00f3n pasar\u00e1 por un proceso de doble ciego o ciego sencillo (single blind), a discreci\u00f3n del comit\u00e9 editorial de la revista o de la coordinaci\u00f3n del n\u00famero especial.<\/p>\n\n\n\n<p><strong>FECHA L\u00cdMITE:<\/strong><\/p>\n\n\n\n<p>La fecha l\u00edmite para el env\u00edo de textos es el domingo 20 de abril de 2025.<br>La fecha de publicaci\u00f3n del n\u00famero especial ser\u00e1 a partir de agosto de 2025.<\/p>\n\n\n\n<p><strong>CONTACTO:<\/strong><\/p>\n\n\n\n<p>Donald C. Escudero Rivera<br>Coordinador del n\u00famero especial<br>vision.doble@upr.edu<br>Visi\u00f3n Doble: Revista de Cr\u00edtica e Historia del Arte<\/p>\n<\/div>\n<\/div>\n","protected":false},"excerpt":{"rendered":"<p>NUEVAS NARRATIVAS EN LA CR\u00cdTICA, HISTORIOGRAF\u00cdA E HISTORIA DEL ARTE EN PUERTO RICO Visi\u00f3n Doble: Revista de Cr\u00edtica e Historia del Arte, publicaci\u00f3n acad\u00e9mica adscrita al Programa de Historia del Arte de la Universidad de Puerto Rico, Recinto de R\u00edo Piedras, convoca el env\u00edo de art\u00edculos de investigaci\u00f3n originales e in\u00e9ditos para una nueva edici\u00f3n [&#8230;]\n","protected":false},"author":3,"featured_media":0,"parent":0,"menu_order":0,"comment_status":"closed","ping_status":"closed","template":"","meta":{"footnotes":""},"class_list":["post-6481","page","type-page","status-publish","hentry"],"_links":{"self":[{"href":"https:\/\/humanidades.uprrp.edu\/visiondoble\/wp-json\/wp\/v2\/pages\/6481","targetHints":{"allow":["GET"]}}],"collection":[{"href":"https:\/\/humanidades.uprrp.edu\/visiondoble\/wp-json\/wp\/v2\/pages"}],"about":[{"href":"https:\/\/humanidades.uprrp.edu\/visiondoble\/wp-json\/wp\/v2\/types\/page"}],"author":[{"embeddable":true,"href":"https:\/\/humanidades.uprrp.edu\/visiondoble\/wp-json\/wp\/v2\/users\/3"}],"replies":[{"embeddable":true,"href":"https:\/\/humanidades.uprrp.edu\/visiondoble\/wp-json\/wp\/v2\/comments?post=6481"}],"version-history":[{"count":7,"href":"https:\/\/humanidades.uprrp.edu\/visiondoble\/wp-json\/wp\/v2\/pages\/6481\/revisions"}],"predecessor-version":[{"id":6496,"href":"https:\/\/humanidades.uprrp.edu\/visiondoble\/wp-json\/wp\/v2\/pages\/6481\/revisions\/6496"}],"wp:attachment":[{"href":"https:\/\/humanidades.uprrp.edu\/visiondoble\/wp-json\/wp\/v2\/media?parent=6481"}],"curies":[{"name":"wp","href":"https:\/\/api.w.org\/{rel}","templated":true}]}}

<div class="wp-block-columns is-layout-flex wp-container-core-columns-is-layout-9d6595d7 wp-block-columns-is-layout-flex">
<div class="wp-block-column is-layout-flow wp-block-column-is-layout-flow" style="flex-basis:100%">
<p><strong>NUEVAS NARRATIVAS EN LA CRÍTICA, HISTORIOGRAFÍA E HISTORIA DEL ARTE EN PUERTO RICO</strong></p>



<p><em>Visión Doble: Revista de Crítica e Historia del Arte</em>, publicación académica adscrita al Programa de Historia del Arte de la Universidad de Puerto Rico, Recinto de Río Piedras, convoca el envío de artículos de investigación originales e inéditos para una nueva edición especial.</p>



<p><strong>CONCEPTO:</strong></p>



<p>La historiografía del arte en Puerto Rico ha sido objeto de profundas revisiones en los últimos años, gracias a distintas líneas de investigación que tienen como propósito formular reconsideraciones a planteamientos teóricos y críticos defendidos durante décadas. El estudio y la publicación de fuentes primarias, el propósito de ampliar los objetos de estudio de la historia del arte y sus creadores, junto a la formulación de nuevas perspectivas fundamentadas en unos marcos políticos y culturales concretos, han abierto múltiples ángulos para la revisión de la disciplina en el archipiélago.</p>



<p>En este contexto, la publicación de estas recientes revisiones, que aportan perspectivas de gran diversidad y riqueza a las narrativas de la historia del arte en Puerto Rico, será el propósito fundamental del próximo número de <em>Visión Doble.</em> Como líneas de investigación de interés en esta publicación especial, se estarán aceptando para revisión textos inéditos que se dediquen, sin que sean propuestas excluyentes, a:</p>



<p>•el análisis de discursos, objetos, colecciones, exhibiciones, ensayos, libros, catálogos, textos o narrativas existentes para repensarlas a la luz de nuevos datos, análisis o teorías del arte en el mundo contemporáneo.</p>



<p>•el rescate de textos y actualización de aspectos histórico-artísticos de personas, colectivos, movimientos, estilos, obras, instituciones y otros.</p>



<p>•planteamientos de nuevos modos de entender la cultura visual, desde la historia del arte, a la luz de nuevas teorías, metodologías y corrientes investigativas, que incluyan las decoloniales, feministas, de género, cuir/queer, ecológicas, ambientales, temas de pueblos originarios, raciales, entre otras.</p>



<p>•la generación de conocimiento y brindar luz sobre datos desconocidos respecto a objetos, imágenes, personas, colectivos, proyectos y demás fenómenos inherentes a las artes visuales en Puerto Rico.</p>



<p></p>



<p>Para este número especial, se establecen las siguientes normas de estilo para la entrega de textos:</p>



<p>1. Los textos deben estar escritos en estilo Times New Roman, tamaño 12, interlineado 1.5. 2. La extensión del texto será de entre 3,000 y 8,000 palabras. Se podrá solicitar una reducción o ampliación del número de palabras, justificando el caso.</p>



<p>3. Las citas y referencias bibliográficas deben ajustarse al sistema MLA. Pueden obtener información más detallada en la página web: https://www.mla.org/style. Recomendamos la herramienta provista en el portal http://www.easybib.com/style/mla8/website-citation para generar su lista bibliográfica.</p>



<p>4. El envío de artículos debe seguir las normas provistas en la plantilla publicada por la revista. Puede accederla en el siguiente enlace: Plantilla para someter artículos.</p>



<p>5. El autor debe incluir una biografía corta actualizada (de un máximo de 100 palabras), un resumen de entre 50-80 palabras del artículo y 5 palabras clave (en español y en inglés) que aludan a su contenido del artículo.</p>



<p>6. El texto se acompañará de las ilustraciones pertinentes, preferiblemente con imágenes en formato JPEG o PNG y con resolución adecuada para la publicación en línea. Cada imagen debe tener descripción que otorga su debido crédito o calce (autoría, título, año, medio, medidas, localización, colección). Las imágenes estarán libres de restricciones de copyright.</p>



<p>Salvo indicación contraria, todos los contenidos de Visión Doble: Revista de Crítica e Historia del Arte se distribuyen bajo una licencia de uso y distribución Creative Commons Atribución/ReconocimientoNoComercial-SinDerivados 4.0 Internacional. La indicación de la licencia de uso y distribución, CC BY-NCND 4.0, ha de hacerse constar expresamente de esta forma cuando sea necesario. Puede consultar la versión informativa y el texto legal de dicha licencia en el siguiente enlace: https://creativecommons.org/licenses/by-nc-nd/4.0/deed.es</p>



<p><strong>PROCESO DE REVISIÓN:</strong></p>



<p>Todos los artículos enviados para publicación serán evaluados a través de un proceso de dos revisiones por parte de especialistas en la materia. Al menos una de ellas seguirá el proceso de doble ciego (double blind) por un evaluador externo. La otra evaluación pasará por un proceso de doble ciego o ciego sencillo (single blind), a discreción del comité editorial de la revista o de la coordinación del número especial.</p>



<p><strong>FECHA LÍMITE:</strong></p>



<p>La fecha límite para el envío de textos es el domingo 20 de abril de 2025.<br>La fecha de publicación del número especial será a partir de agosto de 2025.</p>



<p><strong>CONTACTO:</strong></p>



<p>Donald C. Escudero Rivera<br>Coordinador del número especial<br>vision.doble@upr.edu<br>Visión Doble: Revista de Crítica e Historia del Arte</p>
</div>
</div>

<p>NUEVAS NARRATIVAS EN LA CRÍTICA, HISTORIOGRAFÍA E HISTORIA DEL ARTE EN PUERTO RICO Visión Doble: Revista de Crítica e Historia del Arte, publicación académica adscrita al Programa de Historia del Arte de la Universidad de Puerto Rico, Recinto de Río Piedras, convoca el envío de artículos de investigación originales e inéditos para una nueva edición [&#8230;]
