{"id":6153,"date":"2022-05-09T00:18:02","date_gmt":"2022-05-09T04:18:02","guid":{"rendered":"http:\/\/humanidades.uprrp.edu\/visiondoble\/?page_id=6153"},"modified":"2025-09-11T15:44:45","modified_gmt":"2025-09-11T19:44:45","slug":"teresa-tio-fernandez","status":"publish","type":"page","link":"https:\/\/humanidades.uprrp.edu\/visiondoble\/teresa-tio-fernandez\/","title":{"rendered":"Teresa Ti\u00f3 Fern\u00e1ndez"},"content":{"rendered":"\n<p style=\"text-align: justify;\"><span style=\"font-size: 110%;\"><img loading=\"lazy\" decoding=\"async\" class=\"size-thumbnail wp-image-1643 alignleft\" src=\"https:\/\/humanidades.uprrp.edu\/visiondoble\/wp-content\/uploads\/2020\/02\/Teresa-150x150.jpg\" alt=\"\" width=\"150\" height=\"150\" \/>Catedr\u00e1tica retirada del Programa de Historia del Arte en la Universidad de Puerto Rico, Recinto de R\u00edo Piedras. Obtuvo su doctorado en la Universidad de Valladolid, Espa\u00f1a. Dirigi\u00f3 el Instituto de Cultura Puertorrique\u00f1a entre 2001 y 2005 donde conceptualiz\u00f3 y estableci\u00f3 la Galer\u00eda Nacional de Puerto Rico. Ha sido cr\u00edtica de arte en los principales rotativos del pa\u00eds, curadora y ensayista de numerosos cat\u00e1logos y autora del libro El Cartel en Puerto Rico (2003). Actualmente ejerce su labor como curadora independiente.<\/span><\/p>\n","protected":false},"excerpt":{"rendered":"<p>Catedr\u00e1tica retirada del Programa de Historia del Arte en la Universidad de Puerto Rico, Recinto de R\u00edo Piedras. Obtuvo su doctorado en la Universidad de Valladolid, Espa\u00f1a. Dirigi\u00f3 el Instituto de Cultura Puertorrique\u00f1a entre 2001 y 2005 donde conceptualiz\u00f3 y estableci\u00f3 la Galer\u00eda Nacional de Puerto Rico. Ha sido cr\u00edtica de arte en los principales [&#8230;]\n","protected":false},"author":12,"featured_media":0,"parent":0,"menu_order":0,"comment_status":"closed","ping_status":"closed","template":"","meta":{"footnotes":""},"class_list":["post-6153","page","type-page","status-publish","hentry"],"_links":{"self":[{"href":"https:\/\/humanidades.uprrp.edu\/visiondoble\/wp-json\/wp\/v2\/pages\/6153","targetHints":{"allow":["GET"]}}],"collection":[{"href":"https:\/\/humanidades.uprrp.edu\/visiondoble\/wp-json\/wp\/v2\/pages"}],"about":[{"href":"https:\/\/humanidades.uprrp.edu\/visiondoble\/wp-json\/wp\/v2\/types\/page"}],"author":[{"embeddable":true,"href":"https:\/\/humanidades.uprrp.edu\/visiondoble\/wp-json\/wp\/v2\/users\/12"}],"replies":[{"embeddable":true,"href":"https:\/\/humanidades.uprrp.edu\/visiondoble\/wp-json\/wp\/v2\/comments?post=6153"}],"version-history":[{"count":3,"href":"https:\/\/humanidades.uprrp.edu\/visiondoble\/wp-json\/wp\/v2\/pages\/6153\/revisions"}],"predecessor-version":[{"id":6750,"href":"https:\/\/humanidades.uprrp.edu\/visiondoble\/wp-json\/wp\/v2\/pages\/6153\/revisions\/6750"}],"wp:attachment":[{"href":"https:\/\/humanidades.uprrp.edu\/visiondoble\/wp-json\/wp\/v2\/media?parent=6153"}],"curies":[{"name":"wp","href":"https:\/\/api.w.org\/{rel}","templated":true}]}}