{"id":6150,"date":"2022-05-09T00:16:51","date_gmt":"2022-05-09T04:16:51","guid":{"rendered":"http:\/\/humanidades.uprrp.edu\/visiondoble\/?page_id=6150"},"modified":"2025-09-11T15:43:18","modified_gmt":"2025-09-11T19:43:18","slug":"sabrina-ramos","status":"publish","type":"page","link":"https:\/\/humanidades.uprrp.edu\/visiondoble\/sabrina-ramos\/","title":{"rendered":"Sabrina Ramos"},"content":{"rendered":"\n<figure class=\"wp-block-image size-full\"><img loading=\"lazy\" decoding=\"async\" width=\"173\" height=\"173\" src=\"https:\/\/humanidades.uprrp.edu\/visiondoble\/wp-content\/uploads\/2025\/09\/srr.png\" alt=\"\" class=\"wp-image-6747\" srcset=\"https:\/\/humanidades.uprrp.edu\/visiondoble\/wp-content\/uploads\/2025\/09\/srr.png 173w, https:\/\/humanidades.uprrp.edu\/visiondoble\/wp-content\/uploads\/2025\/09\/srr-150x150.png 150w\" sizes=\"auto, (max-width: 173px) 100vw, 173px\" \/><\/figure>\n\n\n\n<p style=\"text-align: justify;\"><span style=\"font-size: 110%;\">Curadora, escritora y traductora. Curs\u00f3 un bachillerato en Historia del Arte por la Universidad de Puerto Rico, Recinto de R\u00edo Piedras. Ha escrito cr\u00edticas y rese\u00f1as de arte en Conboca, Di\u00e1logo, Visi\u00f3n Doble y 80 Grados. Entre sus curadur\u00edas destacan Cuerpo|Materia (Antiguo Arsenal de la Marina Espa\u00f1ola, Instituto de Cultura Puertorrique\u00f1a, 2014); Conteo de galer\u00edas: un llamado a la equidad (colaboraci\u00f3n con Dianne Br\u00e1s Feliciano y Micol Hebron, \u00c1rea: lugar de proyectos, 2015) y Agridulce de M\u00f3nica Ching (Proyecto Local, 2017). Ha publicado los poemarios Mangle rojo (La Secta de los Perros, 2016) y Charco hondo (Ediciones Alayubia, 2018). Posee una maestr\u00eda en el Programa Graduado de Traducci\u00f3n en la Universidad de Puerto Rico y actualmente trabaja como traductora en el Puerto Rican Literature Project.<\/span><\/p>\n","protected":false},"excerpt":{"rendered":"<p>Curadora, escritora y traductora. Curs\u00f3 un bachillerato en Historia del Arte por la Universidad de Puerto Rico, Recinto de R\u00edo Piedras. Ha escrito cr\u00edticas y rese\u00f1as de arte en Conboca, Di\u00e1logo, Visi\u00f3n Doble y 80 Grados. Entre sus curadur\u00edas destacan Cuerpo|Materia (Antiguo Arsenal de la Marina Espa\u00f1ola, Instituto de Cultura Puertorrique\u00f1a, 2014); Conteo de galer\u00edas: [&#8230;]\n","protected":false},"author":12,"featured_media":0,"parent":0,"menu_order":0,"comment_status":"closed","ping_status":"closed","template":"","meta":{"footnotes":""},"class_list":["post-6150","page","type-page","status-publish","hentry"],"_links":{"self":[{"href":"https:\/\/humanidades.uprrp.edu\/visiondoble\/wp-json\/wp\/v2\/pages\/6150","targetHints":{"allow":["GET"]}}],"collection":[{"href":"https:\/\/humanidades.uprrp.edu\/visiondoble\/wp-json\/wp\/v2\/pages"}],"about":[{"href":"https:\/\/humanidades.uprrp.edu\/visiondoble\/wp-json\/wp\/v2\/types\/page"}],"author":[{"embeddable":true,"href":"https:\/\/humanidades.uprrp.edu\/visiondoble\/wp-json\/wp\/v2\/users\/12"}],"replies":[{"embeddable":true,"href":"https:\/\/humanidades.uprrp.edu\/visiondoble\/wp-json\/wp\/v2\/comments?post=6150"}],"version-history":[{"count":2,"href":"https:\/\/humanidades.uprrp.edu\/visiondoble\/wp-json\/wp\/v2\/pages\/6150\/revisions"}],"predecessor-version":[{"id":6748,"href":"https:\/\/humanidades.uprrp.edu\/visiondoble\/wp-json\/wp\/v2\/pages\/6150\/revisions\/6748"}],"wp:attachment":[{"href":"https:\/\/humanidades.uprrp.edu\/visiondoble\/wp-json\/wp\/v2\/media?parent=6150"}],"curies":[{"name":"wp","href":"https:\/\/api.w.org\/{rel}","templated":true}]}}