{"id":6121,"date":"2022-05-08T23:58:55","date_gmt":"2022-05-09T03:58:55","guid":{"rendered":"http:\/\/humanidades.uprrp.edu\/visiondoble\/?page_id=6121"},"modified":"2025-09-11T15:35:17","modified_gmt":"2025-09-11T19:35:17","slug":"rafael-franco","status":"publish","type":"page","link":"https:\/\/humanidades.uprrp.edu\/visiondoble\/rafael-franco\/","title":{"rendered":"Rafael Franco"},"content":{"rendered":"\n<figure class=\"wp-block-image size-full\"><img loading=\"lazy\" decoding=\"async\" width=\"200\" height=\"200\" src=\"https:\/\/humanidades.uprrp.edu\/visiondoble\/wp-content\/uploads\/2025\/09\/rafa-franco.jpeg\" alt=\"\" class=\"wp-image-6733\" srcset=\"https:\/\/humanidades.uprrp.edu\/visiondoble\/wp-content\/uploads\/2025\/09\/rafa-franco.jpeg 200w, https:\/\/humanidades.uprrp.edu\/visiondoble\/wp-content\/uploads\/2025\/09\/rafa-franco-150x150.jpeg 150w\" sizes=\"auto, (max-width: 200px) 100vw, 200px\" \/><\/figure>\n\n\n\n<p style=\"text-align: justify;\"><span style=\"font-size: 110%;\">Escritor, traductor, periodista y actor. Rafael Franco es un polifac\u00e9tico creador puertorrique\u00f1o residente en Chicago desde 2008. Su formaci\u00f3n acad\u00e9mica se dio en la Universidad de Puerto Rico, en la Universidad de Colorado y en Rockport College for Film and Photography de Camden, Maine. Trabaj\u00f3 en la Isla para The San Juan Star y ha colaborado con numerosos peri\u00f3dicos norteamericanos. Su libro de cuentos Alaska gan\u00f3 el primer certamen nacional de cuento del Instituto de Cultura Puertorrique\u00f1a (2006) y su novela El peor de mis amigos fue publicada por Editorial Callej\u00f3n (2007). Desde 2009 hasta 2022 trabaj\u00f3 como miembro del comit\u00e9 editorial de la revista contratiempo. Recientemente ha regresado a la isla, a la misma vez que edita varios manuscritos ha desarrollado y maneja el c\u00edrculo literario Literal.<\/span><\/p>\n","protected":false},"excerpt":{"rendered":"<p>Escritor, traductor, periodista y actor. Rafael Franco es un polifac\u00e9tico creador puertorrique\u00f1o residente en Chicago desde 2008. Su formaci\u00f3n acad\u00e9mica se dio en la Universidad de Puerto Rico, en la Universidad de Colorado y en Rockport College for Film and Photography de Camden, Maine. Trabaj\u00f3 en la Isla para The San Juan Star y ha [&#8230;]\n","protected":false},"author":12,"featured_media":0,"parent":0,"menu_order":0,"comment_status":"closed","ping_status":"closed","template":"","meta":{"footnotes":""},"class_list":["post-6121","page","type-page","status-publish","hentry"],"_links":{"self":[{"href":"https:\/\/humanidades.uprrp.edu\/visiondoble\/wp-json\/wp\/v2\/pages\/6121","targetHints":{"allow":["GET"]}}],"collection":[{"href":"https:\/\/humanidades.uprrp.edu\/visiondoble\/wp-json\/wp\/v2\/pages"}],"about":[{"href":"https:\/\/humanidades.uprrp.edu\/visiondoble\/wp-json\/wp\/v2\/types\/page"}],"author":[{"embeddable":true,"href":"https:\/\/humanidades.uprrp.edu\/visiondoble\/wp-json\/wp\/v2\/users\/12"}],"replies":[{"embeddable":true,"href":"https:\/\/humanidades.uprrp.edu\/visiondoble\/wp-json\/wp\/v2\/comments?post=6121"}],"version-history":[{"count":2,"href":"https:\/\/humanidades.uprrp.edu\/visiondoble\/wp-json\/wp\/v2\/pages\/6121\/revisions"}],"predecessor-version":[{"id":6734,"href":"https:\/\/humanidades.uprrp.edu\/visiondoble\/wp-json\/wp\/v2\/pages\/6121\/revisions\/6734"}],"wp:attachment":[{"href":"https:\/\/humanidades.uprrp.edu\/visiondoble\/wp-json\/wp\/v2\/media?parent=6121"}],"curies":[{"name":"wp","href":"https:\/\/api.w.org\/{rel}","templated":true}]}}