{"id":6102,"date":"2022-05-08T23:48:58","date_gmt":"2022-05-09T03:48:58","guid":{"rendered":"http:\/\/humanidades.uprrp.edu\/visiondoble\/?page_id=6102"},"modified":"2022-05-08T23:48:58","modified_gmt":"2022-05-09T03:48:58","slug":"nilsevady-fussa-ayuso","status":"publish","type":"page","link":"https:\/\/humanidades.uprrp.edu\/visiondoble\/nilsevady-fussa-ayuso\/","title":{"rendered":"Nilsevady Fuss\u00e1 Ayuso"},"content":{"rendered":"<p style=\"text-align: justify;\"><span style=\"font-size: 110%;\">Doctora en Historia del Arte por la Universidad de Barcelona, con especialidad en Arte y Arqueolog\u00eda del Mundo Cl\u00e1sico. Profesora retirada del Programa de Historia del Arte de la Universidad de Puerto Rico, donde durante a\u00f1os ha ofrecido los cursos especializados en Arte Antiguo, y fue Coordinadora del Programa desde 2009 a 2012. Ha ofrecido conferencias y talleres en el Museo de Arte de Ponce, en el Museo de Arte de Puerto Rico, en la Universidad del Turabo y en varios recintos de la UPR. Fue coautora de la curadur\u00eda y del cat\u00e1logo de la exhibici\u00f3n Cien A\u00f1os de Historia, Arte y Ense\u00f1anza, en celebraci\u00f3n del centenario de la UPR.<\/span><\/p>\n","protected":false},"excerpt":{"rendered":"<p>Doctora en Historia del Arte por la Universidad de Barcelona, con especialidad en Arte y Arqueolog\u00eda del Mundo Cl\u00e1sico. Profesora retirada del Programa de Historia del Arte de la Universidad de Puerto Rico, donde durante a\u00f1os ha ofrecido los cursos especializados en Arte Antiguo, y fue Coordinadora del Programa desde 2009 a 2012. Ha ofrecido [&#8230;]\n","protected":false},"author":12,"featured_media":0,"parent":0,"menu_order":0,"comment_status":"closed","ping_status":"closed","template":"","meta":{"footnotes":""},"class_list":["post-6102","page","type-page","status-publish","hentry"],"_links":{"self":[{"href":"https:\/\/humanidades.uprrp.edu\/visiondoble\/wp-json\/wp\/v2\/pages\/6102","targetHints":{"allow":["GET"]}}],"collection":[{"href":"https:\/\/humanidades.uprrp.edu\/visiondoble\/wp-json\/wp\/v2\/pages"}],"about":[{"href":"https:\/\/humanidades.uprrp.edu\/visiondoble\/wp-json\/wp\/v2\/types\/page"}],"author":[{"embeddable":true,"href":"https:\/\/humanidades.uprrp.edu\/visiondoble\/wp-json\/wp\/v2\/users\/12"}],"replies":[{"embeddable":true,"href":"https:\/\/humanidades.uprrp.edu\/visiondoble\/wp-json\/wp\/v2\/comments?post=6102"}],"version-history":[{"count":1,"href":"https:\/\/humanidades.uprrp.edu\/visiondoble\/wp-json\/wp\/v2\/pages\/6102\/revisions"}],"predecessor-version":[{"id":6103,"href":"https:\/\/humanidades.uprrp.edu\/visiondoble\/wp-json\/wp\/v2\/pages\/6102\/revisions\/6103"}],"wp:attachment":[{"href":"https:\/\/humanidades.uprrp.edu\/visiondoble\/wp-json\/wp\/v2\/media?parent=6102"}],"curies":[{"name":"wp","href":"https:\/\/api.w.org\/{rel}","templated":true}]}}

Nilsevady Fussá Ayuso

<p style="text-align: justify;"><span style="font-size: 110%;">Doctora en Historia del Arte por la Universidad de Barcelona, con especialidad en Arte y Arqueología del Mundo Clásico. Profesora retirada del Programa de Historia del Arte de la Universidad de Puerto Rico, donde durante años ha ofrecido los cursos especializados en Arte Antiguo, y fue Coordinadora del Programa desde 2009 a 2012. Ha ofrecido conferencias y talleres en el Museo de Arte de Ponce, en el Museo de Arte de Puerto Rico, en la Universidad del Turabo y en varios recintos de la UPR. Fue coautora de la curaduría y del catálogo de la exhibición Cien Años de Historia, Arte y Enseñanza, en celebración del centenario de la UPR.</span></p>

<p>Doctora en Historia del Arte por la Universidad de Barcelona, con especialidad en Arte y Arqueología del Mundo Clásico. Profesora retirada del Programa de Historia del Arte de la Universidad de Puerto Rico, donde durante años ha ofrecido los cursos especializados en Arte Antiguo, y fue Coordinadora del Programa desde 2009 a 2012. Ha ofrecido [&#8230;]
