{"id":6071,"date":"2022-05-08T23:32:26","date_gmt":"2022-05-09T03:32:26","guid":{"rendered":"http:\/\/humanidades.uprrp.edu\/visiondoble\/?page_id=6071"},"modified":"2025-09-11T15:21:38","modified_gmt":"2025-09-11T19:21:38","slug":"laura-rivera-ayala","status":"publish","type":"page","link":"https:\/\/humanidades.uprrp.edu\/visiondoble\/laura-rivera-ayala\/","title":{"rendered":"Laura Rivera Ayala"},"content":{"rendered":"\n<p style=\"text-align: justify;\"><span style=\"font-size: 110%;\"><img loading=\"lazy\" decoding=\"async\" class=\"size-thumbnail wp-image-1811 alignleft\" src=\"https:\/\/humanidades.uprrp.edu\/visiondoble\/wp-content\/uploads\/2020\/03\/HeadshotLauraRivera-e1584554808815-150x150.jpg\" alt=\"\" width=\"150\" height=\"150\" srcset=\"https:\/\/humanidades.uprrp.edu\/visiondoble\/wp-content\/uploads\/2020\/03\/HeadshotLauraRivera-e1584554808815-150x150.jpg 150w, https:\/\/humanidades.uprrp.edu\/visiondoble\/wp-content\/uploads\/2020\/03\/HeadshotLauraRivera-e1584554808815-300x300.jpg 300w, https:\/\/humanidades.uprrp.edu\/visiondoble\/wp-content\/uploads\/2020\/03\/HeadshotLauraRivera-e1584554808815.jpg 500w\" sizes=\"auto, (max-width: 150px) 100vw, 150px\" \/>Egresada del Programa de Historia del Arte de la Universidad de Puerto Rico, Recinto R\u00edo Piedras, recibi\u00f3 en el 2016 el premio departamental Sebasti\u00e1n Gonz\u00e1lez Garc\u00eda. En el 2019 obtuvo una maestr\u00eda en Administraci\u00f3n de las Artes Visuales en New York University. Fue Coordinadora de Desarrollo en el Museo de Arte de Puerto Rico. Ha trabajado como consultora para instituciones como Andrew W. Mellon Foundation, National Assembly of State Arts Agencies y Christie\u2019s, como tambi\u00e9n gestora de proyectos independientes en Puerto Rico y Nueva York. Fue seleccionada en el cohorte del NALAC Leadership Institute en el 2021. En el presente labora como Gerente de Desarrollo en el Museum of Modern Art (NYC).<\/span><\/p>\n","protected":false},"excerpt":{"rendered":"<p>Egresada del Programa de Historia del Arte de la Universidad de Puerto Rico, Recinto R\u00edo Piedras, recibi\u00f3 en el 2016 el premio departamental Sebasti\u00e1n Gonz\u00e1lez Garc\u00eda. En el 2019 obtuvo una maestr\u00eda en Administraci\u00f3n de las Artes Visuales en New York University. Fue Coordinadora de Desarrollo en el Museo de Arte de Puerto Rico. Ha [&#8230;]\n","protected":false},"author":12,"featured_media":0,"parent":0,"menu_order":0,"comment_status":"closed","ping_status":"closed","template":"","meta":{"footnotes":""},"class_list":["post-6071","page","type-page","status-publish","hentry"],"_links":{"self":[{"href":"https:\/\/humanidades.uprrp.edu\/visiondoble\/wp-json\/wp\/v2\/pages\/6071","targetHints":{"allow":["GET"]}}],"collection":[{"href":"https:\/\/humanidades.uprrp.edu\/visiondoble\/wp-json\/wp\/v2\/pages"}],"about":[{"href":"https:\/\/humanidades.uprrp.edu\/visiondoble\/wp-json\/wp\/v2\/types\/page"}],"author":[{"embeddable":true,"href":"https:\/\/humanidades.uprrp.edu\/visiondoble\/wp-json\/wp\/v2\/users\/12"}],"replies":[{"embeddable":true,"href":"https:\/\/humanidades.uprrp.edu\/visiondoble\/wp-json\/wp\/v2\/comments?post=6071"}],"version-history":[{"count":3,"href":"https:\/\/humanidades.uprrp.edu\/visiondoble\/wp-json\/wp\/v2\/pages\/6071\/revisions"}],"predecessor-version":[{"id":6716,"href":"https:\/\/humanidades.uprrp.edu\/visiondoble\/wp-json\/wp\/v2\/pages\/6071\/revisions\/6716"}],"wp:attachment":[{"href":"https:\/\/humanidades.uprrp.edu\/visiondoble\/wp-json\/wp\/v2\/media?parent=6071"}],"curies":[{"name":"wp","href":"https:\/\/api.w.org\/{rel}","templated":true}]}}