{"id":6059,"date":"2022-05-08T23:25:40","date_gmt":"2022-05-09T03:25:40","guid":{"rendered":"http:\/\/humanidades.uprrp.edu\/visiondoble\/?page_id=6059"},"modified":"2022-05-08T23:25:40","modified_gmt":"2022-05-09T03:25:40","slug":"lisa-ladner","status":"publish","type":"page","link":"https:\/\/humanidades.uprrp.edu\/visiondoble\/lisa-ladner\/","title":{"rendered":"Lisa Ladner"},"content":{"rendered":"<p style=\"text-align: justify;\"><span style=\"font-size: 110%;\">Curadora independiente, gestora cultural y comunicadora de descendencia suiza y puertorrique\u00f1a. Graduada con un Master of Advanced Studies in Cultural &amp; Gender Studies (University of the Arts, Zurich). Ha sido iniciadora del directorio de artistas contempor\u00e1neos puertorrique\u00f1os www.el-status.com y de los proyectos \u201cEl Pulguero de los artistas\u201d (2008, 2009) y \u201cFAS \u2013 Feria de arte sonoro\u201d (2008, 2010, 2013), entre otros. Ganadora del premio de la AICA (PR) en la categor\u00eda \u201cProyectos interdisciplinarios\u201d por la \u201cFAS|PR|2013\u201d. En 2014 inaugura \u201cColonial Comfort\u201d en St. Croix, USVI, exhibici\u00f3n que viajar\u00e1 al Museo de Arte Contempor\u00e1neo de Puerto Rico en 2015. Madre de una hija adulta, divide su tiempo entre Zurich y San Juan, <a href=\"http:\/\/www.lisaladner.com\/\">www.lisaladner.com<\/a>.<\/span><\/p>\n","protected":false},"excerpt":{"rendered":"<p>Curadora independiente, gestora cultural y comunicadora de descendencia suiza y puertorrique\u00f1a. Graduada con un Master of Advanced Studies in Cultural &amp; Gender Studies (University of the Arts, Zurich). Ha sido iniciadora del directorio de artistas contempor\u00e1neos puertorrique\u00f1os www.el-status.com y de los proyectos \u201cEl Pulguero de los artistas\u201d (2008, 2009) y \u201cFAS \u2013 Feria de arte [&#8230;]\n","protected":false},"author":12,"featured_media":0,"parent":0,"menu_order":0,"comment_status":"closed","ping_status":"closed","template":"","meta":{"footnotes":""},"class_list":["post-6059","page","type-page","status-publish","hentry"],"_links":{"self":[{"href":"https:\/\/humanidades.uprrp.edu\/visiondoble\/wp-json\/wp\/v2\/pages\/6059","targetHints":{"allow":["GET"]}}],"collection":[{"href":"https:\/\/humanidades.uprrp.edu\/visiondoble\/wp-json\/wp\/v2\/pages"}],"about":[{"href":"https:\/\/humanidades.uprrp.edu\/visiondoble\/wp-json\/wp\/v2\/types\/page"}],"author":[{"embeddable":true,"href":"https:\/\/humanidades.uprrp.edu\/visiondoble\/wp-json\/wp\/v2\/users\/12"}],"replies":[{"embeddable":true,"href":"https:\/\/humanidades.uprrp.edu\/visiondoble\/wp-json\/wp\/v2\/comments?post=6059"}],"version-history":[{"count":1,"href":"https:\/\/humanidades.uprrp.edu\/visiondoble\/wp-json\/wp\/v2\/pages\/6059\/revisions"}],"predecessor-version":[{"id":6060,"href":"https:\/\/humanidades.uprrp.edu\/visiondoble\/wp-json\/wp\/v2\/pages\/6059\/revisions\/6060"}],"wp:attachment":[{"href":"https:\/\/humanidades.uprrp.edu\/visiondoble\/wp-json\/wp\/v2\/media?parent=6059"}],"curies":[{"name":"wp","href":"https:\/\/api.w.org\/{rel}","templated":true}]}}