{"id":6047,"date":"2022-05-08T23:17:37","date_gmt":"2022-05-09T03:17:37","guid":{"rendered":"http:\/\/humanidades.uprrp.edu\/visiondoble\/?page_id=6047"},"modified":"2022-05-08T23:17:37","modified_gmt":"2022-05-09T03:17:37","slug":"javier-suarez","status":"publish","type":"page","link":"https:\/\/humanidades.uprrp.edu\/visiondoble\/javier-suarez\/","title":{"rendered":"Javier Su\u00e1rez"},"content":{"rendered":"<p style=\"text-align: justify;\"><span style=\"font-size: 110%;\">Nace en Colombus, Ohio, el 12 de septiembre de 1982. En 2008 se grad\u00faa con un Bachillerato en Artes Pl\u00e1sticas, de la Universidad de Puerto Rico &#8211; Recinto de Mayag\u00fcez. Posteriormente, viaja a Espa\u00f1a con el inter\u00e9s de continuar sus estudios de posgrado. En 2010 obtiene un M\u00e1ster en Producci\u00f3n Art\u00edstica de la Universidad Polit\u00e9cnica de Valencia, especializ\u00e1ndose en arte p\u00fablico.<\/span><\/p>\n","protected":false},"excerpt":{"rendered":"<p>Nace en Colombus, Ohio, el 12 de septiembre de 1982. En 2008 se grad\u00faa con un Bachillerato en Artes Pl\u00e1sticas, de la Universidad de Puerto Rico &#8211; Recinto de Mayag\u00fcez. Posteriormente, viaja a Espa\u00f1a con el inter\u00e9s de continuar sus estudios de posgrado. En 2010 obtiene un M\u00e1ster en Producci\u00f3n Art\u00edstica de la Universidad Polit\u00e9cnica [&#8230;]\n","protected":false},"author":12,"featured_media":0,"parent":0,"menu_order":0,"comment_status":"closed","ping_status":"closed","template":"","meta":{"footnotes":""},"class_list":["post-6047","page","type-page","status-publish","hentry"],"_links":{"self":[{"href":"https:\/\/humanidades.uprrp.edu\/visiondoble\/wp-json\/wp\/v2\/pages\/6047","targetHints":{"allow":["GET"]}}],"collection":[{"href":"https:\/\/humanidades.uprrp.edu\/visiondoble\/wp-json\/wp\/v2\/pages"}],"about":[{"href":"https:\/\/humanidades.uprrp.edu\/visiondoble\/wp-json\/wp\/v2\/types\/page"}],"author":[{"embeddable":true,"href":"https:\/\/humanidades.uprrp.edu\/visiondoble\/wp-json\/wp\/v2\/users\/12"}],"replies":[{"embeddable":true,"href":"https:\/\/humanidades.uprrp.edu\/visiondoble\/wp-json\/wp\/v2\/comments?post=6047"}],"version-history":[{"count":1,"href":"https:\/\/humanidades.uprrp.edu\/visiondoble\/wp-json\/wp\/v2\/pages\/6047\/revisions"}],"predecessor-version":[{"id":6048,"href":"https:\/\/humanidades.uprrp.edu\/visiondoble\/wp-json\/wp\/v2\/pages\/6047\/revisions\/6048"}],"wp:attachment":[{"href":"https:\/\/humanidades.uprrp.edu\/visiondoble\/wp-json\/wp\/v2\/media?parent=6047"}],"curies":[{"name":"wp","href":"https:\/\/api.w.org\/{rel}","templated":true}]}}