{"id":6036,"date":"2022-05-08T23:12:17","date_gmt":"2022-05-09T03:12:17","guid":{"rendered":"http:\/\/humanidades.uprrp.edu\/visiondoble\/?page_id=6036"},"modified":"2022-05-08T23:12:17","modified_gmt":"2022-05-09T03:12:17","slug":"javier-j-hernandez-acosta","status":"publish","type":"page","link":"https:\/\/humanidades.uprrp.edu\/visiondoble\/javier-j-hernandez-acosta\/","title":{"rendered":"Javier J. Hern\u00e1ndez Acosta"},"content":{"rendered":"<p style=\"text-align: justify;\"><span style=\"font-size: 110%;\">Profesor de Mercadeo en la Universidad del Sagrado Coraz\u00f3n y fundador de Inversi\u00f3n Cultural, un proyecto que provee apoyo empresarial al sector cultural y creativo. Ofrece cursos graduados en la Maestr\u00eda de Gesti\u00f3n y Administraci\u00f3n Cultural de la Universidad de Puerto Rico, Recinto de R\u00edo Piedras. Es candidato doctoral en Desarrollo Empresarial en la Universidad Interamericana, posee un posgrado en Gesti\u00f3n y Pol\u00edticas Culturales de la Universidad Aut\u00f3noma Metropolitana de M\u00e9xico y una Maestr\u00eda en Negocios Internacionales de la UPR-R\u00edo Piedras. Es m\u00fasico (percusionista) y autor del Perfil de la econom\u00eda creativa en Puerto Rico.<\/span><\/p>\n","protected":false},"excerpt":{"rendered":"<p>Profesor de Mercadeo en la Universidad del Sagrado Coraz\u00f3n y fundador de Inversi\u00f3n Cultural, un proyecto que provee apoyo empresarial al sector cultural y creativo. Ofrece cursos graduados en la Maestr\u00eda de Gesti\u00f3n y Administraci\u00f3n Cultural de la Universidad de Puerto Rico, Recinto de R\u00edo Piedras. Es candidato doctoral en Desarrollo Empresarial en la Universidad [&#8230;]\n","protected":false},"author":12,"featured_media":0,"parent":0,"menu_order":0,"comment_status":"closed","ping_status":"closed","template":"","meta":{"footnotes":""},"class_list":["post-6036","page","type-page","status-publish","hentry"],"_links":{"self":[{"href":"https:\/\/humanidades.uprrp.edu\/visiondoble\/wp-json\/wp\/v2\/pages\/6036","targetHints":{"allow":["GET"]}}],"collection":[{"href":"https:\/\/humanidades.uprrp.edu\/visiondoble\/wp-json\/wp\/v2\/pages"}],"about":[{"href":"https:\/\/humanidades.uprrp.edu\/visiondoble\/wp-json\/wp\/v2\/types\/page"}],"author":[{"embeddable":true,"href":"https:\/\/humanidades.uprrp.edu\/visiondoble\/wp-json\/wp\/v2\/users\/12"}],"replies":[{"embeddable":true,"href":"https:\/\/humanidades.uprrp.edu\/visiondoble\/wp-json\/wp\/v2\/comments?post=6036"}],"version-history":[{"count":1,"href":"https:\/\/humanidades.uprrp.edu\/visiondoble\/wp-json\/wp\/v2\/pages\/6036\/revisions"}],"predecessor-version":[{"id":6037,"href":"https:\/\/humanidades.uprrp.edu\/visiondoble\/wp-json\/wp\/v2\/pages\/6036\/revisions\/6037"}],"wp:attachment":[{"href":"https:\/\/humanidades.uprrp.edu\/visiondoble\/wp-json\/wp\/v2\/media?parent=6036"}],"curies":[{"name":"wp","href":"https:\/\/api.w.org\/{rel}","templated":true}]}}