{"id":6034,"date":"2022-05-08T23:10:13","date_gmt":"2022-05-09T03:10:13","guid":{"rendered":"http:\/\/humanidades.uprrp.edu\/visiondoble\/?page_id=6034"},"modified":"2022-05-08T23:10:13","modified_gmt":"2022-05-09T03:10:13","slug":"jorge-i-ocasio","status":"publish","type":"page","link":"https:\/\/humanidades.uprrp.edu\/visiondoble\/jorge-i-ocasio\/","title":{"rendered":"Jorge I. Ocasio"},"content":{"rendered":"<p style=\"text-align: justify;\"><span style=\"font-size: 110%;\">Egresado del Programa de Historia del Arte de la Universidad de Puerto Rico \u2013 Recinto de R\u00edo Piedras, colabor\u00f3 durante este periodo en el registro de la colecci\u00f3n de Arte y Cultura Popular de la Fundaci\u00f3n Luis Mu\u00f1oz Mar\u00edn. Complet\u00f3 el M\u00e1ster Oficial de Historia de Arte Contempor\u00e1neo y Cultura Visual de la Universidad Aut\u00f3noma de Madrid, Universidad Complutense de Madrid y el Museo Nacional Centro de Arte Reina Sof\u00eda, en su especialidad de cr\u00edtica de arte. Su investigaciones se enfocan en el uso de los espacios p\u00fablicos por perfomeros feministas.<\/span><\/p>\n","protected":false},"excerpt":{"rendered":"<p>Egresado del Programa de Historia del Arte de la Universidad de Puerto Rico \u2013 Recinto de R\u00edo Piedras, colabor\u00f3 durante este periodo en el registro de la colecci\u00f3n de Arte y Cultura Popular de la Fundaci\u00f3n Luis Mu\u00f1oz Mar\u00edn. Complet\u00f3 el M\u00e1ster Oficial de Historia de Arte Contempor\u00e1neo y Cultura Visual de la Universidad Aut\u00f3noma [&#8230;]\n","protected":false},"author":12,"featured_media":0,"parent":0,"menu_order":0,"comment_status":"closed","ping_status":"closed","template":"","meta":{"footnotes":""},"class_list":["post-6034","page","type-page","status-publish","hentry"],"_links":{"self":[{"href":"https:\/\/humanidades.uprrp.edu\/visiondoble\/wp-json\/wp\/v2\/pages\/6034","targetHints":{"allow":["GET"]}}],"collection":[{"href":"https:\/\/humanidades.uprrp.edu\/visiondoble\/wp-json\/wp\/v2\/pages"}],"about":[{"href":"https:\/\/humanidades.uprrp.edu\/visiondoble\/wp-json\/wp\/v2\/types\/page"}],"author":[{"embeddable":true,"href":"https:\/\/humanidades.uprrp.edu\/visiondoble\/wp-json\/wp\/v2\/users\/12"}],"replies":[{"embeddable":true,"href":"https:\/\/humanidades.uprrp.edu\/visiondoble\/wp-json\/wp\/v2\/comments?post=6034"}],"version-history":[{"count":1,"href":"https:\/\/humanidades.uprrp.edu\/visiondoble\/wp-json\/wp\/v2\/pages\/6034\/revisions"}],"predecessor-version":[{"id":6035,"href":"https:\/\/humanidades.uprrp.edu\/visiondoble\/wp-json\/wp\/v2\/pages\/6034\/revisions\/6035"}],"wp:attachment":[{"href":"https:\/\/humanidades.uprrp.edu\/visiondoble\/wp-json\/wp\/v2\/media?parent=6034"}],"curies":[{"name":"wp","href":"https:\/\/api.w.org\/{rel}","templated":true}]}}