{"id":6013,"date":"2022-05-08T22:57:05","date_gmt":"2022-05-09T02:57:05","guid":{"rendered":"http:\/\/humanidades.uprrp.edu\/visiondoble\/?page_id=6013"},"modified":"2025-09-11T15:02:29","modified_gmt":"2025-09-11T19:02:29","slug":"ivelisse-capellan","status":"publish","type":"page","link":"https:\/\/humanidades.uprrp.edu\/visiondoble\/ivelisse-capellan\/","title":{"rendered":"Ivelisse Capell\u00e1n"},"content":{"rendered":"\n<figure class=\"wp-block-image size-medium\"><img loading=\"lazy\" decoding=\"async\" width=\"300\" height=\"300\" src=\"https:\/\/humanidades.uprrp.edu\/visiondoble\/wp-content\/uploads\/2025\/09\/ic-heyer-300x300.jpeg\" alt=\"\" class=\"wp-image-6695\" srcset=\"https:\/\/humanidades.uprrp.edu\/visiondoble\/wp-content\/uploads\/2025\/09\/ic-heyer-300x300.jpeg 300w, https:\/\/humanidades.uprrp.edu\/visiondoble\/wp-content\/uploads\/2025\/09\/ic-heyer-150x150.jpeg 150w, https:\/\/humanidades.uprrp.edu\/visiondoble\/wp-content\/uploads\/2025\/09\/ic-heyer.jpeg 460w\" sizes=\"auto, (max-width: 300px) 100vw, 300px\" \/><\/figure>\n\n\n\n<p class=\"has-white-color has-text-color has-link-color wp-elements-274080d2f7dc8709b11fdc3f1911ad86\">[spacer height=\u201d20px\u201d]\n\n\n\n<p style=\"text-align: justify;\"><span style=\"font-size: 110%;\">Posee un bachillerato en Qu\u00edmica y una Maestr\u00eda en Gesti\u00f3n y Administraci\u00f3n Cultural del Recinto de R\u00edo Piedras de la Universidad de Puerto Rico. Ha trabajado como artista gr\u00e1fica y coordinadora de eventos en el Decanato de Estudios Graduados e Investigaci\u00f3n del Recinto de R\u00edo Piedras de la UPR y ha participado de internados profesionales en Microsoft Puerto Rico y en la Galer\u00eda de Arte de Casa Cort\u00e9s. Desde diciembre de 2020 labora como dise\u00f1adora para la compa\u00f1\u00eda Microsoft en sus oficinas de Redmond, Washington.<\/span><\/p>\n","protected":false},"excerpt":{"rendered":"[spacer height=\u201d20px\u201d] Posee un bachillerato en Qu\u00edmica y una Maestr\u00eda en Gesti\u00f3n y Administraci\u00f3n Cultural del Recinto de R\u00edo Piedras de la Universidad de Puerto Rico. Ha trabajado como artista gr\u00e1fica y coordinadora de eventos en el Decanato de Estudios Graduados e Investigaci\u00f3n del Recinto de R\u00edo Piedras de la UPR y ha participado de [&#8230;]\n","protected":false},"author":12,"featured_media":0,"parent":0,"menu_order":0,"comment_status":"closed","ping_status":"closed","template":"","meta":{"footnotes":""},"class_list":["post-6013","page","type-page","status-publish","hentry"],"_links":{"self":[{"href":"https:\/\/humanidades.uprrp.edu\/visiondoble\/wp-json\/wp\/v2\/pages\/6013","targetHints":{"allow":["GET"]}}],"collection":[{"href":"https:\/\/humanidades.uprrp.edu\/visiondoble\/wp-json\/wp\/v2\/pages"}],"about":[{"href":"https:\/\/humanidades.uprrp.edu\/visiondoble\/wp-json\/wp\/v2\/types\/page"}],"author":[{"embeddable":true,"href":"https:\/\/humanidades.uprrp.edu\/visiondoble\/wp-json\/wp\/v2\/users\/12"}],"replies":[{"embeddable":true,"href":"https:\/\/humanidades.uprrp.edu\/visiondoble\/wp-json\/wp\/v2\/comments?post=6013"}],"version-history":[{"count":2,"href":"https:\/\/humanidades.uprrp.edu\/visiondoble\/wp-json\/wp\/v2\/pages\/6013\/revisions"}],"predecessor-version":[{"id":6697,"href":"https:\/\/humanidades.uprrp.edu\/visiondoble\/wp-json\/wp\/v2\/pages\/6013\/revisions\/6697"}],"wp:attachment":[{"href":"https:\/\/humanidades.uprrp.edu\/visiondoble\/wp-json\/wp\/v2\/media?parent=6013"}],"curies":[{"name":"wp","href":"https:\/\/api.w.org\/{rel}","templated":true}]}}