{"id":5996,"date":"2022-05-08T22:48:35","date_gmt":"2022-05-09T02:48:35","guid":{"rendered":"http:\/\/humanidades.uprrp.edu\/visiondoble\/?page_id=5996"},"modified":"2025-09-11T14:49:15","modified_gmt":"2025-09-11T18:49:15","slug":"gelenia-trinidad-rivera","status":"publish","type":"page","link":"https:\/\/humanidades.uprrp.edu\/visiondoble\/gelenia-trinidad-rivera\/","title":{"rendered":"Gelenia Trinidad Rivera"},"content":{"rendered":"\n<p style=\"text-align: justify;\"><span style=\"font-size: 110%;\"><img loading=\"lazy\" decoding=\"async\" class=\"size-thumbnail wp-image-1223 alignleft\" src=\"https:\/\/humanidades.uprrp.edu\/visiondoble\/wp-content\/uploads\/2019\/11\/Gelenia-Trinidad-Rivera-150x150.jpg\" alt=\"\" width=\"150\" height=\"150\" \/>Graduada Magna Cum Laude del Departamento de Sociolog\u00eda y Antropolog\u00eda, con concentraci\u00f3n en Arqueolog\u00eda, y con una segunda concentraci\u00f3n en Historia del Arte de la Universidad de Puerto Rico  \u2013 Recinto de R\u00edo Piedras. En 2021 culmin\u00f3 una Maestr\u00eda en Artes, Estudios latinoamericanos y caribe\u00f1os, con concentraci\u00f3n en museolog\u00eda en la Universidad de Nueva York (NYU). Como miembro de la Society for American Archaeology y de la American Alliance of Museums, ha presentado sus investigaciones en congresos internacionales en Vancouver, Albuquerque, Washington D.C y Chicago recopiladas por The Digital Archaeological Record. Ha participado tambi\u00e9n en distintos congresos locales y ha publicado sus investigaciones en la Revista IN Genios de la UPR. Ha sido becada por la National Science Foundation, a trav\u00e9s de la Universidad de Texas, para investigar en el Center for Archaeological Studies y el St. Eustatius Center for Archaeological Research. Se ha desempe\u00f1ado como Investigadora Auxiliar en el Museo de Historia, Antropolog\u00eda y Arte de la UPR, ha formado parte del Latinx Project en NYU y ha colaborado con el MoMA y con el Smithsonian National Museum of African American History and Culture entre otras instituciones.<\/span><\/p>\n","protected":false},"excerpt":{"rendered":"<p>Graduada Magna Cum Laude del Departamento de Sociolog\u00eda y Antropolog\u00eda, con concentraci\u00f3n en Arqueolog\u00eda, y con una segunda concentraci\u00f3n en Historia del Arte de la Universidad de Puerto Rico \u2013 Recinto de R\u00edo Piedras. En 2021 culmin\u00f3 una Maestr\u00eda en Artes, Estudios latinoamericanos y caribe\u00f1os, con concentraci\u00f3n en museolog\u00eda en la Universidad de Nueva York [&#8230;]\n","protected":false},"author":12,"featured_media":0,"parent":0,"menu_order":0,"comment_status":"closed","ping_status":"closed","template":"","meta":{"footnotes":""},"class_list":["post-5996","page","type-page","status-publish","hentry"],"_links":{"self":[{"href":"https:\/\/humanidades.uprrp.edu\/visiondoble\/wp-json\/wp\/v2\/pages\/5996","targetHints":{"allow":["GET"]}}],"collection":[{"href":"https:\/\/humanidades.uprrp.edu\/visiondoble\/wp-json\/wp\/v2\/pages"}],"about":[{"href":"https:\/\/humanidades.uprrp.edu\/visiondoble\/wp-json\/wp\/v2\/types\/page"}],"author":[{"embeddable":true,"href":"https:\/\/humanidades.uprrp.edu\/visiondoble\/wp-json\/wp\/v2\/users\/12"}],"replies":[{"embeddable":true,"href":"https:\/\/humanidades.uprrp.edu\/visiondoble\/wp-json\/wp\/v2\/comments?post=5996"}],"version-history":[{"count":3,"href":"https:\/\/humanidades.uprrp.edu\/visiondoble\/wp-json\/wp\/v2\/pages\/5996\/revisions"}],"predecessor-version":[{"id":6685,"href":"https:\/\/humanidades.uprrp.edu\/visiondoble\/wp-json\/wp\/v2\/pages\/5996\/revisions\/6685"}],"wp:attachment":[{"href":"https:\/\/humanidades.uprrp.edu\/visiondoble\/wp-json\/wp\/v2\/media?parent=5996"}],"curies":[{"name":"wp","href":"https:\/\/api.w.org\/{rel}","templated":true}]}}