{"id":5977,"date":"2022-05-08T22:35:26","date_gmt":"2022-05-09T02:35:26","guid":{"rendered":"http:\/\/humanidades.uprrp.edu\/visiondoble\/?page_id=5977"},"modified":"2025-09-10T15:36:53","modified_gmt":"2025-09-10T19:36:53","slug":"elsaris-nunez","status":"publish","type":"page","link":"https:\/\/humanidades.uprrp.edu\/visiondoble\/elsaris-nunez\/","title":{"rendered":"Elsaris N\u00fa\u00f1ez"},"content":{"rendered":"\n<p style=\"text-align: justify;\"><span style=\"font-size: 110%;\"><img loading=\"lazy\" decoding=\"async\" class=\"size-thumbnail wp-image-1080 alignleft\" src=\"https:\/\/humanidades.uprrp.edu\/visiondoble\/wp-content\/uploads\/2019\/09\/Elsaris-Nunez-150x150.jpeg\" alt=\"\" width=\"150\" height=\"150\" srcset=\"https:\/\/humanidades.uprrp.edu\/visiondoble\/wp-content\/uploads\/2019\/09\/Elsaris-Nunez-150x150.jpeg 150w, https:\/\/humanidades.uprrp.edu\/visiondoble\/wp-content\/uploads\/2019\/09\/Elsaris-Nunez-300x300.jpeg 300w, https:\/\/humanidades.uprrp.edu\/visiondoble\/wp-content\/uploads\/2019\/09\/Elsaris-Nunez-768x768.jpeg 768w, https:\/\/humanidades.uprrp.edu\/visiondoble\/wp-content\/uploads\/2019\/09\/Elsaris-Nunez-1024x1024.jpeg 1024w, https:\/\/humanidades.uprrp.edu\/visiondoble\/wp-content\/uploads\/2019\/09\/Elsaris-Nunez-600x600.jpeg 600w, https:\/\/humanidades.uprrp.edu\/visiondoble\/wp-content\/uploads\/2019\/09\/Elsaris-Nunez-580x580.jpeg 580w, https:\/\/humanidades.uprrp.edu\/visiondoble\/wp-content\/uploads\/2019\/09\/Elsaris-Nunez.jpeg 1187w\" sizes=\"auto, (max-width: 150px) 100vw, 150px\" \/>Elsaris N\u00fa\u00f1ez M\u00e9ndez es doctora en Historia del Arte con menci\u00f3n honor\u00edfica por la Universidad Nacional Aut\u00f3noma de M\u00e9xico-Instituto de Investigaciones Est\u00e9ticas. Es especialista en el estudio de las artes de los virreinatos americanos, con \u00e9nfasis en los contextos novohispano y caribe\u00f1o. Fue becaria pre-doctoral del Consejo Nacional de Ciencias y Tecnolog\u00eda (CONACYT) de M\u00e9xico (2014-2018) y del College of Arts &#038; Sciences de la Universidad de Illinois en Urbana-Champaign (2010-2012), donde complet\u00f3 su grado de maestr\u00eda en Historia del Arte.  Fue asistente curatorial en el Museum of Fine Arts Boston para la exposici\u00f3n Made in the Americas. The New World Discovers Asia (2015). Es co-autora del libro La catedral de Puebla: Una mirada (M\u00e9xico, Conaculta\/Azabache, 2015), y ha publicado art\u00edculos y cap\u00edtulos para publicaciones especializadas en M\u00e9xico, Per\u00fa y Espa\u00f1a. Ha completado estancias de investigaci\u00f3n en Espa\u00f1a y en Estados Unidos, financiadas por la UNAM y por CONACYT-Foro Bilateral sobre Educaci\u00f3n Superior (FOBES). Es miembro de la Asociaci\u00f3n Internacional de Cr\u00edticos de Arte (AICA)-Cap\u00edtulo de Puerto Rico y del grupo de investigaci\u00f3n \u201cSpanish Italy &#038; Iberian Americas\u201d, auspiciado por la Getty Foundation y organizado por Columbia University (EE.UU.). Tambi\u00e9n forma parte de la Transregionale Academy \u201cSpaces of Art: Concepts and Impacts In and Outside Latin America\u201d, avalado por la Max Weber Foundation, el Deutsches Forum f\u00fcr Kunstgeschichte y el Ministerio Federal de Educaci\u00f3n e Investigaci\u00f3n de Alemania. Durante 2019 se desempe\u00f1\u00f3 como curadora del Museo Franz Mayer en la Ciudad de M\u00e9xico y en la actualidad es profesora asistente visitante en el Recinto de Mayag\u00fcez de la UPR.<\/span><\/p>\n","protected":false},"excerpt":{"rendered":"<p>Elsaris N\u00fa\u00f1ez M\u00e9ndez es doctora en Historia del Arte con menci\u00f3n honor\u00edfica por la Universidad Nacional Aut\u00f3noma de M\u00e9xico-Instituto de Investigaciones Est\u00e9ticas. Es especialista en el estudio de las artes de los virreinatos americanos, con \u00e9nfasis en los contextos novohispano y caribe\u00f1o. Fue becaria pre-doctoral del Consejo Nacional de Ciencias y Tecnolog\u00eda (CONACYT) de M\u00e9xico [&#8230;]\n","protected":false},"author":12,"featured_media":0,"parent":0,"menu_order":0,"comment_status":"closed","ping_status":"closed","template":"","meta":{"footnotes":""},"class_list":["post-5977","page","type-page","status-publish","hentry"],"_links":{"self":[{"href":"https:\/\/humanidades.uprrp.edu\/visiondoble\/wp-json\/wp\/v2\/pages\/5977","targetHints":{"allow":["GET"]}}],"collection":[{"href":"https:\/\/humanidades.uprrp.edu\/visiondoble\/wp-json\/wp\/v2\/pages"}],"about":[{"href":"https:\/\/humanidades.uprrp.edu\/visiondoble\/wp-json\/wp\/v2\/types\/page"}],"author":[{"embeddable":true,"href":"https:\/\/humanidades.uprrp.edu\/visiondoble\/wp-json\/wp\/v2\/users\/12"}],"replies":[{"embeddable":true,"href":"https:\/\/humanidades.uprrp.edu\/visiondoble\/wp-json\/wp\/v2\/comments?post=5977"}],"version-history":[{"count":3,"href":"https:\/\/humanidades.uprrp.edu\/visiondoble\/wp-json\/wp\/v2\/pages\/5977\/revisions"}],"predecessor-version":[{"id":6678,"href":"https:\/\/humanidades.uprrp.edu\/visiondoble\/wp-json\/wp\/v2\/pages\/5977\/revisions\/6678"}],"wp:attachment":[{"href":"https:\/\/humanidades.uprrp.edu\/visiondoble\/wp-json\/wp\/v2\/media?parent=5977"}],"curies":[{"name":"wp","href":"https:\/\/api.w.org\/{rel}","templated":true}]}}

Elsaris Núñez

<p style="text-align: justify;"><span style="font-size: 110%;"><img loading="lazy" decoding="async" class="size-thumbnail wp-image-1080 alignleft" src="https://humanidades.uprrp.edu/visiondoble/wp-content/uploads/2019/09/Elsaris-Nunez-150x150.jpeg" alt="" width="150" height="150" srcset="https://humanidades.uprrp.edu/visiondoble/wp-content/uploads/2019/09/Elsaris-Nunez-150x150.jpeg 150w, https://humanidades.uprrp.edu/visiondoble/wp-content/uploads/2019/09/Elsaris-Nunez-300x300.jpeg 300w, https://humanidades.uprrp.edu/visiondoble/wp-content/uploads/2019/09/Elsaris-Nunez-768x768.jpeg 768w, https://humanidades.uprrp.edu/visiondoble/wp-content/uploads/2019/09/Elsaris-Nunez-1024x1024.jpeg 1024w, https://humanidades.uprrp.edu/visiondoble/wp-content/uploads/2019/09/Elsaris-Nunez-600x600.jpeg 600w, https://humanidades.uprrp.edu/visiondoble/wp-content/uploads/2019/09/Elsaris-Nunez-580x580.jpeg 580w, https://humanidades.uprrp.edu/visiondoble/wp-content/uploads/2019/09/Elsaris-Nunez.jpeg 1187w" sizes="auto, (max-width: 150px) 100vw, 150px" />Elsaris Núñez Méndez es doctora en Historia del Arte con mención honorífica por la Universidad Nacional Autónoma de México-Instituto de Investigaciones Estéticas. Es especialista en el estudio de las artes de los virreinatos americanos, con énfasis en los contextos novohispano y caribeño. Fue becaria pre-doctoral del Consejo Nacional de Ciencias y Tecnología (CONACYT) de México (2014-2018) y del College of Arts &#038; Sciences de la Universidad de Illinois en Urbana-Champaign (2010-2012), donde completó su grado de maestría en Historia del Arte.  Fue asistente curatorial en el Museum of Fine Arts Boston para la exposición Made in the Americas. The New World Discovers Asia (2015). Es co-autora del libro La catedral de Puebla: Una mirada (México, Conaculta/Azabache, 2015), y ha publicado artículos y capítulos para publicaciones especializadas en México, Perú y España. Ha completado estancias de investigación en España y en Estados Unidos, financiadas por la UNAM y por CONACYT-Foro Bilateral sobre Educación Superior (FOBES). Es miembro de la Asociación Internacional de Críticos de Arte (AICA)-Capítulo de Puerto Rico y del grupo de investigación “Spanish Italy &#038; Iberian Americas”, auspiciado por la Getty Foundation y organizado por Columbia University (EE.UU.). También forma parte de la Transregionale Academy “Spaces of Art: Concepts and Impacts In and Outside Latin America”, avalado por la Max Weber Foundation, el Deutsches Forum für Kunstgeschichte y el Ministerio Federal de Educación e Investigación de Alemania. Durante 2019 se desempeñó como curadora del Museo Franz Mayer en la Ciudad de México y en la actualidad es profesora asistente visitante en el Recinto de Mayagüez de la UPR.</span></p>

<p>Elsaris Núñez Méndez es doctora en Historia del Arte con mención honorífica por la Universidad Nacional Autónoma de México-Instituto de Investigaciones Estéticas. Es especialista en el estudio de las artes de los virreinatos americanos, con énfasis en los contextos novohispano y caribeño. Fue becaria pre-doctoral del Consejo Nacional de Ciencias y Tecnología (CONACYT) de México [&#8230;]
