{"id":5972,"date":"2022-05-08T22:33:04","date_gmt":"2022-05-09T02:33:04","guid":{"rendered":"http:\/\/humanidades.uprrp.edu\/visiondoble\/?page_id=5972"},"modified":"2025-09-10T15:29:03","modified_gmt":"2025-09-10T19:29:03","slug":"elena-martin-torres","status":"publish","type":"page","link":"https:\/\/humanidades.uprrp.edu\/visiondoble\/elena-martin-torres\/","title":{"rendered":"Elena Mart\u00ednez Torres"},"content":{"rendered":"\n<figure class=\"wp-block-image size-full\"><img loading=\"lazy\" decoding=\"async\" width=\"400\" height=\"400\" src=\"https:\/\/humanidades.uprrp.edu\/visiondoble\/wp-content\/uploads\/2025\/09\/elena-martinez-torres.jpeg\" alt=\"\" class=\"wp-image-6676\" srcset=\"https:\/\/humanidades.uprrp.edu\/visiondoble\/wp-content\/uploads\/2025\/09\/elena-martinez-torres.jpeg 400w, https:\/\/humanidades.uprrp.edu\/visiondoble\/wp-content\/uploads\/2025\/09\/elena-martinez-torres-300x300.jpeg 300w, https:\/\/humanidades.uprrp.edu\/visiondoble\/wp-content\/uploads\/2025\/09\/elena-martinez-torres-150x150.jpeg 150w\" sizes=\"auto, (max-width: 400px) 100vw, 400px\" \/><\/figure>\n\n\n\n<div class=\"wp-block-group has-white-color has-text-color has-link-color wp-elements-819dc71402bee24f2f6e3137fad44280\"><div class=\"wp-block-group__inner-container is-layout-constrained wp-block-group-is-layout-constrained\">[spacer height=\u201d20px\u201d]\n<\/div><\/div>\n\n\n\n<p style=\"text-align: justify;\"><span style=\"font-size: 110%;\">Elena Mart\u00ednez Torres tiene un bachillerato en Investigaci\u00f3n-Acci\u00f3n Social de la Universidad de Puerto Rico, Recinto de Humacao y una maestr\u00eda en Psicolog\u00eda Social-Comunitaria del Recinto de R\u00edo Piedras. Su inter\u00e9s por las artes, especialmente por el medio fotogr\u00e1fico y las artes del cuerpo, la ha llevado a incorporarlas como objeto de estudio y como medio de intervenci\u00f3n social. Es miembro de la junta directiva de la Corporaci\u00f3n de Apoyo a Programas Educativos y Comunitarios (CAPEDCOM), es miembro del comit\u00e9 Agenda Cultural de la Facultad de Ciencias Sociales, perteneci\u00f3 a la mesa editorial de Conboca y colabor\u00f3 en eltaller.de. Desde marzo de 2023 es directora del programa Sustained Dialogue Institute.<\/span><\/p>\n\n\n\n<div class=\"wp-block-group has-white-color has-text-color has-link-color wp-elements-10edaf20f16186fb557a6ea87269d6a6\"><div class=\"wp-block-group__inner-container is-layout-constrained wp-block-group-is-layout-constrained\"><\/div><\/div>\n\n\n\n<p><\/p>\n","protected":false},"excerpt":{"rendered":"<p>Elena Mart\u00ednez Torres tiene un bachillerato en Investigaci\u00f3n-Acci\u00f3n Social de la Universidad de Puerto Rico, Recinto de Humacao y una maestr\u00eda en Psicolog\u00eda Social-Comunitaria del Recinto de R\u00edo Piedras. Su inter\u00e9s por las artes, especialmente por el medio fotogr\u00e1fico y las artes del cuerpo, la ha llevado a incorporarlas como objeto de estudio y como [&#8230;]\n","protected":false},"author":12,"featured_media":0,"parent":0,"menu_order":0,"comment_status":"closed","ping_status":"closed","template":"","meta":{"footnotes":""},"class_list":["post-5972","page","type-page","status-publish","hentry"],"_links":{"self":[{"href":"https:\/\/humanidades.uprrp.edu\/visiondoble\/wp-json\/wp\/v2\/pages\/5972","targetHints":{"allow":["GET"]}}],"collection":[{"href":"https:\/\/humanidades.uprrp.edu\/visiondoble\/wp-json\/wp\/v2\/pages"}],"about":[{"href":"https:\/\/humanidades.uprrp.edu\/visiondoble\/wp-json\/wp\/v2\/types\/page"}],"author":[{"embeddable":true,"href":"https:\/\/humanidades.uprrp.edu\/visiondoble\/wp-json\/wp\/v2\/users\/12"}],"replies":[{"embeddable":true,"href":"https:\/\/humanidades.uprrp.edu\/visiondoble\/wp-json\/wp\/v2\/comments?post=5972"}],"version-history":[{"count":3,"href":"https:\/\/humanidades.uprrp.edu\/visiondoble\/wp-json\/wp\/v2\/pages\/5972\/revisions"}],"predecessor-version":[{"id":6677,"href":"https:\/\/humanidades.uprrp.edu\/visiondoble\/wp-json\/wp\/v2\/pages\/5972\/revisions\/6677"}],"wp:attachment":[{"href":"https:\/\/humanidades.uprrp.edu\/visiondoble\/wp-json\/wp\/v2\/media?parent=5972"}],"curies":[{"name":"wp","href":"https:\/\/api.w.org\/{rel}","templated":true}]}}