{"id":5937,"date":"2022-05-08T22:14:26","date_gmt":"2022-05-09T02:14:26","guid":{"rendered":"http:\/\/humanidades.uprrp.edu\/visiondoble\/?page_id=5937"},"modified":"2022-05-08T22:14:26","modified_gmt":"2022-05-09T02:14:26","slug":"carlos-ruiz-valarino","status":"publish","type":"page","link":"https:\/\/humanidades.uprrp.edu\/visiondoble\/carlos-ruiz-valarino\/","title":{"rendered":"Carlos Ruiz Valarino"},"content":{"rendered":"<p style=\"text-align: justify;\"><span style=\"font-size: 110%;\">Artista y docente. Tiene un Master in Fine Arts con especialidad en Fotograf\u00eda del Rochester Institute of Technology y es Catedr\u00e1tico Auxiliar del Departamento de Bellas Artes de la UPR &#8211; R\u00edo Piedras. Tambi\u00e9n ha ense\u00f1ado en la Universidad Interamericana de Puerto Rico, en la Escuela de Artes Pl\u00e1sticas y en el Rochester Institute of Technology. Ha sido becado para realizar investigaciones en diferentes instituciones de Puerto Rico y Estados Unidos. Ha exhibido su obra en el Museo de Arte Contempor\u00e1neo de Puerto Rico, en el Instituto de Cultura Puertorrique\u00f1a, en la Universidad de Vermont (Burlington), en la Primera Bienal del Sur en Panam\u00e1, en el Centro Cultural del Banco Interamericano de Desarrollo (Washington DC) y en diferentes bienales de arte alrededor del mundo.<\/span><\/p>\n","protected":false},"excerpt":{"rendered":"<p>Artista y docente. Tiene un Master in Fine Arts con especialidad en Fotograf\u00eda del Rochester Institute of Technology y es Catedr\u00e1tico Auxiliar del Departamento de Bellas Artes de la UPR &#8211; R\u00edo Piedras. Tambi\u00e9n ha ense\u00f1ado en la Universidad Interamericana de Puerto Rico, en la Escuela de Artes Pl\u00e1sticas y en el Rochester Institute of [&#8230;]\n","protected":false},"author":12,"featured_media":0,"parent":0,"menu_order":0,"comment_status":"closed","ping_status":"closed","template":"","meta":{"footnotes":""},"class_list":["post-5937","page","type-page","status-publish","hentry"],"_links":{"self":[{"href":"https:\/\/humanidades.uprrp.edu\/visiondoble\/wp-json\/wp\/v2\/pages\/5937","targetHints":{"allow":["GET"]}}],"collection":[{"href":"https:\/\/humanidades.uprrp.edu\/visiondoble\/wp-json\/wp\/v2\/pages"}],"about":[{"href":"https:\/\/humanidades.uprrp.edu\/visiondoble\/wp-json\/wp\/v2\/types\/page"}],"author":[{"embeddable":true,"href":"https:\/\/humanidades.uprrp.edu\/visiondoble\/wp-json\/wp\/v2\/users\/12"}],"replies":[{"embeddable":true,"href":"https:\/\/humanidades.uprrp.edu\/visiondoble\/wp-json\/wp\/v2\/comments?post=5937"}],"version-history":[{"count":1,"href":"https:\/\/humanidades.uprrp.edu\/visiondoble\/wp-json\/wp\/v2\/pages\/5937\/revisions"}],"predecessor-version":[{"id":5938,"href":"https:\/\/humanidades.uprrp.edu\/visiondoble\/wp-json\/wp\/v2\/pages\/5937\/revisions\/5938"}],"wp:attachment":[{"href":"https:\/\/humanidades.uprrp.edu\/visiondoble\/wp-json\/wp\/v2\/media?parent=5937"}],"curies":[{"name":"wp","href":"https:\/\/api.w.org\/{rel}","templated":true}]}}