{"id":5902,"date":"2022-05-08T21:53:06","date_gmt":"2022-05-09T01:53:06","guid":{"rendered":"http:\/\/humanidades.uprrp.edu\/visiondoble\/?page_id=5902"},"modified":"2022-05-08T21:53:06","modified_gmt":"2022-05-09T01:53:06","slug":"angeli-velez","status":"publish","type":"page","link":"https:\/\/humanidades.uprrp.edu\/visiondoble\/angeli-velez\/","title":{"rendered":"Angel\u00ed V\u00e9lez"},"content":{"rendered":"<p style=\"text-align: justify;\"><span style=\"font-size: 110%;\">Curs\u00f3 estudios en Literatura Comparada en la Universidad de Puerto Rico, Recinto de R\u00edo Piedras y tiene un Bachillerato en Bellas Artes de la Pontificia Universidad Cat\u00f3lica de Ponce. Actualmente realiza su disertaci\u00f3n de tesis conducente al grado de Maestr\u00eda en Medios y Cultura Contempor\u00e1nea en la Universidad del Sagrado Coraz\u00f3n, que compagina con Filosof\u00eda en la UPR- R\u00edo Piedras. Es miembro del C\u00edrculo Psicoan\u00e1litico de Puerto Rico y ha colaborado en el espacio de cr\u00edtica y comentario cultural thefractal.net, as\u00ed como con el proyecto y plataforma art\u00edstica y comunitaria, eltaller.de.<\/span><\/p>\n","protected":false},"excerpt":{"rendered":"<p>Curs\u00f3 estudios en Literatura Comparada en la Universidad de Puerto Rico, Recinto de R\u00edo Piedras y tiene un Bachillerato en Bellas Artes de la Pontificia Universidad Cat\u00f3lica de Ponce. Actualmente realiza su disertaci\u00f3n de tesis conducente al grado de Maestr\u00eda en Medios y Cultura Contempor\u00e1nea en la Universidad del Sagrado Coraz\u00f3n, que compagina con Filosof\u00eda [&#8230;]\n","protected":false},"author":12,"featured_media":0,"parent":0,"menu_order":0,"comment_status":"closed","ping_status":"closed","template":"","meta":{"footnotes":""},"class_list":["post-5902","page","type-page","status-publish","hentry"],"_links":{"self":[{"href":"https:\/\/humanidades.uprrp.edu\/visiondoble\/wp-json\/wp\/v2\/pages\/5902","targetHints":{"allow":["GET"]}}],"collection":[{"href":"https:\/\/humanidades.uprrp.edu\/visiondoble\/wp-json\/wp\/v2\/pages"}],"about":[{"href":"https:\/\/humanidades.uprrp.edu\/visiondoble\/wp-json\/wp\/v2\/types\/page"}],"author":[{"embeddable":true,"href":"https:\/\/humanidades.uprrp.edu\/visiondoble\/wp-json\/wp\/v2\/users\/12"}],"replies":[{"embeddable":true,"href":"https:\/\/humanidades.uprrp.edu\/visiondoble\/wp-json\/wp\/v2\/comments?post=5902"}],"version-history":[{"count":1,"href":"https:\/\/humanidades.uprrp.edu\/visiondoble\/wp-json\/wp\/v2\/pages\/5902\/revisions"}],"predecessor-version":[{"id":5903,"href":"https:\/\/humanidades.uprrp.edu\/visiondoble\/wp-json\/wp\/v2\/pages\/5902\/revisions\/5903"}],"wp:attachment":[{"href":"https:\/\/humanidades.uprrp.edu\/visiondoble\/wp-json\/wp\/v2\/media?parent=5902"}],"curies":[{"name":"wp","href":"https:\/\/api.w.org\/{rel}","templated":true}]}}