{"id":5897,"date":"2022-05-08T21:50:48","date_gmt":"2022-05-09T01:50:48","guid":{"rendered":"http:\/\/humanidades.uprrp.edu\/visiondoble\/?page_id=5897"},"modified":"2022-05-08T21:50:48","modified_gmt":"2022-05-09T01:50:48","slug":"amir-seneriz-longo","status":"publish","type":"page","link":"https:\/\/humanidades.uprrp.edu\/visiondoble\/amir-seneriz-longo\/","title":{"rendered":"Amir Se\u00f1eriz Longo"},"content":{"rendered":"<p style=\"text-align: justify;\"><span style=\"font-size: 110%;\">Historiador de arte puertorrique\u00f1o y gestor cultural. Ha colaborado con investigaciones y ensayos en torno a la historia y las artes visuales. Es fundador del programa de Noches de Galer\u00edas del Municipio de Ponce y dirige la oficina de Museos Municipales. En el pasado se desempe\u00f1\u00f3 como dise\u00f1ador, documentador de obras y escritor para publicaciones de arte. Complet\u00f3 sus estudios de Artes Visuales de la Universidad del Sagrado Coraz\u00f3n y con clases en la Liga de Arte, en la Escuela de Artes Visuales y en el Centro de Estudios Avanzados de Puerto Rico y el Caribe.<\/span><\/p>\n","protected":false},"excerpt":{"rendered":"<p>Historiador de arte puertorrique\u00f1o y gestor cultural. Ha colaborado con investigaciones y ensayos en torno a la historia y las artes visuales. Es fundador del programa de Noches de Galer\u00edas del Municipio de Ponce y dirige la oficina de Museos Municipales. En el pasado se desempe\u00f1\u00f3 como dise\u00f1ador, documentador de obras y escritor para publicaciones [&#8230;]\n","protected":false},"author":12,"featured_media":0,"parent":0,"menu_order":0,"comment_status":"closed","ping_status":"closed","template":"","meta":{"footnotes":""},"class_list":["post-5897","page","type-page","status-publish","hentry"],"_links":{"self":[{"href":"https:\/\/humanidades.uprrp.edu\/visiondoble\/wp-json\/wp\/v2\/pages\/5897","targetHints":{"allow":["GET"]}}],"collection":[{"href":"https:\/\/humanidades.uprrp.edu\/visiondoble\/wp-json\/wp\/v2\/pages"}],"about":[{"href":"https:\/\/humanidades.uprrp.edu\/visiondoble\/wp-json\/wp\/v2\/types\/page"}],"author":[{"embeddable":true,"href":"https:\/\/humanidades.uprrp.edu\/visiondoble\/wp-json\/wp\/v2\/users\/12"}],"replies":[{"embeddable":true,"href":"https:\/\/humanidades.uprrp.edu\/visiondoble\/wp-json\/wp\/v2\/comments?post=5897"}],"version-history":[{"count":2,"href":"https:\/\/humanidades.uprrp.edu\/visiondoble\/wp-json\/wp\/v2\/pages\/5897\/revisions"}],"predecessor-version":[{"id":6763,"href":"https:\/\/humanidades.uprrp.edu\/visiondoble\/wp-json\/wp\/v2\/pages\/5897\/revisions\/6763"}],"wp:attachment":[{"href":"https:\/\/humanidades.uprrp.edu\/visiondoble\/wp-json\/wp\/v2\/media?parent=5897"}],"curies":[{"name":"wp","href":"https:\/\/api.w.org\/{rel}","templated":true}]}}