{"id":5888,"date":"2022-05-08T21:47:12","date_gmt":"2022-05-09T01:47:12","guid":{"rendered":"http:\/\/humanidades.uprrp.edu\/visiondoble\/?page_id=5888"},"modified":"2022-05-09T00:55:26","modified_gmt":"2022-05-09T04:55:26","slug":"annie-santiago","status":"publish","type":"page","link":"https:\/\/humanidades.uprrp.edu\/visiondoble\/annie-santiago\/","title":{"rendered":"Annie Santiago"},"content":{"rendered":"<p style=\"text-align: justify;\"><span style=\"font-size: 110%;\"><img loading=\"lazy\" decoding=\"async\" class=\"size-thumbnail wp-image-1078 alignleft\" src=\"https:\/\/humanidades.uprrp.edu\/visiondoble\/wp-content\/uploads\/2019\/09\/Annie-Santiago-150x150.jpg\" alt=\"\" width=\"150\" height=\"150\" \/>Posee una maestr\u00eda en Historia de la Universidad de Puerto Rico, con concentraciones en Historia del Arte e Historia de Puerto Rico. Su tesis fue publicada bajo el t\u00edtulo Cr\u00e9dito, moneda y bancos en Puerto Rico durante el siglo XIX. Su experiencia profesional se concentra en la organizaci\u00f3n y ejecuci\u00f3n de proyectos de difusi\u00f3n cultural en lugares como el Museo Nacional de Historia Americana del Smithsonian Institutions (1980-84), el Programa de Museos y Parques y Artes Pl\u00e1sticas del Instituto de Cultura Puertorrique\u00f1a (1985-86) y el Museo de Historia, Antropolog\u00eda y Arte de la UPR (1989-1996). Desde hace unos a\u00f1os colabora regularmente en la preparaci\u00f3n y ejecuci\u00f3n de proyectos de arte y humanidades en instituciones como la Escuela de Derecho de la UPR, la Fundaci\u00f3n Puertorrique\u00f1a de las Humanidades, la Fundaci\u00f3n Luis Mu\u00f1oz Mar\u00edn, y el Museo de la Universidad Ana G. M\u00e9ndez (Gurabo), entre otros.<\/span><\/p>\n","protected":false},"excerpt":{"rendered":"<p>Posee una maestr\u00eda en Historia de la Universidad de Puerto Rico, con concentraciones en Historia del Arte e Historia de Puerto Rico. Su tesis fue publicada bajo el t\u00edtulo Cr\u00e9dito, moneda y bancos en Puerto Rico durante el siglo XIX. Su experiencia profesional se concentra en la organizaci\u00f3n y ejecuci\u00f3n de proyectos de difusi\u00f3n cultural [&#8230;]\n","protected":false},"author":12,"featured_media":0,"parent":0,"menu_order":0,"comment_status":"closed","ping_status":"closed","template":"","meta":{"footnotes":""},"class_list":["post-5888","page","type-page","status-publish","hentry"],"_links":{"self":[{"href":"https:\/\/humanidades.uprrp.edu\/visiondoble\/wp-json\/wp\/v2\/pages\/5888","targetHints":{"allow":["GET"]}}],"collection":[{"href":"https:\/\/humanidades.uprrp.edu\/visiondoble\/wp-json\/wp\/v2\/pages"}],"about":[{"href":"https:\/\/humanidades.uprrp.edu\/visiondoble\/wp-json\/wp\/v2\/types\/page"}],"author":[{"embeddable":true,"href":"https:\/\/humanidades.uprrp.edu\/visiondoble\/wp-json\/wp\/v2\/users\/12"}],"replies":[{"embeddable":true,"href":"https:\/\/humanidades.uprrp.edu\/visiondoble\/wp-json\/wp\/v2\/comments?post=5888"}],"version-history":[{"count":2,"href":"https:\/\/humanidades.uprrp.edu\/visiondoble\/wp-json\/wp\/v2\/pages\/5888\/revisions"}],"predecessor-version":[{"id":6180,"href":"https:\/\/humanidades.uprrp.edu\/visiondoble\/wp-json\/wp\/v2\/pages\/5888\/revisions\/6180"}],"wp:attachment":[{"href":"https:\/\/humanidades.uprrp.edu\/visiondoble\/wp-json\/wp\/v2\/media?parent=5888"}],"curies":[{"name":"wp","href":"https:\/\/api.w.org\/{rel}","templated":true}]}}