{"id":5877,"date":"2022-05-08T21:42:30","date_gmt":"2022-05-09T01:42:30","guid":{"rendered":"http:\/\/humanidades.uprrp.edu\/visiondoble\/?page_id=5877"},"modified":"2025-09-10T13:53:54","modified_gmt":"2025-09-10T17:53:54","slug":"anna-astor-blanco","status":"publish","type":"page","link":"https:\/\/humanidades.uprrp.edu\/visiondoble\/anna-astor-blanco\/","title":{"rendered":"Anna Astor Blanco"},"content":{"rendered":"\n<p style=\"text-align: justify;\"><span style=\"font-size: 110%;\"><img loading=\"lazy\" decoding=\"async\" class=\"size-thumbnail wp-image-803 alignleft\" src=\"https:\/\/humanidades.uprrp.edu\/visiondoble\/wp-content\/uploads\/2019\/05\/Anna-150x150.jpg\" alt=\"\" width=\"150\" height=\"150\" srcset=\"https:\/\/humanidades.uprrp.edu\/visiondoble\/wp-content\/uploads\/2019\/05\/Anna-150x150.jpg 150w, https:\/\/humanidades.uprrp.edu\/visiondoble\/wp-content\/uploads\/2019\/05\/Anna-300x300.jpg 300w, https:\/\/humanidades.uprrp.edu\/visiondoble\/wp-content\/uploads\/2019\/05\/Anna-768x768.jpg 768w, https:\/\/humanidades.uprrp.edu\/visiondoble\/wp-content\/uploads\/2019\/05\/Anna-600x600.jpg 600w, https:\/\/humanidades.uprrp.edu\/visiondoble\/wp-content\/uploads\/2019\/05\/Anna-580x580.jpg 580w, https:\/\/humanidades.uprrp.edu\/visiondoble\/wp-content\/uploads\/2019\/05\/Anna.jpg 960w\" sizes=\"auto, (max-width: 150px) 100vw, 150px\" \/>Reside en San Juan, Puerto Rico, desde 2007. Anteriormente vivi\u00f3 del 2002 al 2007 en Madrid, Espa\u00f1a, donde obtuvo su Master de Arte y Gesti\u00f3n de Empresas en la Universidad de Antonio de Nebrija. Labor\u00f3 como profesora de Historia del Arte en la Escuela de Artes Pl\u00e1sticas de Puerto Rico y en el Museo y Centro de Estudios Human\u00edsticos de la Universidad Ana G. M\u00e9ndez, Recinto del Turabo. En el Museo trabaj\u00f3 en las tareas de documentaci\u00f3n y curadur\u00eda. Tambi\u00e9n ha publicado y colaborado en revistas tanto locales como internacionales. Adem\u00e1s se ha desempe\u00f1ado como directora y curadora en el espacio galer\u00eda El cuadrado gris y ha dictado cursos sobre arte y dise\u00f1o en la Universidad del Sagrado Coraz\u00f3n en San Juan.<\/span><\/p>\n","protected":false},"excerpt":{"rendered":"<p>Reside en San Juan, Puerto Rico, desde 2007. Anteriormente vivi\u00f3 del 2002 al 2007 en Madrid, Espa\u00f1a, donde obtuvo su Master de Arte y Gesti\u00f3n de Empresas en la Universidad de Antonio de Nebrija. Labor\u00f3 como profesora de Historia del Arte en la Escuela de Artes Pl\u00e1sticas de Puerto Rico y en el Museo y [&#8230;]\n","protected":false},"author":12,"featured_media":0,"parent":0,"menu_order":0,"comment_status":"closed","ping_status":"closed","template":"","meta":{"footnotes":""},"class_list":["post-5877","page","type-page","status-publish","hentry"],"_links":{"self":[{"href":"https:\/\/humanidades.uprrp.edu\/visiondoble\/wp-json\/wp\/v2\/pages\/5877","targetHints":{"allow":["GET"]}}],"collection":[{"href":"https:\/\/humanidades.uprrp.edu\/visiondoble\/wp-json\/wp\/v2\/pages"}],"about":[{"href":"https:\/\/humanidades.uprrp.edu\/visiondoble\/wp-json\/wp\/v2\/types\/page"}],"author":[{"embeddable":true,"href":"https:\/\/humanidades.uprrp.edu\/visiondoble\/wp-json\/wp\/v2\/users\/12"}],"replies":[{"embeddable":true,"href":"https:\/\/humanidades.uprrp.edu\/visiondoble\/wp-json\/wp\/v2\/comments?post=5877"}],"version-history":[{"count":3,"href":"https:\/\/humanidades.uprrp.edu\/visiondoble\/wp-json\/wp\/v2\/pages\/5877\/revisions"}],"predecessor-version":[{"id":6631,"href":"https:\/\/humanidades.uprrp.edu\/visiondoble\/wp-json\/wp\/v2\/pages\/5877\/revisions\/6631"}],"wp:attachment":[{"href":"https:\/\/humanidades.uprrp.edu\/visiondoble\/wp-json\/wp\/v2\/media?parent=5877"}],"curies":[{"name":"wp","href":"https:\/\/api.w.org\/{rel}","templated":true}]}}