{"id":5868,"date":"2022-05-08T21:38:52","date_gmt":"2022-05-09T01:38:52","guid":{"rendered":"http:\/\/humanidades.uprrp.edu\/visiondoble\/?page_id=5868"},"modified":"2022-05-08T21:38:52","modified_gmt":"2022-05-09T01:38:52","slug":"antonio-garcia-baez","status":"publish","type":"page","link":"https:\/\/humanidades.uprrp.edu\/visiondoble\/antonio-garcia-baez\/","title":{"rendered":"Antonio Garc\u00eda B\u00e1ez"},"content":{"rendered":"<p style=\"text-align: justify;\"><span style=\"font-size: 110%;\">Doctor en Historia del Arte por la Universidad de Sevilla, posee, adem\u00e1s, una Maestr\u00eda en Museolog\u00eda. Ganador del I premio de investigaci\u00f3n universitaria \u2018Ciudad de Sevilla\u2019 2012. Autor de la monograf\u00eda Entre el obrador y la academia: La ense\u00f1anza de las artes en Sevilla durante la segunda mitad del Seiscientos (ICAS, 2014). Especialista en pintura, dibujo y teor\u00eda de las artes en la \u00e9poca de Carlos II en el reino de Sevilla y la Corte. Ha realizado diferentes estudios hist\u00f3rico-art\u00edsticos sobre las artes monacales y sobre la figura de Francisco de Herrera el Mozo, de quien vers\u00f3 su tesis doctoral.<\/span><\/p>\n","protected":false},"excerpt":{"rendered":"<p>Doctor en Historia del Arte por la Universidad de Sevilla, posee, adem\u00e1s, una Maestr\u00eda en Museolog\u00eda. Ganador del I premio de investigaci\u00f3n universitaria \u2018Ciudad de Sevilla\u2019 2012. Autor de la monograf\u00eda Entre el obrador y la academia: La ense\u00f1anza de las artes en Sevilla durante la segunda mitad del Seiscientos (ICAS, 2014). Especialista en pintura, [&#8230;]\n","protected":false},"author":12,"featured_media":0,"parent":0,"menu_order":0,"comment_status":"closed","ping_status":"closed","template":"","meta":{"footnotes":""},"class_list":["post-5868","page","type-page","status-publish","hentry"],"_links":{"self":[{"href":"https:\/\/humanidades.uprrp.edu\/visiondoble\/wp-json\/wp\/v2\/pages\/5868","targetHints":{"allow":["GET"]}}],"collection":[{"href":"https:\/\/humanidades.uprrp.edu\/visiondoble\/wp-json\/wp\/v2\/pages"}],"about":[{"href":"https:\/\/humanidades.uprrp.edu\/visiondoble\/wp-json\/wp\/v2\/types\/page"}],"author":[{"embeddable":true,"href":"https:\/\/humanidades.uprrp.edu\/visiondoble\/wp-json\/wp\/v2\/users\/12"}],"replies":[{"embeddable":true,"href":"https:\/\/humanidades.uprrp.edu\/visiondoble\/wp-json\/wp\/v2\/comments?post=5868"}],"version-history":[{"count":1,"href":"https:\/\/humanidades.uprrp.edu\/visiondoble\/wp-json\/wp\/v2\/pages\/5868\/revisions"}],"predecessor-version":[{"id":5869,"href":"https:\/\/humanidades.uprrp.edu\/visiondoble\/wp-json\/wp\/v2\/pages\/5868\/revisions\/5869"}],"wp:attachment":[{"href":"https:\/\/humanidades.uprrp.edu\/visiondoble\/wp-json\/wp\/v2\/media?parent=5868"}],"curies":[{"name":"wp","href":"https:\/\/api.w.org\/{rel}","templated":true}]}}