{"id":5859,"date":"2022-05-08T21:34:12","date_gmt":"2022-05-09T01:34:12","guid":{"rendered":"http:\/\/humanidades.uprrp.edu\/visiondoble\/?page_id=5859"},"modified":"2022-05-08T21:38:05","modified_gmt":"2022-05-09T01:38:05","slug":"arturo-davila","status":"publish","type":"page","link":"https:\/\/humanidades.uprrp.edu\/visiondoble\/arturo-davila\/","title":{"rendered":"Arturo D\u00e1vila"},"content":{"rendered":"<p style=\"text-align: justify;\"><span style=\"font-size: 110%;\">(1931-2018) Catedr\u00e1tico de Historia del Arte en la Facultad de Humanidades de la Universidad de Puerto Rico &#8211; Recinto de R\u00edo Piedras. Ha publicado alrededor de doscientos art\u00edculos de investigaci\u00f3n en revistas acad\u00e9micas y en prensa, as\u00ed como cat\u00e1logos de exposiciones de historia del arte y del sentimiento religioso en Puerto Rico.<\/span><\/p>\n","protected":false},"excerpt":{"rendered":"<p>(1931-2018) Catedr\u00e1tico de Historia del Arte en la Facultad de Humanidades de la Universidad de Puerto Rico &#8211; Recinto de R\u00edo Piedras. Ha publicado alrededor de doscientos art\u00edculos de investigaci\u00f3n en revistas acad\u00e9micas y en prensa, as\u00ed como cat\u00e1logos de exposiciones de historia del arte y del sentimiento religioso en Puerto Rico.<\/p>\n","protected":false},"author":12,"featured_media":0,"parent":0,"menu_order":0,"comment_status":"closed","ping_status":"closed","template":"","meta":{"footnotes":""},"class_list":["post-5859","page","type-page","status-publish","hentry"],"_links":{"self":[{"href":"https:\/\/humanidades.uprrp.edu\/visiondoble\/wp-json\/wp\/v2\/pages\/5859","targetHints":{"allow":["GET"]}}],"collection":[{"href":"https:\/\/humanidades.uprrp.edu\/visiondoble\/wp-json\/wp\/v2\/pages"}],"about":[{"href":"https:\/\/humanidades.uprrp.edu\/visiondoble\/wp-json\/wp\/v2\/types\/page"}],"author":[{"embeddable":true,"href":"https:\/\/humanidades.uprrp.edu\/visiondoble\/wp-json\/wp\/v2\/users\/12"}],"replies":[{"embeddable":true,"href":"https:\/\/humanidades.uprrp.edu\/visiondoble\/wp-json\/wp\/v2\/comments?post=5859"}],"version-history":[{"count":1,"href":"https:\/\/humanidades.uprrp.edu\/visiondoble\/wp-json\/wp\/v2\/pages\/5859\/revisions"}],"predecessor-version":[{"id":5860,"href":"https:\/\/humanidades.uprrp.edu\/visiondoble\/wp-json\/wp\/v2\/pages\/5859\/revisions\/5860"}],"wp:attachment":[{"href":"https:\/\/humanidades.uprrp.edu\/visiondoble\/wp-json\/wp\/v2\/media?parent=5859"}],"curies":[{"name":"wp","href":"https:\/\/api.w.org\/{rel}","templated":true}]}}

Arturo Dávila

<p style="text-align: justify;"><span style="font-size: 110%;">(1931-2018) Catedrático de Historia del Arte en la Facultad de Humanidades de la Universidad de Puerto Rico &#8211; Recinto de Río Piedras. Ha publicado alrededor de doscientos artículos de investigación en revistas académicas y en prensa, así como catálogos de exposiciones de historia del arte y del sentimiento religioso en Puerto Rico.</span></p>

<p>(1931-2018) Catedrático de Historia del Arte en la Facultad de Humanidades de la Universidad de Puerto Rico &#8211; Recinto de Río Piedras. Ha publicado alrededor de doscientos artículos de investigación en revistas académicas y en prensa, así como catálogos de exposiciones de historia del arte y del sentimiento religioso en Puerto Rico.</p>
