{"id":5856,"date":"2022-05-08T21:33:04","date_gmt":"2022-05-09T01:33:04","guid":{"rendered":"http:\/\/humanidades.uprrp.edu\/visiondoble\/?page_id=5856"},"modified":"2022-05-08T21:33:04","modified_gmt":"2022-05-09T01:33:04","slug":"alicia-clarens","status":"publish","type":"page","link":"https:\/\/humanidades.uprrp.edu\/visiondoble\/alicia-clarens\/","title":{"rendered":"Alicia Clarens"},"content":{"rendered":"<p style=\"text-align: justify;\"><span style=\"font-size: 110%;\">Nacida en la Habana (Cuba), estudia en el Art Students League de Nueva York y en la National Academy of Arts. Trabaja como consultora en esta misma instituci\u00f3n y contin\u00faa con su producci\u00f3n art\u00edstica en medio mixto. Vive en la ciudad de Nueva York.<\/span><\/p>\n","protected":false},"excerpt":{"rendered":"<p>Nacida en la Habana (Cuba), estudia en el Art Students League de Nueva York y en la National Academy of Arts. Trabaja como consultora en esta misma instituci\u00f3n y contin\u00faa con su producci\u00f3n art\u00edstica en medio mixto. Vive en la ciudad de Nueva York.<\/p>\n","protected":false},"author":12,"featured_media":0,"parent":0,"menu_order":0,"comment_status":"closed","ping_status":"closed","template":"","meta":{"footnotes":""},"class_list":["post-5856","page","type-page","status-publish","hentry"],"_links":{"self":[{"href":"https:\/\/humanidades.uprrp.edu\/visiondoble\/wp-json\/wp\/v2\/pages\/5856","targetHints":{"allow":["GET"]}}],"collection":[{"href":"https:\/\/humanidades.uprrp.edu\/visiondoble\/wp-json\/wp\/v2\/pages"}],"about":[{"href":"https:\/\/humanidades.uprrp.edu\/visiondoble\/wp-json\/wp\/v2\/types\/page"}],"author":[{"embeddable":true,"href":"https:\/\/humanidades.uprrp.edu\/visiondoble\/wp-json\/wp\/v2\/users\/12"}],"replies":[{"embeddable":true,"href":"https:\/\/humanidades.uprrp.edu\/visiondoble\/wp-json\/wp\/v2\/comments?post=5856"}],"version-history":[{"count":1,"href":"https:\/\/humanidades.uprrp.edu\/visiondoble\/wp-json\/wp\/v2\/pages\/5856\/revisions"}],"predecessor-version":[{"id":5857,"href":"https:\/\/humanidades.uprrp.edu\/visiondoble\/wp-json\/wp\/v2\/pages\/5856\/revisions\/5857"}],"wp:attachment":[{"href":"https:\/\/humanidades.uprrp.edu\/visiondoble\/wp-json\/wp\/v2\/media?parent=5856"}],"curies":[{"name":"wp","href":"https:\/\/api.w.org\/{rel}","templated":true}]}}