{"id":3259,"date":"2020-11-20T20:39:37","date_gmt":"2020-11-21T00:39:37","guid":{"rendered":"http:\/\/humanidades.uprrp.edu\/visiondoble\/?page_id=3259"},"modified":"2025-10-15T15:11:27","modified_gmt":"2025-10-15T19:11:27","slug":"archivo-2016","status":"publish","type":"page","link":"https:\/\/humanidades.uprrp.edu\/visiondoble\/archivo-2016\/","title":{"rendered":"Archivo 2016"},"content":{"rendered":"\n<h3 class=\"accordion_title\">Archivo 2016<\/h3><div class=\"accordion\" rel=\"\">\n\n<div class=\"accordion-item\"><a href=\"#\" class=\"accordion-title plain\"><button class=\"toggle\"><i class=\"icon-angle-down\"><\/i><\/button><span>Enero<\/span><\/a><div class=\"accordion-inner\">\n\n<p><a href=\"https:\/\/humanidades.uprrp.edu\/visiondoble\/?p=5140\"><strong>Caja de Mu\u00f1ecas<\/strong> \/ Lilliana Ramos Collado<\/a><\/p>\n<p><a href=\"https:\/\/humanidades.uprrp.edu\/visiondoble\/?p=5149\"><strong>Del magna<\/strong> \/ Adl\u00edn R\u00edos Rigau<\/a><\/p>\n<p><a href=\"https:\/\/humanidades.uprrp.edu\/visiondoble\/?p=5144\"><strong>Fueser\u00e1: los becarios Lexus imaginan el futuro<\/strong> \/ Lilliana Ramos Collado<\/a><\/p>\n<p><a href=\"https:\/\/humanidades.uprrp.edu\/visiondoble\/?p=5153\"><strong>Arte como ejercicio de libertad<\/strong> \/ Laura T\u00edscar Garc\u00eda<\/a><\/p>\n\n<\/div><\/div>\n<div class=\"accordion-item\"><a href=\"#\" class=\"accordion-title plain\"><button class=\"toggle\"><i class=\"icon-angle-down\"><\/i><\/button><span>Febrero<\/span><\/a><div class=\"accordion-inner\">\n\n<p><a href=\"https:\/\/humanidades.uprrp.edu\/visiondoble\/?p=5156\"><strong>4ta Trienal Poli\/Gr\u00e1fica: un tsunami a destiempo<\/strong> \/ Elsa Mel\u00e9ndez y Brenda Cruz<\/a><\/p>\n<p><a href=\"https:\/\/humanidades.uprrp.edu\/visiondoble\/?p=5159\"><strong>Permutaci\u00f3n parad\u00f3jica<\/strong> \/ Karla Torres<\/a><\/p>\n<p><a href=\"https:\/\/humanidades.uprrp.edu\/visiondoble\/?p=5167\"><strong>Una conversaci\u00f3n en torno a la Trienal<\/strong> \/ Rosario Romero<\/a><\/p>\n<p><a href=\"https:\/\/humanidades.uprrp.edu\/visiondoble\/?p=5162\"><strong>Respecto a simposios y a la cultura<\/strong> \/ Dialitza Col\u00f3n<\/a><\/p>\n<p><a href=\"https:\/\/humanidades.uprrp.edu\/visiondoble\/?p=5170\"><strong>Henry Klumb y Julio Marrero: la relaci\u00f3n entre arquitecto y cliente<\/strong> \/ Gloril\u00eds Ortiz Rodr\u00edguez<\/a><\/p>\n<p><a href=\"https:\/\/humanidades.uprrp.edu\/visiondoble\/?p=5173\"><strong>The Atlas of Ren\u00e9 Santos<\/strong> \/ Lisa Blanco<\/a><\/p>\n\n<\/div><\/div>\n<div class=\"accordion-item\"><a href=\"#\" class=\"accordion-title plain\"><button class=\"toggle\"><i class=\"icon-angle-down\"><\/i><\/button><span>Marzo<\/span><\/a><div class=\"accordion-inner\">\n\n<p><a href=\"https:\/\/humanidades.uprrp.edu\/visiondoble\/?p=5181\"><strong>Musa del oeste<\/strong> \/ Jos\u00e9 Correa Vigier<\/a><\/p>\n<p><a href=\"https:\/\/humanidades.uprrp.edu\/visiondoble\/?p=4101\"><strong>Santurce es Ley de vuelta al principio: artistas y comunidad hacia un circuito infinito<\/strong> \/ Nina Coll Mart\u00ednez<\/a><\/p>\n<p><a href=\"https:\/\/humanidades.uprrp.edu\/visiondoble\/?p=5175\"><strong>Annex Burgos y N\u00e9stor Otero: del libre derecho de sentir<\/strong> \/ Laura T\u00edscar Garc\u00eda<\/a><\/p>\n<p><a href=\"https:\/\/humanidades.uprrp.edu\/visiondoble\/?p=5184\"><strong>Puerto Rico en ARCO: trayectoria, proyecci\u00f3n y trascendencia<\/strong> \/ Brenda Cruz<\/a><\/p>\n<p><a href=\"https:\/\/humanidades.uprrp.edu\/visiondoble\/?p=5187\"><strong>Lenoil Val Cal: un historietista con filo<\/strong> \/ Luis Jeft\u00e9 Lacourt<\/a><\/p>\n<p><a href=\"https:\/\/humanidades.uprrp.edu\/visiondoble\/?p=5178\"><strong>El pez en llamas<\/strong> \/ Laura T\u00edscar Garc\u00eda<\/a><\/p>\n\n<\/div><\/div>\n<div class=\"accordion-item\"><a href=\"#\" class=\"accordion-title plain\"><button class=\"toggle\"><i class=\"icon-angle-down\"><\/i><\/button><span>Abril<\/span><\/a><div class=\"accordion-inner\">\n\n<p><a href=\"https:\/\/humanidades.uprrp.edu\/visiondoble\/?p=5191\"><strong>Cristina C\u00f3rdova: el hechizo profundo del barro<\/strong> \/ Gretchen Ruiz Rigau<\/a><\/p>\n<p><a href=\"https:\/\/humanidades.uprrp.edu\/visiondoble\/?p=5197\"><strong>Y no hab\u00eda luz o la integraci\u00f3n de las artes<\/strong> \/ Adl\u00edn R\u00edos Rigau<\/a><\/p>\n<p><a href=\"https:\/\/humanidades.uprrp.edu\/visiondoble\/el-territorio-del-alma-la-busqueda-del-yo-a-traves-del-otro\/\"><strong>El territorio del alma: la b\u00fasqueda del yo a trav\u00e9s del otro<\/strong> \/ Laura T\u00edscar Garc\u00eda<\/a><\/p>\n<p><a href=\"https:\/\/humanidades.uprrp.edu\/visiondoble\/?p=5200\"><strong>El canon oliveriano<\/strong> \/ Jos\u00e9 Correa Vigier<\/a><\/p>\n<p><a href=\"https:\/\/humanidades.uprrp.edu\/visiondoble\/?s=Back+to+Square+One\"><strong>&#8220;Santurce es Ley&#8221; Back to Square One: Artists and Community Embark on an Infinite Loop <\/strong>\/ Nina Coll Mart\u00ednez<\/a><\/p>\n\n<\/div><\/div>\n<div class=\"accordion-item\"><a href=\"#\" class=\"accordion-title plain\"><button class=\"toggle\"><i class=\"icon-angle-down\"><\/i><\/button><span>Mayo<\/span><\/a><div class=\"accordion-inner\">\n\n<p><a href=\"https:\/\/humanidades.uprrp.edu\/visiondoble\/?p=5228\"><strong>Tinta en la piel de Cybelle Cartagena<\/strong> \/ Laura T\u00edscar Garc\u00eda<\/a><\/p>\n<p><a href=\"https:\/\/humanidades.uprrp.edu\/visiondoble\/?p=5232\"><strong>Osvaldo Santiago: siempre con las ganas de sumar a la escena<\/strong> \/ Dianne Br\u00e1s Feliciano<\/a><\/p>\n<p><a href=\"https:\/\/humanidades.uprrp.edu\/visiondoble\/?p=5235\"><strong>Richard Pag\u00e1n: el hombre que llueve<\/strong> \/ Emanuel Torres P\u00e9rez<\/a><\/p>\n<p><a href=\"https:\/\/humanidades.uprrp.edu\/visiondoble\/?p=5225\"><strong>Madrugada<\/strong> \/ Annie Santiago<\/a><\/p>\n<p><a href=\"https:\/\/humanidades.uprrp.edu\/visiondoble\/?p=5238\"><strong>Walter Otero: A Leading Reference<\/strong> \/ Laura T\u00edscar Garc\u00eda<\/a><\/p>\n\n<\/div><\/div>\n<div class=\"accordion-item\"><a href=\"#\" class=\"accordion-title plain\"><button class=\"toggle\"><i class=\"icon-angle-down\"><\/i><\/button><span>Junio<\/span><\/a><div class=\"accordion-inner\">\n\n<p><a href=\"https:\/\/humanidades.uprrp.edu\/visiondoble\/?p=5242\"><strong>Proyecto libre<\/strong> \/ Adl\u00edn R\u00edos Rigau<\/a><\/p>\n<p><a href=\"https:\/\/humanidades.uprrp.edu\/visiondoble\/?p=5248\"><strong>Roberto Silva Ortiz: la vigencia de la tradici\u00f3n<\/strong> \/ Laura T\u00edscar Garc\u00eda<\/a><\/p>\n<p><a href=\"https:\/\/humanidades.uprrp.edu\/visiondoble\/?p=5256\"><strong>Cajas de Pandora<\/strong> \/ Jos\u00e9 Correa Vigier<\/a><\/p>\n\n<\/div><\/div>\n<div class=\"accordion-item\"><a href=\"#\" class=\"accordion-title plain\"><button class=\"toggle\"><i class=\"icon-angle-down\"><\/i><\/button><span>Julio<\/span><\/a><div class=\"accordion-inner\">\n\n<p><a href=\"https:\/\/humanidades.uprrp.edu\/visiondoble\/?p=5257\"><strong>La experiencia de tejer como la experiencia de pensar<\/strong> \/ Dialitza Col\u00f3n<\/a><\/p>\n\n<\/div><\/div>\n<div class=\"accordion-item\"><a href=\"#\" class=\"accordion-title plain\"><button class=\"toggle\"><i class=\"icon-angle-down\"><\/i><\/button><span>Agosto<\/span><\/a><div class=\"accordion-inner\">\n\n<p><b><a href=\"https:\/\/humanidades.uprrp.edu\/visiondoble\/de-monumentos-y-otras-marchas-que-si-llegaron-al-hit-parade\/\"><strong>De monumentos y otras marchas que s\u00ed\u00a0llegaron al Hit Parade<\/b> \/ Lilliana Ramos Collado<\/a><\/p>\n<p><strong><a href=\"https:\/\/humanidades.uprrp.edu\/visiondoble\/5290\/\"><strong>Santurce aburguesado: la clase creativa y el artista como agentes gentrificadores<\/strong> \/ Darwin J. Marrero<\/a><\/p>\n<p><strong><a href=\"https:\/\/humanidades.uprrp.edu\/visiondoble\/roberto-silva-ortiz-a-valid-tradition\/\"><strong>Roberto Silva: A Valid Tradition<\/strong> \/ Laura T\u00edscar Garc\u00eda<\/a><\/p>\n\n<\/div><\/div>\n<div class=\"accordion-item\"><a href=\"#\" class=\"accordion-title plain\"><button class=\"toggle\"><i class=\"icon-angle-down\"><\/i><\/button><span>Septiembre<\/span><\/a><div class=\"accordion-inner\">\n\n<p><strong><a href=\"https:\/\/humanidades.uprrp.edu\/visiondoble\/maria-emilia-somoza-su-huella-en-el-aguafuerte\/\"><strong>Mar\u00eda Emilia Somoza: su huella en el aguafuerte<\/strong> \/ Adl\u00edn R\u00edos Rigau<\/a><\/p>\n<p><strong><a href=\"https:\/\/humanidades.uprrp.edu\/visiondoble\/petrofosil-requiem-por-nuestra-civilizacion-petrolifera\/\"><strong>Petrof\u00f3sil: r\u00e9quiem por nuestra civilizaci\u00f3n petrol\u00edfera<\/strong> \/ Hiromi Shiba<\/p>\n<p><strong><a href=\"https:\/\/humanidades.uprrp.edu\/visiondoble\/la-impertinencia-de-la-pertinencia\/\"><strong>La impertinencia de la pertinencia<\/strong> \/ Huberto Figueroa<\/a><\/p>\n<p><strong><a href=\"https:\/\/humanidades.uprrp.edu\/visiondoble\/para-muestras-los-botones-y-para-ejemplos-los-hechos\/\"><strong>Para muestra los botones y para ejemplo los hechos<\/strong> \/ Baruch Vergara<\/a><\/p>\n\n<\/div><\/div>\n<div class=\"accordion-item\"><a href=\"#\" class=\"accordion-title plain\"><button class=\"toggle\"><i class=\"icon-angle-down\"><\/i><\/button><span>Octubre<\/span><\/a><div class=\"accordion-inner\">\n\n<p><strong><a href=\"https:\/\/humanidades.uprrp.edu\/visiondoble\/el-arte-politico-no-es-una-moda-es-un-compromiso-una-conversacion-con-wilfredo-mercado\/\"><strong>El arte pol\u00edtico no es una moda. Es compromiso: una conversaci\u00f3n con Wilfredo Mercado<\/strong> \/ Elsa Mel\u00e9ndez<\/a><\/p>\n<p><strong><a href=\"https:\/\/humanidades.uprrp.edu\/visiondoble\/la-belleza-de-la-decadencia\/\"><strong>La belleza de la decadencia<\/strong> \/ Ram\u00f3n L\u00f3pez Col\u00f3n<\/a><\/p>\n<p><strong><a href=\"https:\/\/humanidades.uprrp.edu\/visiondoble\/petro-fossil-requiem-for-our-fossil-fuel-civilization\/\"><strong>Petro-fossil: Requiem for our fossil-fuel civilization<\/strong> \/ Hiromi Shiba<\/a><\/p>\n<p><strong><a href=\"https:\/\/humanidades.uprrp.edu\/visiondoble\/sala-de-evidencia-narrativas-de-desacuerdo\/\"><strong>Sala de evidencia: narrativa de desacuerdo<\/strong> \/ Yazm\u00edn Crespo Claudio<\/a><\/p>\n\n<\/div><\/div>\n<div class=\"accordion-item\"><a href=\"#\" class=\"accordion-title plain\"><button class=\"toggle\"><i class=\"icon-angle-down\"><\/i><\/button><span>Noviembre<\/span><\/a><div class=\"accordion-inner\">\n\n<p><strong><a href=\"https:\/\/humanidades.uprrp.edu\/visiondoble\/para-ser-un-genio-y-pasar-inadvertido-la-retrospectiva-sucio-dificil-de-nelson-rivera\/\"><strong>Para ser un genio y pasar inadvertido: la retrospectiva Sucio Dif\u00edcil de Nelson Rivera<\/strong> \/ Bernat Tort<\/a><\/p>\n<p><strong><a href=\"https:\/\/humanidades.uprrp.edu\/visiondoble\/sonar-cuesta-un-pais\/\"><strong>So\u00f1ar cuesta un pa\u00eds<\/strong> \/ Gretchen Ruiz Ramos<\/a><\/p>\n<p><strong><a href=\"https:\/\/humanidades.uprrp.edu\/visiondoble\/ramon-lopez-colon-sujeto-y-obra-de-una-vision-historica\/\"><strong>Ram\u00f3n L\u00f3pez Col\u00f3n: sujeto y obra de una visi\u00f3n hist\u00f3rica<\/strong> \/ Ludwig R. Medina Cruz<\/a><\/p>\n<p><strong><a href=\"https:\/\/humanidades.uprrp.edu\/visiondoble\/falsos-positivos-el-cuarto-de-maravillas-de-garvin-sierra\/\"><strong>Falsos positivos: el cuarto de maravillas de Garvin Sierra<\/strong> \/ Paula Mar\u00eda Arribas<\/a><\/p>\n<p><strong><a href=\"https:\/\/humanidades.uprrp.edu\/visiondoble\/determinado\/\"><strong>Determinado<\/strong> \/ Rosario Romero<\/a><\/p>\n<p><strong><a href=\"https:\/\/humanidades.uprrp.edu\/visiondoble\/trabaje-duro\/\"><strong>Trabaje duro<\/strong> \/ Emilia Qui\u00f1ones Otal<\/a><\/p>\n<p><strong><a href=\"https:\/\/humanidades.uprrp.edu\/visiondoble\/beauty-in-decay\/\"><strong>Beauty in decay<\/strong> \/ Ram\u00f3n L\u00f3pez Col\u00f3n<\/a><\/p>\n<p><a href=\"https:\/\/humanidades.uprrp.edu\/visiondoble\/?p=4052\"><strong>Party in the City o \u00bfla muerte anunciada de una ciudad?<\/strong><\/a> \/ Melissa Ramos Borges<\/a><\/p>\n\n<\/div><\/div>\n<div class=\"accordion-item\"><a href=\"#\" class=\"accordion-title plain\"><button class=\"toggle\"><i class=\"icon-angle-down\"><\/i><\/button><span>Diciembre<\/span><\/a><div class=\"accordion-inner\">\n\n<p><b><a href=\"https:\/\/humanidades.uprrp.edu\/visiondoble\/proa-y-su-valor-incalculable\/\"><strong>PROA y su valor incalculable \/ Amanda Alonso<\/a><\/b><\/p>\n<p><strong><a href=\"https:\/\/humanidades.uprrp.edu\/visiondoble\/miyuca\/\"><strong>Miyuca<\/strong> \/ Humberto Figueroa<\/a><\/p>\n<p><a href=\"https:\/\/humanidades.uprrp.edu\/visiondoble\/?p=4058\"><strong>En alta frecuencia<\/strong><\/a> \/ Melissa Ramos Borges<\/p>\n<p><strong><a href=\"https:\/\/humanidades.uprrp.edu\/visiondoble\/antonio-cortes-rolon-35-anos-entre-emigrantes-y-exodo\/\"><strong>Antonio Cort\u00e9s Rol\u00f3n: 35 a\u00f1os entre emigrantes y \u00e9xodo<\/strong> \/ Abd\u00edas M\u00e9ndez Robles<\/a><\/p>\n\n<\/div><\/div>\n\n<\/div>\n\n","protected":false},"excerpt":{"rendered":"","protected":false},"author":3,"featured_media":0,"parent":0,"menu_order":0,"comment_status":"closed","ping_status":"closed","template":"","meta":{"footnotes":""},"class_list":["post-3259","page","type-page","status-publish","hentry"],"_links":{"self":[{"href":"https:\/\/humanidades.uprrp.edu\/visiondoble\/wp-json\/wp\/v2\/pages\/3259","targetHints":{"allow":["GET"]}}],"collection":[{"href":"https:\/\/humanidades.uprrp.edu\/visiondoble\/wp-json\/wp\/v2\/pages"}],"about":[{"href":"https:\/\/humanidades.uprrp.edu\/visiondoble\/wp-json\/wp\/v2\/types\/page"}],"author":[{"embeddable":true,"href":"https:\/\/humanidades.uprrp.edu\/visiondoble\/wp-json\/wp\/v2\/users\/3"}],"replies":[{"embeddable":true,"href":"https:\/\/humanidades.uprrp.edu\/visiondoble\/wp-json\/wp\/v2\/comments?post=3259"}],"version-history":[{"count":32,"href":"https:\/\/humanidades.uprrp.edu\/visiondoble\/wp-json\/wp\/v2\/pages\/3259\/revisions"}],"predecessor-version":[{"id":7079,"href":"https:\/\/humanidades.uprrp.edu\/visiondoble\/wp-json\/wp\/v2\/pages\/3259\/revisions\/7079"}],"wp:attachment":[{"href":"https:\/\/humanidades.uprrp.edu\/visiondoble\/wp-json\/wp\/v2\/media?parent=3259"}],"curies":[{"name":"wp","href":"https:\/\/api.w.org\/{rel}","templated":true}]}}