{"id":3198,"date":"2020-11-18T20:30:30","date_gmt":"2020-11-19T00:30:30","guid":{"rendered":"http:\/\/humanidades.uprrp.edu\/visiondoble\/?page_id=3198"},"modified":"2025-10-14T10:47:54","modified_gmt":"2025-10-14T14:47:54","slug":"archivo-2014","status":"publish","type":"page","link":"https:\/\/humanidades.uprrp.edu\/visiondoble\/archivo-2014\/","title":{"rendered":"Archivo 2014"},"content":{"rendered":"\n<h3 class=\"accordion_title\">Archivo 2014<\/h3><div class=\"accordion\" rel=\"\">\n\n<div class=\"accordion-item\"><a href=\"#\" class=\"accordion-title plain\"><button class=\"toggle\"><i class=\"icon-angle-down\"><\/i><\/button><span>Enero<\/span><\/a><div class=\"accordion-inner\">\n\n<p><a href=\"https:\/\/humanidades.uprrp.edu\/visiondoble\/?p=3363\"><strong>La transgresi\u00f3n de mirar<\/strong>\u00a0\/ Rosario Romero<\/a><\/p>\n<p><a href=\"https:\/\/humanidades.uprrp.edu\/visiondoble\/?p=3366\"><strong>Sujeto, humano, objeto y sociedad<\/strong> \/ Sabrina Ramos<\/a><\/p>\n<p><a href=\"https:\/\/humanidades.uprrp.edu\/visiondoble\/?p=3373\"><strong>\u00bfCauces y desv\u00edos?<\/strong> \/ Raquel Torres Arzola<\/a><\/p>\n<p><a href=\"https:\/\/humanidades.uprrp.edu\/visiondoble\/?p=3376\"><strong>De criollismos y realidades<\/strong> \/ Marimer G\u00f3mez<\/a><\/p>\n<p><a href=\"https:\/\/humanidades.uprrp.edu\/visiondoble\/?p=3379\"><strong>Ya era hora<\/strong> \/ Amir Se\u00f1eriz Longo<\/a><\/p>\n<p><a href=\"https:\/\/humanidades.uprrp.edu\/visiondoble\/?p=3382\"><strong>Mano a mano: mec\u00e1nicas intimistas de Cynthia Morales<\/strong> \/ Abdiel Segarra R\u00edos<\/a><\/p>\n<p><a href=\"https:\/\/humanidades.uprrp.edu\/visiondoble\/?p=3385\"><strong>En franca colaboraci\u00f3n: notas acerca de R\u00edo y respiro, de Dhara Rivera<\/strong> \/ Vanessa Hern\u00e1ndez<\/a><\/p>\n<p><a href=\"https:\/\/humanidades.uprrp.edu\/visiondoble\/?p=3389\"><strong>La flota de cer\u00e1mica<\/strong> \/ Marimar Ben\u00edtez<\/a><\/p>\n<p><a href=\"https:\/\/humanidades.uprrp.edu\/visiondoble\/?p=3392\"><strong>B<\/strong><\/a><a href=\"https:\/\/humanidades.uprrp.edu\/visiondoble\/?p=3392\"><strong>ehind Closed Doors: Jos\u00e9 Campeche y Francisco Oller en el Museo de Brooklyn<\/strong> \/ Elsaris N\u00fa\u00f1ez<\/a><\/p>\n<p><a href=\"https:\/\/humanidades.uprrp.edu\/visiondoble\/?p=3395\"><strong>Por una est\u00e9tica de lo menor: una reflexi\u00f3n sobre el trabajo de Miguel Luciano<\/strong> \/ Dialitza Col\u00f3n<\/a><\/p>\n\n<\/div><\/div>\n<div class=\"accordion-item\"><a href=\"#\" class=\"accordion-title plain\"><button class=\"toggle\"><i class=\"icon-angle-down\"><\/i><\/button><span>Febrero<\/span><\/a><div class=\"accordion-inner\">\n\n<p><a href=\"https:\/\/humanidades.uprrp.edu\/visiondoble\/?p=3398\"><strong>Ocho mil espejos oscuros\u00a0<\/strong>\/ Cheryl Hartup<\/a><\/p>\n<p><a href=\"https:\/\/humanidades.uprrp.edu\/visiondoble\/?p=3588\"><strong>La particularidad del detalle<\/strong> \/ Lisamaris Rosado<\/a><\/p>\n<p><a href=\"https:\/\/humanidades.uprrp.edu\/visiondoble\/?p=3584\"><strong>Inc\u00f3gnitas lejanas convertidas en gozos cercanos<\/strong> \/ Rosario Romero<\/a><\/p>\n<p><a href=\"https:\/\/humanidades.uprrp.edu\/visiondoble\/?p=3581\"><strong>Crossover en WOCA<\/strong> \/ Banca Ortiz Declet<\/a><\/p>\n<p><a href=\"https:\/\/humanidades.uprrp.edu\/visiondoble\/?p=3599\"><strong>Un espejo del mundo virtual<\/strong> \/ Ivelisse Capell\u00e1n<\/a><\/p>\n<p><a href=\"https:\/\/humanidades.uprrp.edu\/visiondoble\/?p=3593\"><strong>Polisemia intertextual del amor: de lo claro y lo oscuro en la obra de Jaime Romano<\/strong> \/ Karla Torres<\/a><\/p>\n<p><a href=\"https:\/\/humanidades.uprrp.edu\/visiondoble\/?p=3596\"><strong>Sobre la suprema felicidad y el estado fallido<\/strong> \/ Raquel Torres Arzola<\/a><\/p>\n\n<\/div><\/div>\n<div class=\"accordion-item\"><a href=\"#\" class=\"accordion-title plain\"><button class=\"toggle\"><i class=\"icon-angle-down\"><\/i><\/button><span>Marzo<\/span><\/a><div class=\"accordion-inner\">\n\n<p><a href=\"https:\/\/humanidades.uprrp.edu\/visiondoble\/?p=3680\"><strong>Poetic Science: aproximaciones art\u00edstico-cient\u00edficas sobre El Yunque<\/strong>\u00a0\/ Ariel Lugo<\/a><\/p>\n<p><a href=\"https:\/\/humanidades.uprrp.edu\/visiondoble\/?p=3667\"><strong>Ef\u00edmeros, construidos de l\u00e1piz graso y bolsas para la basura<\/strong> \/ Abd\u00edas M\u00e9ndez Robles<\/a><\/p>\n<p><a href=\"https:\/\/humanidades.uprrp.edu\/visiondoble\/?p=3670\"><strong>Gal<\/strong><strong>er\u00eda Agustina Ferreyra celebra su primer aniversario<\/strong> \/ Dianne Br\u00e1s Feliciano<\/a><\/p>\n<p><a href=\"https:\/\/humanidades.uprrp.edu\/visiondoble\/?p=3659\"><strong>Collage de la memoria<\/strong> \/ Rafael Jackson<\/a><\/p>\n<p><a href=\"https:\/\/humanidades.uprrp.edu\/visiondoble\/?p=3654\"><strong>Blancus<\/strong> \/ Indira de Choudens<\/a><\/p>\n<p><a href=\"https:\/\/humanidades.uprrp.edu\/visiondoble\/?p=3686\"><strong>Hojarasca<\/strong> \/ Bermarie Rodr\u00edguez<\/a><\/p>\n<p><a href=\"https:\/\/humanidades.uprrp.edu\/visiondoble\/?p=3677\"><strong>Museo de Historia, Antropolog\u00eda y Arte de la UPR: despu\u00e9s de la acreditaci\u00f3n<\/strong> \/ Raquel Torres Arzola<\/a><\/p>\n<p><a href=\"https:\/\/humanidades.uprrp.edu\/visiondoble\/?p=3683\"><strong>Sobre retrospectivas y circos: una conversaci\u00f3n en el tiempo<\/strong> \/ Elsa Mar\u00eda Mel\u00e9ndez<\/a><\/p>\n<p><a href=\"https:\/\/humanidades.uprrp.edu\/visiondoble\/?p=3673\"><strong>Hablando comics: arte secuencial en di\u00e1logo<\/strong> \/ Enrique Olivares<\/a><\/p>\n<p><a href=\"https:\/\/humanidades.uprrp.edu\/visiondoble\/?p=3689\"><strong>Receta para un performance de Frances Gallardo<\/strong> \/ Rosario Romero<\/a><\/p>\n<p><a href=\"https:\/\/humanidades.uprrp.edu\/visiondoble\/?p=3662\"><strong>Coraje y desobediencia: artistas puertorrique\u00f1as en el festival miradas de mujeres<\/strong> \/ Emilia Qui\u00f1ones Otal<\/a><\/p>\n\n<\/div><\/div>\n<div class=\"accordion-item\"><a href=\"#\" class=\"accordion-title plain\"><button class=\"toggle\"><i class=\"icon-angle-down\"><\/i><\/button><span>Abril<\/span><\/a><div class=\"accordion-inner\">\n\n<p><a href=\"https:\/\/humanidades.uprrp.edu\/visiondoble\/?p=3738\"><strong>&#8230; y donde hay negocio, hay pol\u00edtica tambi\u00e9n <\/strong><\/a>\/ Raquel Torres Arzola<\/p>\n<p><a href=\"https:\/\/humanidades.uprrp.edu\/visiondoble\/?p=3703\"><strong>Arte y moda: dos lenguajes, una expresi\u00f3n<\/strong><\/a> \/ Lisamaris Rosado<\/p>\n<p><a href=\"https:\/\/humanidades.uprrp.edu\/visiondoble\/?p=3734\"><strong>Tres aperturas en El Arsenal<\/strong><\/a> \/ Marimar Ben\u00edtez<\/p>\n<p><a href=\"https:\/\/humanidades.uprrp.edu\/visiondoble\/?p=3706\"><strong>Artefactos: modos de empleo<\/strong> \/ Rafael Jackson<\/a><\/p>\n<p><a href=\"https:\/\/humanidades.uprrp.edu\/visiondoble\/?p=3720\"><strong>PISO y MAPA<\/strong> \/ Elena Mart\u00ednez Torres<\/a><\/p>\n<p><a href=\"https:\/\/humanidades.uprrp.edu\/visiondoble\/?p=3724\"><strong>Tr\u00f3picos en el 20-20<\/strong> \/ Abdiel Segarra R\u00edos<\/a><\/p>\n<p><a href=\"https:\/\/humanidades.uprrp.edu\/visiondoble\/?p=3727\"><strong>Uno por dos en Ponce<\/strong> \/ Antonio Hern\u00e1ndez Gierbolini<\/a><\/p>\n<p><a href=\"https:\/\/humanidades.uprrp.edu\/visiondoble\/?p=3709\"><strong>Festival de Chiringas Retratos de La Perla: arte social y trabajo comunitario<\/strong> \/ Carina Tort<\/a><\/p>\n<p><a href=\"https:\/\/humanidades.uprrp.edu\/visiondoble\/?p=3714\"><strong>No hay absolutos: obras recientes de Rafael Vega<\/strong> \/ Nilsevady Fuss\u00e1 Ayuso<\/a><\/p>\n<p><a href=\"https:\/\/humanidades.uprrp.edu\/visiondoble\/?p=3731\"><strong>El libro de las fechas: una bit\u00e1cora sobre el ejercicio la mirada<\/strong> \/ Dialitza Col\u00f3n<\/a><\/p>\n\n<\/div><\/div>\n<div class=\"accordion-item\"><a href=\"#\" class=\"accordion-title plain\"><button class=\"toggle\"><i class=\"icon-angle-down\"><\/i><\/button><span>Mayo<\/span><\/a><div class=\"accordion-inner\">\n\n<p><a href=\"https:\/\/humanidades.uprrp.edu\/visiondoble\/?p=3769\"><strong>Seis grandes Campeches\u00a0<\/strong>\/ Arturo D\u00e1vila<\/a><\/p>\n<p><a href=\"https:\/\/humanidades.uprrp.edu\/visiondoble\/?p=3753\"><strong>Entre unicornios<\/strong> \/ Humberto Figueroa<\/a><\/p>\n<p><a href=\"https:\/\/humanidades.uprrp.edu\/visiondoble\/?p=3750\"><strong>Doris R\u00edos o la persistencia de la palabra<\/strong> \/ Daniel Exp\u00f3sito<\/a><\/p>\n<p><a href=\"https:\/\/humanidades.uprrp.edu\/visiondoble\/?p=3763\"><strong>Los restos que peregrinan la ciudad<\/strong> \/ Mariana Garc\u00eda Ben\u00edtez<\/a><\/p>\n<p><a href=\"https:\/\/humanidades.uprrp.edu\/visiondoble\/?p=3759\"><strong>Inquietud del ser por conocer el pasado y el futuro<\/strong> \/ Abd\u00edas M\u00e9ndez Robles<\/a><\/p>\n<p><a href=\"https:\/\/humanidades.uprrp.edu\/visiondoble\/?p=3747\"><strong>Complicidad y empat\u00eda<\/strong> \/ Dianne Br\u00e1s Feliciano<\/a><\/p>\n<p><a href=\"https:\/\/humanidades.uprrp.edu\/visiondoble\/?p=3766\"><strong>Rasgado a dedos: pinturas-collage de Ada Haiman<\/strong> \/ Elizabeth Robles<\/a><\/p>\n<p><a href=\"https:\/\/humanidades.uprrp.edu\/visiondoble\/?p=3744\"><strong>Honestidad a trav\u00e9s del lente<\/strong> \/ Elena Mart\u00ednez Torres<\/a><\/p>\n<p><a href=\"https:\/\/humanidades.uprrp.edu\/visiondoble\/?p=3756\"><strong>Exorcismo inevitable: \u00bfpor qu\u00e9 seguimos posponiendo la fecha?<\/strong> \/ Elsa Mar\u00eda Mel\u00e9ndez<\/a><\/p>\n<p><a href=\"https:\/\/humanidades.uprrp.edu\/visiondoble\/?p=3906\"><strong>El trazo del proceso en la pintura de Fernando Villena<\/strong> \/ Javier Su\u00e1rez<\/a><\/p>\n<p><a href=\"https:\/\/humanidades.uprrp.edu\/visiondoble\/?p=3899\"><strong>Tropicalizar el Whitney<\/strong> \/ Rosario Romero<\/a><\/p>\n\n<\/div><\/div>\n<div class=\"accordion-item\"><a href=\"#\" class=\"accordion-title plain\"><button class=\"toggle\"><i class=\"icon-angle-down\"><\/i><\/button><span>Junio<\/span><\/a><div class=\"accordion-inner\">\n\n<p><strong><a href=\"https:\/\/humanidades.uprrp.edu\/visiondoble\/decadencia-y-revolucion-arte-en-viena-1980-1910\/\"<strong>Decadencia y revoluci\u00f3n: arte en Viena 1890-1910<\/strong> \/ Mercedes Trelles<\/a><\/p>\n<p><strong><a href=\"https:\/\/humanidades.uprrp.edu\/visiondoble\/dibujos-colectiva-en-el-museo-oller-de-bayamon\/\"<strong>Dibujos, colectiva en el Museo Oller en Bayam\u00f3n<\/strong> \/ Marimar Ben\u00edtez<\/a><\/p>\n<p><strong><a href=\"https:\/\/humanidades.uprrp.edu\/visiondoble\/de-lo-ideal-en-las-obras-de-abdias-mendez-robles-2\/\"<strong>De lo ideal de los espacios en las obras de Abd\u00edas M\u00e9ndez Robles<\/strong> \/ Mar\u00eda Elba Torres<\/a><\/p>\n<p><strong><a href=\"https:\/\/humanidades.uprrp.edu\/visiondoble\/guessquienes\/\"<strong>Guessquienes???<\/strong> \/ Alexandra Pag\u00e1n<\/a><\/p>\n<p><strong><a href=\"https:\/\/humanidades.uprrp.edu\/visiondoble\/puerto-rico-comic-con-y-los-mundos-que-habitan\/\"<strong>Puerto Rico Comic Con y los mundos que habitan<\/strong> \/ Luis J. Lacourt<\/a><\/p>\n\n<\/div><\/div>\n<div class=\"accordion-item\"><a href=\"#\" class=\"accordion-title plain\"><button class=\"toggle\"><i class=\"icon-angle-down\"><\/i><\/button><span>Julio<\/span><\/a><div class=\"accordion-inner\">\n\n<p><strong><a href=\"https:\/\/humanidades.uprrp.edu\/visiondoble\/letrismo-y-coleccionismo\/\"<strong>Letrismo y coleccionismo<\/strong> \/ Bermarie Rodr\u00edguez<\/a><\/p>\n<p><a href=\"https:\/\/humanidades.uprrp.edu\/visiondoble\/?p=4009\"><strong>Animalia<\/strong><\/a> \/ Nina Coll Mart\u00ednez<\/p>\n<p><strong><a href=\"https:\/\/humanidades.uprrp.edu\/visiondoble\/melodia-de-arrabal\/\"<strong>Melod\u00eda de arrabal<\/strong> \/ Lilliana Ramos Collado<\/a><\/p>\n<p><strong><a href=\"https:\/\/humanidades.uprrp.edu\/visiondoble\/rayitas\/\"<strong>Rayitas<\/strong> \/ Dianne Br\u00e1s Feliciano<\/a><\/p>\n\n<\/div><\/div>\n<div class=\"accordion-item\"><a href=\"#\" class=\"accordion-title plain\"><button class=\"toggle\"><i class=\"icon-angle-down\"><\/i><\/button><span>Agosto<\/span><\/a><div class=\"accordion-inner\">\n\n<p><strong>Cosas <\/strong>\/ Stephanie Silva<\/p>\n<p><strong><a href=\"https:\/\/humanidades.uprrp.edu\/visiondoble\/atravesar-la-nube\/\"<strong>Atravesar la nube<\/strong> \/ Yara I. Liceaga<\/a><\/p>\n<p><strong>Cranium Corporation<\/strong> \/ Dianne Br\u00e1s Feliciano<\/p>\n\n<\/div><\/div>\n<div class=\"accordion-item\"><a href=\"#\" class=\"accordion-title plain\"><button class=\"toggle\"><i class=\"icon-angle-down\"><\/i><\/button><span>Septiembre<\/span><\/a><div class=\"accordion-inner\">\n\n<p><strong><a href=\"https:\/\/humanidades.uprrp.edu\/visiondoble\/el-arte-existe-porque-la-vida-no-basta\/\"><strong>El arte existe porque la vida no basta<\/strong> \/ Rosario Romero<\/a><\/p>\n<p><strong><a href=\"https:\/\/humanidades.uprrp.edu\/visiondoble\/la-imperfeccion-de-la-realidad\/\"><strong>La imperfecci\u00f3n de la realidad<\/strong> \/ Lisa Ladner<\/a><\/p>\n<p><strong><a href=\"https:\/\/humanidades.uprrp.edu\/visiondoble\/tributo-grafico-cubano-a-lorenzo-homar\/\"><strong>Tributo gr\u00e1fico cubano a Lorenzo Homar<\/strong> \/ Humberto Figueroa<\/a><\/p>\n<p><strong>La rebeli\u00f3n de las gallinas<\/strong> \/ Stephanie Silva<\/p>\n<p><strong>De acuerdo: apuntan ca\u00f1onazos art\u00edsticos desde Ponce<\/strong> \/ S. Damary Burgos<\/p>\n<p><strong><a href=\"https:\/\/humanidades.uprrp.edu\/visiondoble\/huellas-de-una-presencia-negada\/\"><strong>Huellas de una presencia negada<\/strong> \/ Antonio Hern\u00e1ndez Gierbolini<\/a><\/p>\n<p><a href=\"https:\/\/humanidades.uprrp.edu\/visiondoble\/?p=4013\"><strong>Un Santurce es Ley extendido: transformaci\u00f3n urbana e integraci\u00f3n comunitaria<\/strong> \/ Nina Coll Mart\u00ednez<\/a><\/p>\n\n<\/div><\/div>\n<div class=\"accordion-item\"><a href=\"#\" class=\"accordion-title plain\"><button class=\"toggle\"><i class=\"icon-angle-down\"><\/i><\/button><span>Octubre<\/span><\/a><div class=\"accordion-inner\">\n\n<p><strong>\u00bf&#8230;Y al final?<\/strong> \/ Raquel Torres Arzola<\/p>\n<p><strong>El selfie o el aspecto ir\u00f3nico de la autorrepresentaci\u00f3n<\/strong> \/ Dialitza Col\u00f3n<\/p>\n<p><strong><a href=\"https:\/\/humanidades.uprrp.edu\/visiondoble\/el-oficio-de-mirar\/\"><strong>El oficio de mirar<\/strong> \/ Irene Esteves<\/a><\/p>\n<p><strong><a href=\"https:\/\/humanidades.uprrp.edu\/visiondoble\/sangre-joven\/\"><strong>Sangre\u00a0<\/strong><b>joven<\/b>\u00a0\/ Rafael Jackson<\/a><\/p>\n<p><strong><a href=\"https:\/\/humanidades.uprrp.edu\/visiondoble\/deconstruir-el-machismo-a-traves-del-arte\/\"><strong>Deconstruir el machismo a trav\u00e9s del arte<\/strong> \/ Emilia Qui\u00f1ones Otal<\/a><\/p>\n<p><strong><a href=\"https:\/\/humanidades.uprrp.edu\/visiondoble\/abstraccion-de-carton-y-carnaval\/\"><strong>Abstracci\u00f3n de cart\u00f3n y carnaval<\/strong> \/ Marimar Ben\u00edtez<\/a><\/p>\n<p><strong><a href=\"https:\/\/humanidades.uprrp.edu\/visiondoble\/la-cosa-como-excusa-al-discurso\/\"><strong>La cosa como excusa al discurso<\/strong> \/ Abd\u00edas M\u00e9ndez Robles<\/a><\/p>\n<p><strong><a href=\"https:\/\/humanidades.uprrp.edu\/visiondoble\/treinta-anos-del-museo-de-arte-contemporaneo-de-puerto-rico\/\"><strong>Treinta a\u00f1os del Museo de Arte Contempor\u00e1neo de Puerto Rico<\/strong> \/ Windy Cosme<\/a><\/p>\n<p><strong><a href=\"https:\/\/humanidades.uprrp.edu\/visiondoble\/a-proposito-de-landview\/\"><strong>A prop\u00f3sito de Landview<\/strong> \/ Ivelisse Jim\u00e9nez<\/a><\/p>\n<p><strong>Imalabra: Antonio Martorell en su vuelta a M\u00e9xico<\/strong> \/ Elsaris N\u00fa\u00f1ez<\/p>\n\n<\/div><\/div>\n<div class=\"accordion-item\"><a href=\"#\" class=\"accordion-title plain\"><button class=\"toggle\"><i class=\"icon-angle-down\"><\/i><\/button><span>Noviembre<\/span><\/a><div class=\"accordion-inner\">\n\n<p><strong>Tradiciones en transici\u00f3n<\/strong> \/ Bermarie Rodr\u00edguez<\/p>\n<p><a href=\"https:\/\/humanidades.uprrp.edu\/visiondoble\/?p=4092\"><strong>Aprendiendo a desaprender: el arte como proceso de cambio social<\/strong>\u00a0\/ Nina Coll Mart\u00ednez<\/a><\/p>\n<p><strong>El discurso crom\u00e1tico de Rafael Rivera Rosa<\/strong> \/ Abd\u00edas M\u00e9ndez Robles<\/p>\n<p><strong>Grabado contempor\u00e1neo de Puebla <\/strong>\/ Baruch Vergara<\/p>\n<p><strong>Injertos-inyecto<\/strong> \/ Humberto Figueroa<\/p>\n<p><strong>Mondo Bizarro Fest: celebrando el primer aniversario<\/strong> \/ Ralph V\u00e1zquez<\/p>\n<p><strong>Matadero Art: fundar una galer\u00eda de arte en tiempo de crisis<\/strong> \/ Dianne Br\u00e1s Feliciano<\/p>\n<p><strong>Galer\u00eda 20-20: la frescura y el riesgo de lo emergente<\/strong> \/ Laura T\u00edscar Garc\u00eda<\/p>\n<p><strong>Estudio de la condici\u00f3n del artista visual en Puerto Rico<\/strong> \/ Javier J. Hern\u00e1ndez Acosta<\/p>\n\n<\/div><\/div>\n<div class=\"accordion-item\"><a href=\"#\" class=\"accordion-title plain\"><button class=\"toggle\"><i class=\"icon-angle-down\"><\/i><\/button><span>Diciembre<\/span><\/a><div class=\"accordion-inner\">\n\n<p><strong>Materia, madre del mundo <\/strong>\/ Rosario Romero<\/p>\n<p><strong>Celebrar la vida, conmemorar el barro<\/strong> \/ Daniel Exp\u00f3sito<\/p>\n<p><strong>El peque\u00f1o formato en Matadero Art<\/strong> \/ Mar\u00eda Elba Torres<\/p>\n<p><strong>Relevos<\/strong> \/ Abdiel Segarra R\u00edos<\/p>\n<p><strong>Chew the fat, Rirkrit Tiravanija, Agustina Ferreyra y la est\u00e9tica relacional<\/strong> \/ Angel\u00ed V\u00e9lez<\/p>\n<p><strong>Poli Marichal: en el tu\u00e9tano de los huesos<\/strong> \/ Laura T\u00edscar Garc\u00eda<\/p>\n<p><strong>Campgrounds (ak): Landscape and the Uncertainty of Walking in Nature<\/strong> \/ Carlos Ruiz-Valarino<\/p>\n<p><strong>Campgrounds (ak): el paisaje y la incertidumbre de caminar en la naturaleza<\/strong> \/ Carlos Ruiz-Valarino<\/p>\n<p><strong>De Puerto Rico a Miami, un paso es<\/strong> \/ Gretchen Ruiz Ramos<\/p>\n\n<\/div><\/div>\n\n<\/div>\n","protected":false},"excerpt":{"rendered":"","protected":false},"author":3,"featured_media":0,"parent":0,"menu_order":0,"comment_status":"closed","ping_status":"closed","template":"","meta":{"footnotes":""},"class_list":["post-3198","page","type-page","status-publish","hentry"],"_links":{"self":[{"href":"https:\/\/humanidades.uprrp.edu\/visiondoble\/wp-json\/wp\/v2\/pages\/3198","targetHints":{"allow":["GET"]}}],"collection":[{"href":"https:\/\/humanidades.uprrp.edu\/visiondoble\/wp-json\/wp\/v2\/pages"}],"about":[{"href":"https:\/\/humanidades.uprrp.edu\/visiondoble\/wp-json\/wp\/v2\/types\/page"}],"author":[{"embeddable":true,"href":"https:\/\/humanidades.uprrp.edu\/visiondoble\/wp-json\/wp\/v2\/users\/3"}],"replies":[{"embeddable":true,"href":"https:\/\/humanidades.uprrp.edu\/visiondoble\/wp-json\/wp\/v2\/comments?post=3198"}],"version-history":[{"count":52,"href":"https:\/\/humanidades.uprrp.edu\/visiondoble\/wp-json\/wp\/v2\/pages\/3198\/revisions"}],"predecessor-version":[{"id":6992,"href":"https:\/\/humanidades.uprrp.edu\/visiondoble\/wp-json\/wp\/v2\/pages\/3198\/revisions\/6992"}],"wp:attachment":[{"href":"https:\/\/humanidades.uprrp.edu\/visiondoble\/wp-json\/wp\/v2\/media?parent=3198"}],"curies":[{"name":"wp","href":"https:\/\/api.w.org\/{rel}","templated":true}]}}