{"id":27,"date":"2019-02-11T15:54:46","date_gmt":"2019-02-11T19:54:46","guid":{"rendered":"http:\/\/humanidades.uprrp.edu\/visiondoble\/?page_id=27"},"modified":"2022-04-25T13:49:05","modified_gmt":"2022-04-25T17:49:05","slug":"normas-de-publicacion","status":"publish","type":"page","link":"https:\/\/humanidades.uprrp.edu\/visiondoble\/normas-de-publicacion\/","title":{"rendered":"Normas de publicaci\u00f3n"},"content":{"rendered":"<p><span style=\"font-size: 14pt;\"><em><strong>Visi\u00f3n Doble<\/strong> <\/em>acepta textos originales para evaluar su publicaci\u00f3n. Se admiten textos sin plazo definido, siempre que se ajusten al \u00e1mbito propio de la historia del arte, tanto en Puerto Rico como en un marco global.<\/span><\/p>\n<p><span style=\"font-size: 14pt;\">Los textos deben enviarse al correo electr\u00f3nico de la revista: <span style=\"text-decoration: underline;\"><strong>vision.doble@upr.edu<\/strong><\/span><\/span><br \/>\n<span style=\"font-size: 14pt;\">Se confirmar\u00e1 la recepci\u00f3n del texto a la mayor brevedad posible, tras lo cual pasar\u00e1 a un proceso de revisi\u00f3n por pares (<em>peer review<\/em>), especialistas en la materia, seg\u00fan las caracter\u00edsticas del texto y la secci\u00f3n en la que se publicar\u00e1. <\/span><\/p>\n<p>&nbsp;<\/p>\n<p><span style=\"font-family: helvetica, arial, sans-serif; font-size: 14pt;\"><strong>Proceso de revisi\u00f3n:<\/strong><\/span><\/p>\n<p><span style=\"font-size: 14pt;\">En la secci\u00f3n <strong>Art\u00edculos <\/strong>se publican textos de naturaleza acad\u00e9mica, los cuales conforman un n\u00famero anual en la revista. Todos los art\u00edculos sometidos ser\u00e1n evaluados a trav\u00e9s de un proceso de dos revisiones por parte de especialistas en la materia. Al menos una de ellas seguir\u00e1 el proceso de <em>doble<\/em> <em>ciego<\/em> (<em>double blind<\/em>) por un evaluador externo. La otra evaluaci\u00f3n pasar\u00e1 por un proceso de <em>doble ciego<\/em> o <em>ciego sencillo<\/em> (<em>single blind<\/em>), a discreci\u00f3n <\/span><span style=\"font-size: 14pt;\">del comit\u00e9 editorial de la revista o del <\/span><span style=\"font-size: 14pt;\">editor del n\u00famero (especial o tem\u00e1tico) en el que se publique, de ser el caso. <\/span><\/p>\n<p><span style=\"font-size: 14pt;\">Los textos a publicarse en otras secciones de la revista, seg\u00fan sus caracter\u00edsticas, seguir\u00e1n un proceso de revisi\u00f3n ciego sencillo o abierto, a discreci\u00f3n del comit\u00e9 editorial<\/span><span style=\"font-size: 14pt;\">. <\/span><\/p>\n<p><span style=\"font-size: 14pt;\">Los autores recibir\u00e1n, a la mayor brevedad posible, los resultados de la evaluaci\u00f3n, con la informaci\u00f3n sobre la decisi\u00f3n de aceptar o denegar la publicaci\u00f3n, o bien de recomendar que se efect\u00fae una revisi\u00f3n que contribuya a mejorar la calidad del texto.<\/span><\/p>\n<p>&nbsp;<\/p>\n<p><span style=\"font-size: 14pt;\"><strong>Normas de estilo:<\/strong><\/span><\/p>\n<p><span style=\"font-size: 14pt;\">Los textos que se env\u00eden para evaluaci\u00f3n a la revista son las siguientes:<\/span><\/p>\n<p><span style=\"font-size: 14pt;\">1. Estilo Times New Roman, tama\u00f1o 12, interlineado doble.<\/span><br \/>\n<span style=\"font-size: 14pt;\">2. La extensi\u00f3n de los textos es variable. Los textos para la secci\u00f3n Art\u00edculos deber\u00e1n ajustarse a una extensi\u00f3n aproximada de entre 5,000 y 11,000 palabras. En cualquier caso, se podr\u00e1 solicitar una reducci\u00f3n o ampliaci\u00f3n del n\u00famero de palabras para la publicaci\u00f3n, justificando su solicitud.<\/span><br \/>\n<span style=\"font-size: 14pt;\">3. Las citas y referencias bibliogr\u00e1ficas deben ajustarse al sistema <strong>MLA<\/strong>. Pueden obtener informaci\u00f3n m\u00e1s detallada en la p\u00e1gina web: <a href=\"https:\/\/style.mla.org\/\">https:\/\/www.mla.org\/style<\/a>.\u00a0 <\/span><br \/>\n<span style=\"font-size: 14pt;\">4. El texto debe contener tambi\u00e9n un <strong>resumen<\/strong> de unas 80-100 palabras y 5 palabras clave que aludan a su contenido. Tanto el resumen como las palabras clave deben enviarse tanto en espa\u00f1ol como en ingl\u00e9s.<\/span><br \/>\n<span style=\"font-size: 14pt;\">5. El texto deber\u00e1 ir ilustrado con im\u00e1genes en formato JPEG, incluyendo un <strong>calce con los datos b\u00e1sicos<\/strong> para su identificaci\u00f3n (autor, t\u00edtulo, a\u00f1o, ubicaci\u00f3n, cr\u00e9ditos correspondientes). Las im\u00e1genes deben contar con los permisos para su reproducci\u00f3n en el art\u00edculo.<\/span><\/p>\n<p><span style=\"font-size: 14pt;\">Salvo indicaci\u00f3n contraria, todos los contenidos de <em>Visi\u00f3n Doble<\/em> se distribuyen bajo una licencia de uso y distribuci\u00f3n Creative Commons Reconocimiento-Uso No Comercial- No derivados. La indicaci\u00f3n de la licencia de uso y distribuci\u00f3n, CC-by-nc-nd, ha de hacerse constar expresamente de esta forma cuando sea necesario. Puede consultar la versi\u00f3n informativa y el texto legal de dicha licencia en el siguiente enlace: http:\/\/creativecommons.org\/licenses\/by-nc-nd\/3.0\/<\/span><\/p>\n<p><span style=\"font-size: 14pt;\"><em>Visi\u00f3n Doble<\/em> es una publicaci\u00f3n incluida en la red <em>Latindex<\/em> (Sistema Regional de Informaci\u00f3n en L\u00ednea para Revistas Cient\u00edficas de Am\u00e9rica Latina, el Caribe, Espa\u00f1a y Portugal) y en <em>MIAR<\/em>.<\/span><\/p>\n<p><span style=\"font-size: 14pt;\"><em>Visi\u00f3n Doble<\/em> no comparte, necesariamente, las opiniones que sus autores puedan emitir en sus art\u00edculos.<\/span><\/p>\n","protected":false},"excerpt":{"rendered":"<p>Visi\u00f3n Doble acepta textos originales para evaluar su publicaci\u00f3n. Se admiten textos sin plazo definido, siempre que se ajusten al \u00e1mbito propio de la historia del arte, tanto en Puerto Rico como en un marco global. Los textos deben enviarse al correo electr\u00f3nico de la revista: vision.doble@upr.edu Se confirmar\u00e1 la recepci\u00f3n del texto a la [&#8230;]\n","protected":false},"author":3,"featured_media":0,"parent":0,"menu_order":0,"comment_status":"closed","ping_status":"closed","template":"","meta":{"footnotes":""},"class_list":["post-27","page","type-page","status-publish","hentry"],"_links":{"self":[{"href":"https:\/\/humanidades.uprrp.edu\/visiondoble\/wp-json\/wp\/v2\/pages\/27","targetHints":{"allow":["GET"]}}],"collection":[{"href":"https:\/\/humanidades.uprrp.edu\/visiondoble\/wp-json\/wp\/v2\/pages"}],"about":[{"href":"https:\/\/humanidades.uprrp.edu\/visiondoble\/wp-json\/wp\/v2\/types\/page"}],"author":[{"embeddable":true,"href":"https:\/\/humanidades.uprrp.edu\/visiondoble\/wp-json\/wp\/v2\/users\/3"}],"replies":[{"embeddable":true,"href":"https:\/\/humanidades.uprrp.edu\/visiondoble\/wp-json\/wp\/v2\/comments?post=27"}],"version-history":[{"count":22,"href":"https:\/\/humanidades.uprrp.edu\/visiondoble\/wp-json\/wp\/v2\/pages\/27\/revisions"}],"predecessor-version":[{"id":5849,"href":"https:\/\/humanidades.uprrp.edu\/visiondoble\/wp-json\/wp\/v2\/pages\/27\/revisions\/5849"}],"wp:attachment":[{"href":"https:\/\/humanidades.uprrp.edu\/visiondoble\/wp-json\/wp\/v2\/media?parent=27"}],"curies":[{"name":"wp","href":"https:\/\/api.w.org\/{rel}","templated":true}]}}