{"id":39,"date":"2019-09-04T18:06:52","date_gmt":"2019-09-04T18:06:52","guid":{"rendered":"http:\/\/humanidades.uprrp.edu\/seminariofedericodeonis\/?page_id=39"},"modified":"2020-01-30T14:32:42","modified_gmt":"2020-01-30T14:32:42","slug":"contacto-2","status":"publish","type":"page","link":"https:\/\/humanidades.uprrp.edu\/seminariofedericodeonis\/contacto-2\/","title":{"rendered":"Contacto"},"content":{"rendered":"<p>Dr. Miguel Angel N\u00e1ter<br \/>\nDirector<\/p>\n<p>(787) 764-0000 ext. 89514<\/p>\n<p>Seminario Federico de On\u00eds<br \/>\nFacultad de Humanidades, Edificio Pedreira, 1er piso<br \/>\nUniversidad de Puerto Rico, Recinto de R\u00edo Piedras<\/p>\n<p>&nbsp;<\/p>\n<p>&nbsp;<\/p>\n","protected":false},"excerpt":{"rendered":"<p>Dr. Miguel Angel N\u00e1ter Director (787) 764-0000 ext. 89514 Seminario Federico de On\u00eds Facultad de Humanidades, Edificio Pedreira, 1er piso Universidad de Puerto Rico, Recinto de R\u00edo Piedras &nbsp; &nbsp;<\/p>\n","protected":false},"author":2,"featured_media":0,"parent":0,"menu_order":0,"comment_status":"closed","ping_status":"closed","template":"","meta":{"footnotes":""},"class_list":["post-39","page","type-page","status-publish","hentry","column","threecol"],"_links":{"self":[{"href":"https:\/\/humanidades.uprrp.edu\/seminariofedericodeonis\/wp-json\/wp\/v2\/pages\/39","targetHints":{"allow":["GET"]}}],"collection":[{"href":"https:\/\/humanidades.uprrp.edu\/seminariofedericodeonis\/wp-json\/wp\/v2\/pages"}],"about":[{"href":"https:\/\/humanidades.uprrp.edu\/seminariofedericodeonis\/wp-json\/wp\/v2\/types\/page"}],"author":[{"embeddable":true,"href":"https:\/\/humanidades.uprrp.edu\/seminariofedericodeonis\/wp-json\/wp\/v2\/users\/2"}],"replies":[{"embeddable":true,"href":"https:\/\/humanidades.uprrp.edu\/seminariofedericodeonis\/wp-json\/wp\/v2\/comments?post=39"}],"version-history":[{"count":4,"href":"https:\/\/humanidades.uprrp.edu\/seminariofedericodeonis\/wp-json\/wp\/v2\/pages\/39\/revisions"}],"predecessor-version":[{"id":66,"href":"https:\/\/humanidades.uprrp.edu\/seminariofedericodeonis\/wp-json\/wp\/v2\/pages\/39\/revisions\/66"}],"wp:attachment":[{"href":"https:\/\/humanidades.uprrp.edu\/seminariofedericodeonis\/wp-json\/wp\/v2\/media?parent=39"}],"curies":[{"name":"wp","href":"https:\/\/api.w.org\/{rel}","templated":true}]}}

<p>Dr. Miguel Angel Náter<br />
Director</p>
<p>(787) 764-0000 ext. 89514</p>
<p>Seminario Federico de Onís<br />
Facultad de Humanidades, Edificio Pedreira, 1er piso<br />
Universidad de Puerto Rico, Recinto de Río Piedras</p>
<p>&nbsp;</p>
<p>&nbsp;</p>

<p>Dr. Miguel Angel Náter Director (787) 764-0000 ext. 89514 Seminario Federico de Onís Facultad de Humanidades, Edificio Pedreira, 1er piso Universidad de Puerto Rico, Recinto de Río Piedras &nbsp; &nbsp;</p>
