{"id":523,"date":"2021-03-01T16:35:17","date_gmt":"2021-03-01T16:35:17","guid":{"rendered":"http:\/\/humanidades.uprrp.edu\/prei\/?page_id=523"},"modified":"2024-02-16T13:06:27","modified_gmt":"2024-02-16T13:06:27","slug":"conferencias-y-foros","status":"publish","type":"page","link":"https:\/\/humanidades.uprrp.edu\/prei\/?page_id=523","title":{"rendered":"Conferencias y foros"},"content":{"rendered":"\n<p class=\"has-medium-font-size\"><em>Entre otros:<\/em><\/p>\n\n\n<p><strong>Inter-acciones creativas<\/strong><\/p>\n<p style=\"text-align: justify;\">Inter-acciones Creativas: Encuentro de Arte, Educaci\u00f3n y Acci\u00f3n Comunitaria fue un evento acad\u00e9mico-cultural que tuvo tres ediciones (2009, 2010 y 2013), como parte del proyecto de investigaci\u00f3n colaborativa Arte: \u00bfd\u00f3nde y para qui\u00e9n?, auspiciado por el Fondo Institucional para la Investigaci\u00f3n (FIPI) de la Universidad de Puerto Rico, Recinto de R\u00edo Piedras.&nbsp;Bajo la direcci\u00f3n de los profesores Lowell Fiet y Mareia Quintero Rivera, el proyecto abarc\u00f3 estudios de caso en asuntos como los carnavales y performance caribe\u00f1os; las pol\u00edticas culturales en torno a la m\u00fasica tradicional; la educaci\u00f3n teatral en las escuelas y el arte y la sanaci\u00f3n, entre otros.&nbsp;Los tres encuentros celebrados contaron con la participaci\u00f3n de profesores invitados de Brasil, Estados Unidos, Rep\u00fablica Dominicana y Trinidad y Tobago, de la comunidad universitaria del pa\u00eds, as\u00ed como de gestores, investigadores y artistas independientes.<\/p>\n<p><a href=\"https:\/\/interaccionescreativ.wixsite.com\/interacciones\">https:\/\/interaccionescreativ.wixsite.com\/interacciones<\/a><\/p>\n<p><\/p>","protected":false},"excerpt":{"rendered":"<p>Entre otros: Inter-acciones creativas Inter-acciones Creativas: Encuentro de Arte, Educaci\u00f3n y Acci\u00f3n Comunitaria fue un evento acad\u00e9mico-cultural que tuvo tres ediciones (2009, 2010 y 2013), como parte del proyecto de investigaci\u00f3n colaborativa Arte: \u00bfd\u00f3nde y para qui\u00e9n?, auspiciado por el Fondo Institucional para la Investigaci\u00f3n (FIPI) de la Universidad de &#8230;<\/p>\n","protected":false},"author":3,"featured_media":0,"parent":0,"menu_order":0,"comment_status":"closed","ping_status":"closed","template":"","meta":{"footnotes":""},"class_list":["post-523","page","type-page","status-publish","hentry","column","twocol"],"_links":{"self":[{"href":"https:\/\/humanidades.uprrp.edu\/prei\/index.php?rest_route=\/wp\/v2\/pages\/523","targetHints":{"allow":["GET"]}}],"collection":[{"href":"https:\/\/humanidades.uprrp.edu\/prei\/index.php?rest_route=\/wp\/v2\/pages"}],"about":[{"href":"https:\/\/humanidades.uprrp.edu\/prei\/index.php?rest_route=\/wp\/v2\/types\/page"}],"author":[{"embeddable":true,"href":"https:\/\/humanidades.uprrp.edu\/prei\/index.php?rest_route=\/wp\/v2\/users\/3"}],"replies":[{"embeddable":true,"href":"https:\/\/humanidades.uprrp.edu\/prei\/index.php?rest_route=%2Fwp%2Fv2%2Fcomments&post=523"}],"version-history":[{"count":4,"href":"https:\/\/humanidades.uprrp.edu\/prei\/index.php?rest_route=\/wp\/v2\/pages\/523\/revisions"}],"predecessor-version":[{"id":649,"href":"https:\/\/humanidades.uprrp.edu\/prei\/index.php?rest_route=\/wp\/v2\/pages\/523\/revisions\/649"}],"wp:attachment":[{"href":"https:\/\/humanidades.uprrp.edu\/prei\/index.php?rest_route=%2Fwp%2Fv2%2Fmedia&parent=523"}],"curies":[{"name":"wp","href":"https:\/\/api.w.org\/{rel}","templated":true}]}}