{"id":45,"date":"2013-11-18T14:35:03","date_gmt":"2013-11-18T14:35:03","guid":{"rendered":"http:\/\/humanidades.uprrp.edu\/prei\/?page_id=45"},"modified":"2025-10-24T17:59:16","modified_gmt":"2025-10-24T17:59:16","slug":"que-es-el-programa-en-estudios-interdisciplinarios-2","status":"publish","type":"page","link":"https:\/\/humanidades.uprrp.edu\/prei\/","title":{"rendered":"\u00bfQu\u00e9 es el Programa en Estudios Interdisciplinarios?"},"content":{"rendered":"<p style=\"text-align: justify;\"><a href=\"https:\/\/humanidades.uprrp.edu\/prei\/wp-content\/uploads\/2013\/11\/prei1.png\"><img loading=\"lazy\" decoding=\"async\" class=\"size-medium wp-image-157 alignleft\" src=\"https:\/\/humanidades.uprrp.edu\/prei\/wp-content\/uploads\/2013\/11\/prei1-203x300.png\" alt=\"prei1\" width=\"203\" height=\"300\" srcset=\"https:\/\/humanidades.uprrp.edu\/prei\/wp-content\/uploads\/2013\/11\/prei1-203x300.png 203w, https:\/\/humanidades.uprrp.edu\/prei\/wp-content\/uploads\/2013\/11\/prei1.png 337w\" sizes=\"auto, (max-width: 203px) 100vw, 203px\" \/><\/a><\/p>\n<p>El Programa en Estudios Interdisciplinarios (PREI) es un espacio acad\u00e9mico din\u00e1mico con \u00e1reas de \u00e9nfasis en Escritura Creativa, Estudios Prejur\u00eddicos,\u00a0Estudios de Cine y Audiovisual y Estudios Individualizados. El PREI es\u00a0uno de los programas con mayor matr\u00edcula en la Facultad de Humanidades. Ofrece cursos que cruzan fronteras entre las artes y las ciencias, la teor\u00eda y la pr\u00e1ctica.<\/p>\n<p>Lxs estudiantes de Estudios individualizados tienen la posibilidad de crear su propia \u00e1rea de \u00e9nfasis, vinculando diversos saberes as\u00ed como explorando campos interdisciplinarios como las Relaciones Internacionales, los Estudios en Performance, entre otros.\u00a0 Las combinaciones son ilimitadas. Con asesoramiento acad\u00e9mico, lxs estudiantes motivadxs y responsables pueden definir su propia \u00e1rea de \u00e9nfasis, hecha a la medida de sus intereses.<\/p>\n<p>Complementan las cuatro \u00e1reas de \u00e9nfasis del PREI las concentraciones menores en Humanidades M\u00e9dicas y Humanidades Digitales, as\u00ed como el Programa de Educaci\u00f3n Universitaria a Personas Privadas de la Libertad en colaboraci\u00f3n con el Departamento de Correcci\u00f3n y Rehabilitaci\u00f3n de Puerto Rico.<\/p>\n<p>El Programa coordina tambi\u00e9n internados\u00a0en diversas instituciones tanto p\u00fablicas como privadas y sin fines de lucro del Pa\u00eds. Por otro lado, se estimula a lxs estudiantes para que participen en los programas de intercambio internacional que ofrece la Universidad de Puerto Rico.<\/p>\n<p>Una de nuestras principales apuestas acad\u00e9micas es la renovaci\u00f3n. El PREI est\u00e1 inmerso en un proceso continuo de revisi\u00f3n y cambio con miras a ampliar su actuaci\u00f3n como lugar de apoyo al di\u00e1logo entre profesores y estudiantes de diferentes disciplinas. A tono con la oferta acad\u00e9mica del programa, se auspician foros, conferencias y talleres con el profesorado invitado.<\/p>\n<p>De eso y mucho m\u00e1s se trata este Programa excepcional.<\/p>\n","protected":false},"excerpt":{"rendered":"<p>El Programa en Estudios Interdisciplinarios (PREI) es un espacio acad\u00e9mico din\u00e1mico con \u00e1reas de \u00e9nfasis en Escritura Creativa, Estudios Prejur\u00eddicos,\u00a0Estudios de Cine y Audiovisual y Estudios Individualizados. El PREI es\u00a0uno de los programas con mayor matr\u00edcula en la Facultad de Humanidades. Ofrece cursos que cruzan fronteras entre las artes y &#8230;<\/p>\n","protected":false},"author":3,"featured_media":0,"parent":0,"menu_order":0,"comment_status":"closed","ping_status":"closed","template":"","meta":{"footnotes":""},"class_list":["post-45","page","type-page","status-publish","hentry","column","twocol"],"_links":{"self":[{"href":"https:\/\/humanidades.uprrp.edu\/prei\/index.php?rest_route=\/wp\/v2\/pages\/45","targetHints":{"allow":["GET"]}}],"collection":[{"href":"https:\/\/humanidades.uprrp.edu\/prei\/index.php?rest_route=\/wp\/v2\/pages"}],"about":[{"href":"https:\/\/humanidades.uprrp.edu\/prei\/index.php?rest_route=\/wp\/v2\/types\/page"}],"author":[{"embeddable":true,"href":"https:\/\/humanidades.uprrp.edu\/prei\/index.php?rest_route=\/wp\/v2\/users\/3"}],"replies":[{"embeddable":true,"href":"https:\/\/humanidades.uprrp.edu\/prei\/index.php?rest_route=%2Fwp%2Fv2%2Fcomments&post=45"}],"version-history":[{"count":10,"href":"https:\/\/humanidades.uprrp.edu\/prei\/index.php?rest_route=\/wp\/v2\/pages\/45\/revisions"}],"predecessor-version":[{"id":711,"href":"https:\/\/humanidades.uprrp.edu\/prei\/index.php?rest_route=\/wp\/v2\/pages\/45\/revisions\/711"}],"wp:attachment":[{"href":"https:\/\/humanidades.uprrp.edu\/prei\/index.php?rest_route=%2Fwp%2Fv2%2Fmedia&parent=45"}],"curies":[{"name":"wp","href":"https:\/\/api.w.org\/{rel}","templated":true}]}}