{"id":39,"date":"2013-11-18T14:33:29","date_gmt":"2013-11-18T14:33:29","guid":{"rendered":"http:\/\/humanidades.uprrp.edu\/prei\/?page_id=39"},"modified":"2024-10-24T14:24:23","modified_gmt":"2024-10-24T14:24:23","slug":"estudios-prejuridicos-2","status":"publish","type":"page","link":"https:\/\/humanidades.uprrp.edu\/prei\/?page_id=39","title":{"rendered":"Estudios Prejur\u00eddicos"},"content":{"rendered":"<p>Se propone familiarizar a lxs estudiantes con lo que implica el estudio del derecho y la relaci\u00f3n de esa disciplina con la sociedad. Ofrece a lxs estudiantes una visi\u00f3n interdisciplinaria entre las ciencias sociales y las\u00a0humanidades, que lxs forme tanto en conocimiento de la realidad puertorrique\u00f1a como en pensamiento cr\u00edtico, apreciaci\u00f3n y conocimiento de la cultura y las artes, para que en el futuro sean seres humanos solidarios, reflexivos, creativos y \u00e9ticos. Si lxs encaminamxs en esta direcci\u00f3n, tendr\u00e1n a la mano recursos para ser competitivxs a la hora de solicitar a escuelas de derecho, si as\u00ed lo desean. Estos haberes tambi\u00e9n lxs hacen competitivxs para el mercado laboral en general.<\/p>\n<p style=\"text-align: justify;\">*Cabe agregar que lxs estudiantes de Estudios Prejur\u00eddicos que deseen sustituir el <strong>ESIN 4395\u00a0 Internado Interdisciplinario <\/strong>por\u00a0 <strong>ESIN 4012\u00a0 Internado en cl\u00ednica de asistencia legal y <\/strong>su segunda parte optativa <strong>ESIN 4013\u00a0 Internado en cl\u00ednica de asistencia legal<\/strong>, deber\u00e1n rellenar el formulario incluido aqu\u00ed antes del comienzo de clases y hac\u00e9rselo llegar a la asistente administrativa Magdaly Pastrana (<a href=\"mailto:magdaly.pastrana@upr.edu\">magdaly.pastrana@upr.edu<\/a>).<\/p>\n<p style=\"text-align: justify;\">\u00a0<\/p>\n<p style=\"text-align: center;\" align=\"center\"><a href=\"https:\/\/drive.google.com\/file\/d\/1YEt2yjcAPr4No8GNzAvwMYzuWrx-fdCv\/view?usp=drive_link\">Hoja de evaluaci\u00f3n acad\u00e9mica de Estudios Prejur\u00eddicos <\/a><br \/>(Para estudiantes de ingreso anterior a agosto 2021)<\/p>\n<p style=\"text-align: center;\" align=\"center\"><a href=\"https:\/\/drive.google.com\/file\/d\/19SQT4YUeCEOI8m_jvF4v2dIMGTBPhLkW\/view?usp=drive_link\">Hoja de evaluaci\u00f3n acad\u00e9mica de Estudios Prejur\u00eddicos <\/a><br \/>(Para estudiantes admitidos a partir de agosto 2021)<\/p>\n<p style=\"text-align: left;\" align=\"center\"><a href=\"https:\/\/nam02.safelinks.protection.outlook.com\/?url=https%3A%2F%2Fdrive.google.com%2Ffile%2Fd%2F1JJ2l5h6bRdI8MZGIim93zX_LETvcQLDt%2Fview&amp;data=05%7C02%7Cmaricarmen.noble%40upr.edu%7C43c0f75256114f36e29d08dcf3cde27c%7C0dfa5dc0036f461599e494af822f2b84%7C0%7C0%7C638653312795339981%7CUnknown%7CTWFpbGZsb3d8eyJWIjoiMC4wLjAwMDAiLCJQIjoiV2luMzIiLCJBTiI6Ik1haWwiLCJXVCI6Mn0%3D%7C0%7C%7C%7C&amp;sdata=77c3GNgXxkfSRybGo4RsyrNPHZ3bgfCXUwsMm8eoy%2Bo%3D&amp;reserved=0\">Opciones de cursos de selecci\u00f3n dirigida que escoger: Estudios Prejur\u00eddicos\u00a0<\/a><br \/>(Para estudiantes de ingreso anterior a agosto de 2021, deben atenerse al n\u00famero de cr\u00e9ditos indicados en la hoja para Cursos de selecci\u00f3n dirigida en Ciencias Sociales y Cursos de selecci\u00f3n dirigida en general; para estudiantes de ingreso posterior a agosto de 2021, pueden escoger cursos de selecci\u00f3n dirigida de cualesquiera de los dos apartados, sin observar n\u00famero de cr\u00e9ditos en cada cual. Si hay un curso que re\u00fana los requisitos de selecci\u00f3n dirigida y que no aparezca en la lista, puede solicitarle a la direcci\u00f3n del PREI antes de matricular el mismo que se le convalide como selecci\u00f3n dirigida.)<\/p>\n\n\n<p><a href=\"https:\/\/docs.google.com\/document\/d\/13jGRGg-5CczVpQTKrnERmyUUpbB2Gn1J\/edit?usp=sharing&amp;ouid=116543528741805501457&amp;rtpof=true&amp;sd=true\">Solicitud de internado:<\/a> <strong>ESIN 4012&nbsp; Internado en cl\u00ednica de asistencia legal <\/strong>y segunda parte optativa <strong>ESIN 4013&nbsp; Internado en cl\u00ednica de asistencia legal.<\/strong> (Es requisito que de tomar este internado, y no el Internado interdisciplinario, tome las dos partes. Y de hacerlo, deber\u00e1 llenar la soiicitud de enlace cada semestre y enviarla al \/ a la Asistente Administrativo\/a en la primera semana de clase o antes.)<\/p>\n\n\n\n<p><\/p>\n","protected":false},"excerpt":{"rendered":"<p>Se propone familiarizar a lxs estudiantes con lo que implica el estudio del derecho y la relaci\u00f3n de esa disciplina con la sociedad. Ofrece a lxs estudiantes una visi\u00f3n interdisciplinaria entre las ciencias sociales y las\u00a0humanidades, que lxs forme tanto en conocimiento de la realidad puertorrique\u00f1a como en pensamiento cr\u00edtico, &#8230;<\/p>\n","protected":false},"author":3,"featured_media":0,"parent":0,"menu_order":0,"comment_status":"closed","ping_status":"closed","template":"","meta":{"footnotes":""},"class_list":["post-39","page","type-page","status-publish","hentry","column","twocol"],"_links":{"self":[{"href":"https:\/\/humanidades.uprrp.edu\/prei\/index.php?rest_route=\/wp\/v2\/pages\/39","targetHints":{"allow":["GET"]}}],"collection":[{"href":"https:\/\/humanidades.uprrp.edu\/prei\/index.php?rest_route=\/wp\/v2\/pages"}],"about":[{"href":"https:\/\/humanidades.uprrp.edu\/prei\/index.php?rest_route=\/wp\/v2\/types\/page"}],"author":[{"embeddable":true,"href":"https:\/\/humanidades.uprrp.edu\/prei\/index.php?rest_route=\/wp\/v2\/users\/3"}],"replies":[{"embeddable":true,"href":"https:\/\/humanidades.uprrp.edu\/prei\/index.php?rest_route=%2Fwp%2Fv2%2Fcomments&post=39"}],"version-history":[{"count":36,"href":"https:\/\/humanidades.uprrp.edu\/prei\/index.php?rest_route=\/wp\/v2\/pages\/39\/revisions"}],"predecessor-version":[{"id":699,"href":"https:\/\/humanidades.uprrp.edu\/prei\/index.php?rest_route=\/wp\/v2\/pages\/39\/revisions\/699"}],"wp:attachment":[{"href":"https:\/\/humanidades.uprrp.edu\/prei\/index.php?rest_route=%2Fwp%2Fv2%2Fmedia&parent=39"}],"curies":[{"name":"wp","href":"https:\/\/api.w.org\/{rel}","templated":true}]}}