{"id":9,"date":"2016-11-02T15:45:22","date_gmt":"2016-11-02T15:45:22","guid":{"rendered":"https:\/\/humanidades.uprrp.edu\/musica\/?page_id=9"},"modified":"2016-11-02T16:02:39","modified_gmt":"2016-11-02T20:02:39","slug":"profa-carmen-acevedo-lucio","status":"publish","type":"page","link":"https:\/\/humanidades.uprrp.edu\/musica\/index.php\/profa-carmen-acevedo-lucio\/","title":{"rendered":"Profa. Carmen Acevedo Luc\u00edo, Catedr\u00e1tica"},"content":{"rendered":"<p><a href=\"https:\/\/humanidades.uprrp.edu\/musica\/wp-content\/uploads\/2016\/11\/4780247026_093baa5cc8_b.jpg\"><img loading=\"lazy\" decoding=\"async\" class=\"wp-image-121 alignleft\" src=\"https:\/\/humanidades.uprrp.edu\/musica\/wp-content\/uploads\/2016\/11\/4780247026_093baa5cc8_b-200x300.jpg\" alt=\"4780247026_093baa5cc8_b\" width=\"217\" height=\"308\" \/><\/a>A.B.D. Direcci\u00f3n Coral<br \/>\nUniversity of Illinois, at Urbana-Champaign<\/p>\n<p>M. M. Direcci\u00f3n Coral<br \/>\nCollege Conservatory of Music, University of Cincinnati, OH, 1976<\/p>\n<p>B.A. Concentraci\u00f3n en M\u00fasica<br \/>\nFacultad de Humanidades<br \/>\nUniversidad de Puerto Rico, 1974<\/p>\n","protected":false},"excerpt":{"rendered":"<p>A.B.D. Direcci\u00f3n Coral University of Illinois, at Urbana-Champaign M. M. Direcci\u00f3n Coral College Conservatory of Music, University of Cincinnati, OH, 1976 B.A. Concentraci\u00f3n en M\u00fasica Facultad de Humanidades Universidad de Puerto Rico, 1974<\/p>\n","protected":false},"author":3,"featured_media":0,"parent":0,"menu_order":0,"comment_status":"closed","ping_status":"closed","template":"","meta":{"footnotes":""},"class_list":["post-9","page","type-page","status-publish","hentry","column","twocol"],"_links":{"self":[{"href":"https:\/\/humanidades.uprrp.edu\/musica\/index.php\/wp-json\/wp\/v2\/pages\/9","targetHints":{"allow":["GET"]}}],"collection":[{"href":"https:\/\/humanidades.uprrp.edu\/musica\/index.php\/wp-json\/wp\/v2\/pages"}],"about":[{"href":"https:\/\/humanidades.uprrp.edu\/musica\/index.php\/wp-json\/wp\/v2\/types\/page"}],"author":[{"embeddable":true,"href":"https:\/\/humanidades.uprrp.edu\/musica\/index.php\/wp-json\/wp\/v2\/users\/3"}],"replies":[{"embeddable":true,"href":"https:\/\/humanidades.uprrp.edu\/musica\/index.php\/wp-json\/wp\/v2\/comments?post=9"}],"version-history":[{"count":7,"href":"https:\/\/humanidades.uprrp.edu\/musica\/index.php\/wp-json\/wp\/v2\/pages\/9\/revisions"}],"predecessor-version":[{"id":126,"href":"https:\/\/humanidades.uprrp.edu\/musica\/index.php\/wp-json\/wp\/v2\/pages\/9\/revisions\/126"}],"wp:attachment":[{"href":"https:\/\/humanidades.uprrp.edu\/musica\/index.php\/wp-json\/wp\/v2\/media?parent=9"}],"curies":[{"name":"wp","href":"https:\/\/api.w.org\/{rel}","templated":true}]}}