{"id":7,"date":"2016-11-02T15:44:52","date_gmt":"2016-11-02T15:44:52","guid":{"rendered":"https:\/\/humanidades.uprrp.edu\/musica\/?page_id=7"},"modified":"2020-11-18T13:29:00","modified_gmt":"2020-11-18T17:29:00","slug":"facultad","status":"publish","type":"page","link":"https:\/\/humanidades.uprrp.edu\/musica\/index.php\/facultad\/","title":{"rendered":"Facultad"},"content":{"rendered":"<p><a href=\"https:\/\/humanidades.uprrp.edu\/musica\/index.php\/profa-carmen-acevedo-lucio\/\">Profa. Carmen Acevedo Luc\u00edo<br \/>\n<\/a>Catedr\u00e1tica<\/p>\n<p><a href=\"https:\/\/humanidades.uprrp.edu\/musica\/index.php\/dr-ernesto-alonso-rivera-catedratico\/\">Dr. Ernesto Alonso Rivera<br \/>\n<\/a>Catedr\u00e1tico<\/p>\n<p><a href=\"https:\/\/humanidades.uprrp.edu\/musica\/index.php\/prof-luis-m-alvarez-santana-catedratico\/\">Prof. Luis M. \u00c1lvarez Santana<br \/>\n<\/a>Catedr\u00e1tico<\/p>\n<p><a href=\"https:\/\/humanidades.uprrp.edu\/musica\/index.php\/dr-carlos-r-cabrer-montalvo-catedratico-asociado\/\">Dr. Carlos R. Cabrer Montalvo<br \/>\n<\/a>Catedr\u00e1tico Asociado<\/p>\n<p><a href=\"https:\/\/humanidades.uprrp.edu\/musica\/index.php\/dr-jose-r-iguina-monrozeau-catedratico\/\">Dr. Jos\u00e9 R. Iguina Monrozeau<br \/>\n<\/a>Catedr\u00e1tico<\/p>\n<p><a href=\"https:\/\/humanidades.uprrp.edu\/musica\/index.php\/dra-ping-hui-li-catedratica-auxiliar\/\">Dra. Ping Hui Li<br \/>\n<\/a>Catedr\u00e1tica<\/p>\n<p><a href=\"https:\/\/humanidades.uprrp.edu\/musica\/index.php\/dr-samuel-perez-quinones-catedratico\/\">Dr. Samuel P\u00e9rez Qui\u00f1ones<br \/>\n<\/a>Catedr\u00e1ticao<\/p>\n<p><a href=\"https:\/\/humanidades.uprrp.edu\/musica\/index.php\/dra-nora-e-ponte-cobo-catedratica-asociada\/\">Dra. Nora E. Ponte Cobo<\/a><br \/>\nCatedr\u00e1tica Asociada<\/p>\n<p><a href=\"https:\/\/humanidades.uprrp.edu\/musica\/index.php\/dr-felix-rivera-guzman-catedratico\/\">Dr. F\u00e9lix Rivera Guzm\u00e1n<br \/>\n<\/a>Catedr\u00e1tico<\/p>\n<p><a href=\"https:\/\/humanidades.uprrp.edu\/musica\/index.php\/prof-harry-rosario-camareno-catedratico-asociado\/\">Prof. Harry Rosario Camareno<br \/>\n<\/a>Catedr\u00e1tico Asociado<\/p>\n<p><a href=\"https:\/\/humanidades.uprrp.edu\/musica\/index.php\/prof-juan-sorroche-fraticelli-catedratico-asociado\/\">Prof. Juan Sorroche Fraticelli<\/a><br \/>\nCatedr\u00e1tico Asociado<\/p>\n<p><a href=\"https:\/\/humanidades.uprrp.edu\/musica\/index.php\/nelson-corchado-gonzalez\/\">Nelson Corchado Gonz\u00e1lez<\/a><br \/>\nCatedr\u00e1tico Auxiliar<\/p>\n<p><a href=\"https:\/\/humanidades.uprrp.edu\/musica\/index.php\/dr-irvin-santiago-diaz-catedratico-auxiliar\/\">Irvin Santiago D\u00edaz<\/a><br \/>\nCatedr\u00e1tico Auxiliar<\/p>\n<p>&nbsp;<\/p>\n<p>&nbsp;<\/p>\n<p>&nbsp;<\/p>\n","protected":false},"excerpt":{"rendered":"<p>Profa. Carmen Acevedo Luc\u00edo Catedr\u00e1tica Dr. Ernesto Alonso Rivera Catedr\u00e1tico Prof. Luis M. \u00c1lvarez Santana Catedr\u00e1tico Dr. Carlos R. Cabrer Montalvo Catedr\u00e1tico Asociado Dr. Jos\u00e9 R. Iguina Monrozeau Catedr\u00e1tico Dra. Ping Hui Li Catedr\u00e1tica Dr. Samuel P\u00e9rez Qui\u00f1ones Catedr\u00e1ticao Dra. Nora E. Ponte Cobo Catedr\u00e1tica Asociada Dr. F\u00e9lix Rivera Guzm\u00e1n &#8230;<\/p>\n","protected":false},"author":3,"featured_media":0,"parent":0,"menu_order":0,"comment_status":"closed","ping_status":"closed","template":"","meta":{"footnotes":""},"class_list":["post-7","page","type-page","status-publish","hentry","column","twocol"],"_links":{"self":[{"href":"https:\/\/humanidades.uprrp.edu\/musica\/index.php\/wp-json\/wp\/v2\/pages\/7","targetHints":{"allow":["GET"]}}],"collection":[{"href":"https:\/\/humanidades.uprrp.edu\/musica\/index.php\/wp-json\/wp\/v2\/pages"}],"about":[{"href":"https:\/\/humanidades.uprrp.edu\/musica\/index.php\/wp-json\/wp\/v2\/types\/page"}],"author":[{"embeddable":true,"href":"https:\/\/humanidades.uprrp.edu\/musica\/index.php\/wp-json\/wp\/v2\/users\/3"}],"replies":[{"embeddable":true,"href":"https:\/\/humanidades.uprrp.edu\/musica\/index.php\/wp-json\/wp\/v2\/comments?post=7"}],"version-history":[{"count":10,"href":"https:\/\/humanidades.uprrp.edu\/musica\/index.php\/wp-json\/wp\/v2\/pages\/7\/revisions"}],"predecessor-version":[{"id":261,"href":"https:\/\/humanidades.uprrp.edu\/musica\/index.php\/wp-json\/wp\/v2\/pages\/7\/revisions\/261"}],"wp:attachment":[{"href":"https:\/\/humanidades.uprrp.edu\/musica\/index.php\/wp-json\/wp\/v2\/media?parent=7"}],"curies":[{"name":"wp","href":"https:\/\/api.w.org\/{rel}","templated":true}]}}