{"id":41,"date":"2016-11-02T14:38:39","date_gmt":"2016-11-02T18:38:39","guid":{"rendered":"https:\/\/humanidades.uprrp.edu\/musica\/?page_id=41"},"modified":"2020-11-18T13:32:37","modified_gmt":"2020-11-18T17:32:37","slug":"banda-sinfonica","status":"publish","type":"page","link":"https:\/\/humanidades.uprrp.edu\/musica\/index.php\/banda-sinfonica\/","title":{"rendered":"Banda Sinf\u00f3nica"},"content":{"rendered":"<p>Originalmente fue la Banda del ROTC y en 1972 pas\u00f3 al Decanato de Estudiantes como agrupaci\u00f3n recreativa.\u00a0 En 1977 se transfiri\u00f3 al Departamento de M\u00fasica como agrupaci\u00f3n acad\u00e9mica. Incluye repertorio sinf\u00f3nico y popular trascrito para este medio.\u00a0 Su actual director es el Prof. Nelson Corchado Gonz\u00e1lez.<\/p>\n<p>Vis\u00edtanos en Facebook: <a href=\"https:\/\/www.facebook.com\/bandauprrp\/\">https:\/\/www.facebook.com\/bandauprrp\/<\/a><\/p>\n<p><img loading=\"lazy\" decoding=\"async\" class=\"alignnone wp-image-263 size-full\" src=\"https:\/\/humanidades.uprrp.edu\/musica\/wp-content\/uploads\/2020\/11\/banda-sinfonica-e1605720747561.png\" alt=\"\" width=\"975\" height=\"426\" srcset=\"https:\/\/humanidades.uprrp.edu\/musica\/wp-content\/uploads\/2020\/11\/banda-sinfonica-e1605720747561.png 975w, https:\/\/humanidades.uprrp.edu\/musica\/wp-content\/uploads\/2020\/11\/banda-sinfonica-e1605720747561-300x131.png 300w, https:\/\/humanidades.uprrp.edu\/musica\/wp-content\/uploads\/2020\/11\/banda-sinfonica-e1605720747561-768x336.png 768w, https:\/\/humanidades.uprrp.edu\/musica\/wp-content\/uploads\/2020\/11\/banda-sinfonica-e1605720747561-700x306.png 700w, https:\/\/humanidades.uprrp.edu\/musica\/wp-content\/uploads\/2020\/11\/banda-sinfonica-e1605720747561-332x145.png 332w\" sizes=\"auto, (max-width: 975px) 100vw, 975px\" \/><\/p>\n","protected":false},"excerpt":{"rendered":"<p>Originalmente fue la Banda del ROTC y en 1972 pas\u00f3 al Decanato de Estudiantes como agrupaci\u00f3n recreativa.\u00a0 En 1977 se transfiri\u00f3 al Departamento de M\u00fasica como agrupaci\u00f3n acad\u00e9mica. Incluye repertorio sinf\u00f3nico y popular trascrito para este medio.\u00a0 Su actual director es el Prof. Nelson Corchado Gonz\u00e1lez. Vis\u00edtanos en Facebook: https:\/\/www.facebook.com\/bandauprrp\/<\/p>\n","protected":false},"author":3,"featured_media":0,"parent":0,"menu_order":0,"comment_status":"closed","ping_status":"closed","template":"","meta":{"footnotes":""},"class_list":["post-41","page","type-page","status-publish","hentry","column","twocol"],"_links":{"self":[{"href":"https:\/\/humanidades.uprrp.edu\/musica\/index.php\/wp-json\/wp\/v2\/pages\/41","targetHints":{"allow":["GET"]}}],"collection":[{"href":"https:\/\/humanidades.uprrp.edu\/musica\/index.php\/wp-json\/wp\/v2\/pages"}],"about":[{"href":"https:\/\/humanidades.uprrp.edu\/musica\/index.php\/wp-json\/wp\/v2\/types\/page"}],"author":[{"embeddable":true,"href":"https:\/\/humanidades.uprrp.edu\/musica\/index.php\/wp-json\/wp\/v2\/users\/3"}],"replies":[{"embeddable":true,"href":"https:\/\/humanidades.uprrp.edu\/musica\/index.php\/wp-json\/wp\/v2\/comments?post=41"}],"version-history":[{"count":5,"href":"https:\/\/humanidades.uprrp.edu\/musica\/index.php\/wp-json\/wp\/v2\/pages\/41\/revisions"}],"predecessor-version":[{"id":264,"href":"https:\/\/humanidades.uprrp.edu\/musica\/index.php\/wp-json\/wp\/v2\/pages\/41\/revisions\/264"}],"wp:attachment":[{"href":"https:\/\/humanidades.uprrp.edu\/musica\/index.php\/wp-json\/wp\/v2\/media?parent=41"}],"curies":[{"name":"wp","href":"https:\/\/api.w.org\/{rel}","templated":true}]}}