{"id":34,"date":"2016-11-02T14:25:22","date_gmt":"2016-11-02T18:25:22","guid":{"rendered":"https:\/\/humanidades.uprrp.edu\/musica\/?page_id=34"},"modified":"2024-10-30T10:10:19","modified_gmt":"2024-10-30T14:10:19","slug":"inicio","status":"publish","type":"page","link":"https:\/\/humanidades.uprrp.edu\/musica\/","title":{"rendered":"Sobre nosotros"},"content":{"rendered":"\n<p>Nuestro Departamento ofrece a sus estudiantes un programa de estudios conducentes al grado de Bachillerato en Artes con concentraci\u00f3n en M\u00fasica. Adem\u00e1s ofrece todos los cursos de m\u00fasica conducentes al grado de Bachillerato en Educaci\u00f3n Musical. <\/p>\n\n\n\n<p>El Departamento de M\u00fasica promueve una formaci\u00f3n musical desde una perspectiva humanista de manera tal que conjugue la ejecuci\u00f3n, tanto instrumental como vocal, con la dimensi\u00f3n te\u00f3rica que conlleva an\u00e1lisis, investigaci\u00f3n y capacidad cr\u00edtica. <\/p>\n\n\n\n<p>Esperamos que esta actividad acad\u00e9mica permita al egresado insertarse en los quehaceres musicales y educativos del campo de la M\u00fasica en Puerto Rico o en otros pa\u00edses<\/p>\n\n\n<div class=\"wp-block-image\">\n<figure class=\"aligncenter size-large is-resized\"><img loading=\"lazy\" decoding=\"async\" src=\"https:\/\/humanidades.uprrp.edu\/musica\/wp-content\/uploads\/2024\/10\/326069188_648100470448766_4539122295971140335_n-1024x1024.jpg\" alt=\"\" class=\"wp-image-396\" width=\"355\" height=\"355\" srcset=\"https:\/\/humanidades.uprrp.edu\/musica\/wp-content\/uploads\/2024\/10\/326069188_648100470448766_4539122295971140335_n-1024x1024.jpg 1024w, https:\/\/humanidades.uprrp.edu\/musica\/wp-content\/uploads\/2024\/10\/326069188_648100470448766_4539122295971140335_n-300x300.jpg 300w, https:\/\/humanidades.uprrp.edu\/musica\/wp-content\/uploads\/2024\/10\/326069188_648100470448766_4539122295971140335_n-150x150.jpg 150w, https:\/\/humanidades.uprrp.edu\/musica\/wp-content\/uploads\/2024\/10\/326069188_648100470448766_4539122295971140335_n-768x768.jpg 768w, https:\/\/humanidades.uprrp.edu\/musica\/wp-content\/uploads\/2024\/10\/326069188_648100470448766_4539122295971140335_n-700x700.jpg 700w, https:\/\/humanidades.uprrp.edu\/musica\/wp-content\/uploads\/2024\/10\/326069188_648100470448766_4539122295971140335_n-332x332.jpg 332w, https:\/\/humanidades.uprrp.edu\/musica\/wp-content\/uploads\/2024\/10\/326069188_648100470448766_4539122295971140335_n-432x432.jpg 432w, https:\/\/humanidades.uprrp.edu\/musica\/wp-content\/uploads\/2024\/10\/326069188_648100470448766_4539122295971140335_n-268x268.jpg 268w, https:\/\/humanidades.uprrp.edu\/musica\/wp-content\/uploads\/2024\/10\/326069188_648100470448766_4539122295971140335_n.jpg 1080w\" sizes=\"auto, (max-width: 355px) 100vw, 355px\" \/><\/figure><\/div>\n\n\n<hr class=\"wp-block-separator has-alpha-channel-opacity\"\/>\n\n\n\n<h2 class=\"wp-block-heading has-text-align-center\">Conoce nuestras agrupaciones estudiantiles<\/h2>\n\n\n\n<div class=\"wp-block-columns is-layout-flex wp-container-core-columns-is-layout-9d6595d7 wp-block-columns-is-layout-flex\">\n<div class=\"wp-block-column is-layout-flow wp-block-column-is-layout-flow\"><div class=\"wp-block-image\">\n<figure class=\"alignleft size-large is-resized\"><a href=\"https:\/\/www.instagram.com\/musicauprrp\/\"><img loading=\"lazy\" decoding=\"async\" src=\"https:\/\/humanidades.uprrp.edu\/musica\/wp-content\/uploads\/2024\/10\/siguenos-1024x483.png\" alt=\"\" class=\"wp-image-403\" width=\"256\" height=\"121\" srcset=\"https:\/\/humanidades.uprrp.edu\/musica\/wp-content\/uploads\/2024\/10\/siguenos-1024x483.png 1024w, https:\/\/humanidades.uprrp.edu\/musica\/wp-content\/uploads\/2024\/10\/siguenos-300x142.png 300w, https:\/\/humanidades.uprrp.edu\/musica\/wp-content\/uploads\/2024\/10\/siguenos-768x362.png 768w, https:\/\/humanidades.uprrp.edu\/musica\/wp-content\/uploads\/2024\/10\/siguenos-700x330.png 700w, https:\/\/humanidades.uprrp.edu\/musica\/wp-content\/uploads\/2024\/10\/siguenos-332x157.png 332w, https:\/\/humanidades.uprrp.edu\/musica\/wp-content\/uploads\/2024\/10\/siguenos.png 1225w\" sizes=\"auto, (max-width: 256px) 100vw, 256px\" \/><\/a><\/figure><\/div>\n\n\n<p><br><br><br><br><\/p>\n<\/div>\n\n\n\n<div class=\"wp-block-column is-layout-flow wp-block-column-is-layout-flow\">\n<p><a href=\"https:\/\/www.instagram.com\/bandasinfonicauprrp\/\"><\/a><a href=\"https:\/\/www.instagram.com\/corouprrp\/\">Coro de la Universidad<\/a><br><a href=\"https:\/\/www.instagram.com\/bandasinfonicauprrp\/\">Banda Sinf\u00f3nica<\/a><br><a href=\"https:\/\/www.instagram.com\/coraliaupr\/\">Coralia<\/a><br><a href=\"https:\/\/www.instagram.com\/tallerdeteatroliricouprrp\/\">Taller de Teatro L\u00edrico<\/a><a href=\"https:\/\/humanidades.uprrp.edu\/musica\/index.php\/collegium-musicum\/\"><br><\/a><a href=\"https:\/\/www.instagram.com\/orquesta_de_camara_uprrp\/\">Orquesta de C\u00e1mara<\/a><br><a href=\"https:\/\/www.instagram.com\/tallerdejazzupr\/\">Taller de Jazz y M\u00fasica Popular<\/a><\/p>\n<\/div>\n\n\n\n<div class=\"wp-block-column is-layout-flow wp-block-column-is-layout-flow\">\n<p><a href=\"https:\/\/humanidades.uprrp.edu\/musica\/index.php\/conjunto-de-guitarras-clasicas\/\">Conjunto de guitarras<\/a><br><a href=\"https:\/\/humanidades.uprrp.edu\/musica\/index.php\/conjunto-de-flautas\/\">Conjunto de flautas<br><\/a><a href=\"https:\/\/humanidades.uprrp.edu\/musica\/index.php\/conjunto-de-metales\/\">Conjunto de metales<br><\/a><a href=\"https:\/\/humanidades.uprrp.edu\/musica\/index.php\/conjunto-de-percusion\/\">Conjunto de percusi\u00f3n<br><\/a><a href=\"https:\/\/www.instagram.com\/conjuntocriollouprrp\/\">Conjunto Criollo<\/a><br><a href=\"https:\/\/humanidades.uprrp.edu\/musica\/index.php\/collegium-musicum\/\">Collegium Musicum<\/a><\/p>\n<\/div>\n<\/div>\n","protected":false},"excerpt":{"rendered":"<p>Nuestro Departamento ofrece a sus estudiantes un programa de estudios conducentes al grado de Bachillerato en Artes con concentraci\u00f3n en M\u00fasica. Adem\u00e1s ofrece todos los cursos de m\u00fasica conducentes al grado de Bachillerato en Educaci\u00f3n Musical. El Departamento de M\u00fasica promueve una formaci\u00f3n musical desde una perspectiva humanista de manera &#8230;<\/p>\n","protected":false},"author":3,"featured_media":0,"parent":0,"menu_order":0,"comment_status":"closed","ping_status":"closed","template":"template-content-sidebar.php","meta":{"footnotes":""},"class_list":["post-34","page","type-page","status-publish","hentry","column","twocol"],"_links":{"self":[{"href":"https:\/\/humanidades.uprrp.edu\/musica\/index.php\/wp-json\/wp\/v2\/pages\/34","targetHints":{"allow":["GET"]}}],"collection":[{"href":"https:\/\/humanidades.uprrp.edu\/musica\/index.php\/wp-json\/wp\/v2\/pages"}],"about":[{"href":"https:\/\/humanidades.uprrp.edu\/musica\/index.php\/wp-json\/wp\/v2\/types\/page"}],"author":[{"embeddable":true,"href":"https:\/\/humanidades.uprrp.edu\/musica\/index.php\/wp-json\/wp\/v2\/users\/3"}],"replies":[{"embeddable":true,"href":"https:\/\/humanidades.uprrp.edu\/musica\/index.php\/wp-json\/wp\/v2\/comments?post=34"}],"version-history":[{"count":65,"href":"https:\/\/humanidades.uprrp.edu\/musica\/index.php\/wp-json\/wp\/v2\/pages\/34\/revisions"}],"predecessor-version":[{"id":407,"href":"https:\/\/humanidades.uprrp.edu\/musica\/index.php\/wp-json\/wp\/v2\/pages\/34\/revisions\/407"}],"wp:attachment":[{"href":"https:\/\/humanidades.uprrp.edu\/musica\/index.php\/wp-json\/wp\/v2\/media?parent=34"}],"curies":[{"name":"wp","href":"https:\/\/api.w.org\/{rel}","templated":true}]}}