{"id":316,"date":"2020-11-23T14:25:28","date_gmt":"2020-11-23T18:25:28","guid":{"rendered":"https:\/\/humanidades.uprrp.edu\/musica\/?page_id=316"},"modified":"2020-11-23T14:25:28","modified_gmt":"2020-11-23T18:25:28","slug":"collegium-musicum","status":"publish","type":"page","link":"https:\/\/humanidades.uprrp.edu\/musica\/index.php\/collegium-musicum\/","title":{"rendered":"Collegium Musicum"},"content":{"rendered":"<p>Fue fundado por el Prof. Roger Mart\u00ednez en 1972 para ejecutar m\u00fasica renacentista y del barroco temprano. Es el \u00fanico conjunto de este tipo en Puerto Rico.\u00a0 En 1984 pas\u00f3 a ser al curso Agrupaciones instrumentales menores.\u00a0 Posee instrumentos antiguos, tales como el rebec, el vielle, la viola da gamba y la familia de la flauta dulce, entre otros. Su actual director es el Dr. Ernesto Alonso.<\/p>\n<p><img loading=\"lazy\" decoding=\"async\" class=\"alignnone wp-image-310 size-large\" src=\"https:\/\/humanidades.uprrp.edu\/musica\/wp-content\/uploads\/2020\/11\/Collegium-Musicum-1024x768.jpeg\" alt=\"\" width=\"660\" height=\"495\" srcset=\"https:\/\/humanidades.uprrp.edu\/musica\/wp-content\/uploads\/2020\/11\/Collegium-Musicum-1024x768.jpeg 1024w, https:\/\/humanidades.uprrp.edu\/musica\/wp-content\/uploads\/2020\/11\/Collegium-Musicum-300x225.jpeg 300w, https:\/\/humanidades.uprrp.edu\/musica\/wp-content\/uploads\/2020\/11\/Collegium-Musicum-768x576.jpeg 768w, https:\/\/humanidades.uprrp.edu\/musica\/wp-content\/uploads\/2020\/11\/Collegium-Musicum-700x525.jpeg 700w, https:\/\/humanidades.uprrp.edu\/musica\/wp-content\/uploads\/2020\/11\/Collegium-Musicum-332x249.jpeg 332w, https:\/\/humanidades.uprrp.edu\/musica\/wp-content\/uploads\/2020\/11\/Collegium-Musicum.jpeg 1600w\" sizes=\"auto, (max-width: 660px) 100vw, 660px\" \/><\/p>\n","protected":false},"excerpt":{"rendered":"<p>Fue fundado por el Prof. Roger Mart\u00ednez en 1972 para ejecutar m\u00fasica renacentista y del barroco temprano. Es el \u00fanico conjunto de este tipo en Puerto Rico.\u00a0 En 1984 pas\u00f3 a ser al curso Agrupaciones instrumentales menores.\u00a0 Posee instrumentos antiguos, tales como el rebec, el vielle, la viola da gamba &#8230;<\/p>\n","protected":false},"author":3,"featured_media":0,"parent":0,"menu_order":0,"comment_status":"closed","ping_status":"closed","template":"","meta":{"footnotes":""},"class_list":["post-316","page","type-page","status-publish","hentry","column","twocol"],"_links":{"self":[{"href":"https:\/\/humanidades.uprrp.edu\/musica\/index.php\/wp-json\/wp\/v2\/pages\/316","targetHints":{"allow":["GET"]}}],"collection":[{"href":"https:\/\/humanidades.uprrp.edu\/musica\/index.php\/wp-json\/wp\/v2\/pages"}],"about":[{"href":"https:\/\/humanidades.uprrp.edu\/musica\/index.php\/wp-json\/wp\/v2\/types\/page"}],"author":[{"embeddable":true,"href":"https:\/\/humanidades.uprrp.edu\/musica\/index.php\/wp-json\/wp\/v2\/users\/3"}],"replies":[{"embeddable":true,"href":"https:\/\/humanidades.uprrp.edu\/musica\/index.php\/wp-json\/wp\/v2\/comments?post=316"}],"version-history":[{"count":1,"href":"https:\/\/humanidades.uprrp.edu\/musica\/index.php\/wp-json\/wp\/v2\/pages\/316\/revisions"}],"predecessor-version":[{"id":317,"href":"https:\/\/humanidades.uprrp.edu\/musica\/index.php\/wp-json\/wp\/v2\/pages\/316\/revisions\/317"}],"wp:attachment":[{"href":"https:\/\/humanidades.uprrp.edu\/musica\/index.php\/wp-json\/wp\/v2\/media?parent=316"}],"curies":[{"name":"wp","href":"https:\/\/api.w.org\/{rel}","templated":true}]}}