{"id":11,"date":"2016-11-02T15:50:50","date_gmt":"2016-11-02T15:50:50","guid":{"rendered":"https:\/\/humanidades.uprrp.edu\/musica\/?page_id=11"},"modified":"2024-10-30T08:08:25","modified_gmt":"2024-10-30T12:08:25","slug":"agrupaciones-musicales","status":"publish","type":"page","link":"https:\/\/humanidades.uprrp.edu\/musica\/index.php\/agrupaciones-musicales\/","title":{"rendered":"Agrupaciones Musicales"},"content":{"rendered":"<p>Hay doce agrupaciones musicales acad\u00e9micas en el Departamento de M\u00fasica y se diferencian de las agrupaciones musicales recreativas. Las agrupaciones acad\u00e9micas responden a cursos particulares y sus estudiantes reciben un cr\u00e9dito acad\u00e9mico por participar en ellas. Las doce agrupaciones musicales acad\u00e9micas est\u00e1n autorizadas a conceder un estipendio de $800 por semestre a los participantes que cumplan con los requisitos institucionales. Es requisito una audici\u00f3n para poder ingresar a todas las agrupaciones.<\/p>\n<p>Luego del primer semestre en una agrupaci\u00f3n, el estudiante tiene la oportunidad de ser recomendado por su profesor para recibir el estipendio si cumple con los requisitos y compromisos de la misma.<\/p>\n<h3>Agrupaciones \u201cmayores\u201d<\/h3>\n<p><a href=\"https:\/\/humanidades.uprrp.edu\/musica\/index.php\/coro-de-la-universidad\/\">Coro de la Universidad<br \/>\n<\/a><a href=\"https:\/\/humanidades.uprrp.edu\/musica\/index.php\/banda-sinfonica\/\">Banda Sinf\u00f3nica<\/a><\/p>\n<h3 style=\"text-align: left;\" align=\"center\">Agrupaciones Vocales Menores<\/h3>\n<p><a href=\"https:\/\/humanidades.uprrp.edu\/musica\/index.php\/taller-de-teatro-lirico\/\">Taller de Teatro L\u00edrico<br \/>\n<\/a><a href=\"https:\/\/humanidades.uprrp.edu\/musica\/index.php\/coralia\/\">Coralia<br \/>\n<\/a><\/p>\n<h3 style=\"text-align: left;\" align=\"center\">Agrupaciones Instrumentales Menores<\/h3>\n<p><a href=\"https:\/\/humanidades.uprrp.edu\/musica\/index.php\/collegium-musicum\/\">Collegium Musicum<\/a><br \/>\n<a href=\"https:\/\/humanidades.uprrp.edu\/musica\/index.php\/orquesta-de-camara\/\">Orquesta de c\u00e1mara<br \/>\n<\/a><a href=\"https:\/\/humanidades.uprrp.edu\/musica\/index.php\/conjunto-de-guitarras-clasicas\/\">Conjunto de guitarras cl\u00e1sicas<br \/>\n<\/a><a href=\"https:\/\/humanidades.uprrp.edu\/musica\/index.php\/conjunto-de-flautas\/\">Conjunto de flautas<br \/>\n<\/a><a href=\"https:\/\/humanidades.uprrp.edu\/musica\/index.php\/conjunto-de-metales\/\">Conjunto de Metales<br \/>\n<\/a><a href=\"https:\/\/humanidades.uprrp.edu\/musica\/index.php\/conjunto-de-percusion\/\">Conjunto de Percusi\u00f3n<br \/>\n<\/a><a href=\"https:\/\/humanidades.uprrp.edu\/musica\/index.php\/conjunto-criollo\/\">Conjunto Criollo<br \/>\n<\/a><a href=\"https:\/\/humanidades.uprrp.edu\/musica\/index.php\/taller-de-jazz-y-musica-popular\/\">Taller de Jazz y M\u00fasica Popular<br \/>\n<\/a><a href=\"https:\/\/humanidades.uprrp.edu\/musica\/index.php\/capanas-universitarias\/\"><br \/>\n<\/a><\/p>\n","protected":false},"excerpt":{"rendered":"<p>Hay doce agrupaciones musicales acad\u00e9micas en el Departamento de M\u00fasica y se diferencian de las agrupaciones musicales recreativas. Las agrupaciones acad\u00e9micas responden a cursos particulares y sus estudiantes reciben un cr\u00e9dito acad\u00e9mico por participar en ellas. Las doce agrupaciones musicales acad\u00e9micas est\u00e1n autorizadas a conceder un estipendio de $800 por &#8230;<\/p>\n","protected":false},"author":3,"featured_media":0,"parent":0,"menu_order":0,"comment_status":"closed","ping_status":"closed","template":"","meta":{"footnotes":""},"class_list":["post-11","page","type-page","status-publish","hentry","column","twocol"],"_links":{"self":[{"href":"https:\/\/humanidades.uprrp.edu\/musica\/index.php\/wp-json\/wp\/v2\/pages\/11","targetHints":{"allow":["GET"]}}],"collection":[{"href":"https:\/\/humanidades.uprrp.edu\/musica\/index.php\/wp-json\/wp\/v2\/pages"}],"about":[{"href":"https:\/\/humanidades.uprrp.edu\/musica\/index.php\/wp-json\/wp\/v2\/types\/page"}],"author":[{"embeddable":true,"href":"https:\/\/humanidades.uprrp.edu\/musica\/index.php\/wp-json\/wp\/v2\/users\/3"}],"replies":[{"embeddable":true,"href":"https:\/\/humanidades.uprrp.edu\/musica\/index.php\/wp-json\/wp\/v2\/comments?post=11"}],"version-history":[{"count":15,"href":"https:\/\/humanidades.uprrp.edu\/musica\/index.php\/wp-json\/wp\/v2\/pages\/11\/revisions"}],"predecessor-version":[{"id":343,"href":"https:\/\/humanidades.uprrp.edu\/musica\/index.php\/wp-json\/wp\/v2\/pages\/11\/revisions\/343"}],"wp:attachment":[{"href":"https:\/\/humanidades.uprrp.edu\/musica\/index.php\/wp-json\/wp\/v2\/media?parent=11"}],"curies":[{"name":"wp","href":"https:\/\/api.w.org\/{rel}","templated":true}]}}