{"id":105,"date":"2016-11-02T15:51:30","date_gmt":"2016-11-02T19:51:30","guid":{"rendered":"https:\/\/humanidades.uprrp.edu\/musica\/?page_id=105"},"modified":"2016-11-02T15:51:30","modified_gmt":"2016-11-02T19:51:30","slug":"dr-samuel-perez-quinones-catedratico","status":"publish","type":"page","link":"https:\/\/humanidades.uprrp.edu\/musica\/index.php\/dr-samuel-perez-quinones-catedratico\/","title":{"rendered":"Dr. Samuel P\u00e9rez Qui\u00f1ones, Catedr\u00e1tico"},"content":{"rendered":"<p>D.M.A. Music Perfect Piano<br \/>\nUniversity of Michigan, Ann Arbor, 1979<\/p>\n<p>M.M. Master of Music<br \/>\nUniversity of Michigan, Ann Arbor, 1975<\/p>\n<p>B.A. Bachelor of Arts<br \/>\nUniversidad de Puerto Rico, 1973<\/p>\n<p>Diploma Conservatorio de M\u00fasica de Puerto Rico, 1972<\/p>\n","protected":false},"excerpt":{"rendered":"<p>D.M.A. Music Perfect Piano University of Michigan, Ann Arbor, 1979 M.M. Master of Music University of Michigan, Ann Arbor, 1975 B.A. Bachelor of Arts Universidad de Puerto Rico, 1973 Diploma Conservatorio de M\u00fasica de Puerto Rico, 1972<\/p>\n","protected":false},"author":3,"featured_media":0,"parent":0,"menu_order":0,"comment_status":"closed","ping_status":"closed","template":"","meta":{"footnotes":""},"class_list":["post-105","page","type-page","status-publish","hentry","column","twocol"],"_links":{"self":[{"href":"https:\/\/humanidades.uprrp.edu\/musica\/index.php\/wp-json\/wp\/v2\/pages\/105","targetHints":{"allow":["GET"]}}],"collection":[{"href":"https:\/\/humanidades.uprrp.edu\/musica\/index.php\/wp-json\/wp\/v2\/pages"}],"about":[{"href":"https:\/\/humanidades.uprrp.edu\/musica\/index.php\/wp-json\/wp\/v2\/types\/page"}],"author":[{"embeddable":true,"href":"https:\/\/humanidades.uprrp.edu\/musica\/index.php\/wp-json\/wp\/v2\/users\/3"}],"replies":[{"embeddable":true,"href":"https:\/\/humanidades.uprrp.edu\/musica\/index.php\/wp-json\/wp\/v2\/comments?post=105"}],"version-history":[{"count":1,"href":"https:\/\/humanidades.uprrp.edu\/musica\/index.php\/wp-json\/wp\/v2\/pages\/105\/revisions"}],"predecessor-version":[{"id":106,"href":"https:\/\/humanidades.uprrp.edu\/musica\/index.php\/wp-json\/wp\/v2\/pages\/105\/revisions\/106"}],"wp:attachment":[{"href":"https:\/\/humanidades.uprrp.edu\/musica\/index.php\/wp-json\/wp\/v2\/media?parent=105"}],"curies":[{"name":"wp","href":"https:\/\/api.w.org\/{rel}","templated":true}]}}