{"id":732,"date":"2015-10-30T21:03:44","date_gmt":"2015-10-31T01:03:44","guid":{"rendered":"https:\/\/humanidades.uprrp.edu\/magac\/?page_id=732"},"modified":"2015-10-30T21:03:44","modified_gmt":"2015-10-31T01:03:44","slug":"gecu-6405-archivos-en-accion-mediaciones-digitales-y-redes-artisticas-virtuales-2","status":"publish","type":"page","link":"https:\/\/humanidades.uprrp.edu\/magac\/?page_id=732","title":{"rendered":"GECU 6405 \u2013 Archivos en Acci\u00f3n: Mediaciones digitales y redes art\u00edsticas virtuales"},"content":{"rendered":"<p><strong>Cr\u00e9ditos: 3<\/strong><br \/>\nEl curso gira en torno a la pregunta: \u00bfc\u00f3mo documentar, preservar y difundir las pr\u00e1cticas culturales actuales a la luz de las innovaciones y retos que \u00e9stas presentan a m\u00e9todos tradicionales de salvaguarda del patrimonio cultural en comunidades art\u00edsticas y<br \/>\nculturales h\u00edbridas?<\/p>\n","protected":false},"excerpt":{"rendered":"<p>Cr\u00e9ditos: 3 El curso gira en torno a la pregunta: \u00bfc\u00f3mo documentar, preservar y difundir las pr\u00e1cticas culturales actuales a la luz de las innovaciones y retos que \u00e9stas presentan a m\u00e9todos tradicionales de salvaguarda del patrimonio cultural en comunidades art\u00edsticas y culturales h\u00edbridas?<\/p>\n","protected":false},"author":3,"featured_media":0,"parent":0,"menu_order":0,"comment_status":"closed","ping_status":"closed","template":"","meta":{"footnotes":""},"class_list":["post-732","page","type-page","status-publish","hentry","column","twocol"],"_links":{"self":[{"href":"https:\/\/humanidades.uprrp.edu\/magac\/index.php?rest_route=\/wp\/v2\/pages\/732","targetHints":{"allow":["GET"]}}],"collection":[{"href":"https:\/\/humanidades.uprrp.edu\/magac\/index.php?rest_route=\/wp\/v2\/pages"}],"about":[{"href":"https:\/\/humanidades.uprrp.edu\/magac\/index.php?rest_route=\/wp\/v2\/types\/page"}],"author":[{"embeddable":true,"href":"https:\/\/humanidades.uprrp.edu\/magac\/index.php?rest_route=\/wp\/v2\/users\/3"}],"replies":[{"embeddable":true,"href":"https:\/\/humanidades.uprrp.edu\/magac\/index.php?rest_route=%2Fwp%2Fv2%2Fcomments&post=732"}],"version-history":[{"count":1,"href":"https:\/\/humanidades.uprrp.edu\/magac\/index.php?rest_route=\/wp\/v2\/pages\/732\/revisions"}],"predecessor-version":[{"id":733,"href":"https:\/\/humanidades.uprrp.edu\/magac\/index.php?rest_route=\/wp\/v2\/pages\/732\/revisions\/733"}],"wp:attachment":[{"href":"https:\/\/humanidades.uprrp.edu\/magac\/index.php?rest_route=%2Fwp%2Fv2%2Fmedia&parent=732"}],"curies":[{"name":"wp","href":"https:\/\/api.w.org\/{rel}","templated":true}]}}