{"id":729,"date":"2015-10-30T21:00:56","date_gmt":"2015-10-31T01:00:56","guid":{"rendered":"https:\/\/humanidades.uprrp.edu\/magac\/?page_id=729"},"modified":"2019-02-26T15:28:31","modified_gmt":"2019-02-26T19:28:31","slug":"gecu-6994-temas-en-gestion-de-proyectos-culturales-mercadeo-de-las-artes-y-otros-productos-culturales","status":"publish","type":"page","link":"https:\/\/humanidades.uprrp.edu\/magac\/?page_id=729","title":{"rendered":"GECU 6994 \u2013 Temas en Gesti\u00f3n de Proyectos Culturales: Mercadeo de las Artes y Otros Productos Culturales"},"content":{"rendered":"<p>Con el curso pretendemos un espacio que se dedique a la generaci\u00f3n de di\u00e1logos cr\u00edticos entre los alumnos y el instructor sobre temas contempor\u00e1neos que impactan los procesos y promesas de intercambios (la gesti\u00f3n de mercadeo), entre proveedores y clientes, involucrados con las artes y dem\u00e1s productos culturales. Estos di\u00e1logos centran su atenci\u00f3n tanto en los aspectos conceptuales como pr\u00e1cticos, orient\u00e1ndose, para la cuesti\u00f3n pr\u00e1ctica, en el estudio de casos que colocan a los lectores en el papel de empresario\/administrador, con retos y dilemas por enfrentar y resolver, relacionados con el sector cultural. Entre los temas de \u00edndole conceptual se encuentran el estudio de mercadeo como proceso social y tambi\u00e9n como actividad financiera, su pertinencia en el \u00e1mbito de las artes y dem\u00e1s productos culturales, su gesti\u00f3n estrat\u00e9gica\/t\u00e1ctica\u2014en la que se dialoga sobre Segmentaci\u00f3n y Posicionamiento estrat\u00e9gico y las ps: producto, precio, promoci\u00f3n, plaza, procesos, personas, productividad<br \/>\ny \u201cphysical environment\u201d.<\/p>\n","protected":false},"excerpt":{"rendered":"<p>Con el curso pretendemos un espacio que se dedique a la generaci\u00f3n de di\u00e1logos cr\u00edticos entre los alumnos y el instructor sobre temas contempor\u00e1neos que impactan los procesos y promesas de intercambios (la gesti\u00f3n de mercadeo), entre proveedores y clientes, involucrados con las artes y dem\u00e1s productos culturales. Estos di\u00e1logos &#8230;<\/p>\n","protected":false},"author":3,"featured_media":0,"parent":0,"menu_order":0,"comment_status":"closed","ping_status":"closed","template":"","meta":{"footnotes":""},"class_list":["post-729","page","type-page","status-publish","hentry","column","twocol"],"_links":{"self":[{"href":"https:\/\/humanidades.uprrp.edu\/magac\/index.php?rest_route=\/wp\/v2\/pages\/729","targetHints":{"allow":["GET"]}}],"collection":[{"href":"https:\/\/humanidades.uprrp.edu\/magac\/index.php?rest_route=\/wp\/v2\/pages"}],"about":[{"href":"https:\/\/humanidades.uprrp.edu\/magac\/index.php?rest_route=\/wp\/v2\/types\/page"}],"author":[{"embeddable":true,"href":"https:\/\/humanidades.uprrp.edu\/magac\/index.php?rest_route=\/wp\/v2\/users\/3"}],"replies":[{"embeddable":true,"href":"https:\/\/humanidades.uprrp.edu\/magac\/index.php?rest_route=%2Fwp%2Fv2%2Fcomments&post=729"}],"version-history":[{"count":2,"href":"https:\/\/humanidades.uprrp.edu\/magac\/index.php?rest_route=\/wp\/v2\/pages\/729\/revisions"}],"predecessor-version":[{"id":1657,"href":"https:\/\/humanidades.uprrp.edu\/magac\/index.php?rest_route=\/wp\/v2\/pages\/729\/revisions\/1657"}],"wp:attachment":[{"href":"https:\/\/humanidades.uprrp.edu\/magac\/index.php?rest_route=%2Fwp%2Fv2%2Fmedia&parent=729"}],"curies":[{"name":"wp","href":"https:\/\/api.w.org\/{rel}","templated":true}]}}