{"id":723,"date":"2015-10-30T20:52:05","date_gmt":"2015-10-31T00:52:05","guid":{"rendered":"https:\/\/humanidades.uprrp.edu\/magac\/?page_id=723"},"modified":"2015-10-30T20:52:05","modified_gmt":"2015-10-31T00:52:05","slug":"gecu-6994-temas-en-gestion-de-proyectos-culturales-modos-de-produccion-de-television-y-series-web","status":"publish","type":"page","link":"https:\/\/humanidades.uprrp.edu\/magac\/?page_id=723","title":{"rendered":"GECU 6994 \u2013 Temas en Gesti\u00f3n de Proyectos Culturales: Modos de Producci\u00f3n de Televisi\u00f3n y Series Web"},"content":{"rendered":"<p>Este curso da el contexto y las herramientas para entender la producci\u00f3n actual tanto de programas para la televisi\u00f3n y cable, como series para la web. Cada vez m\u00e1s se utilizan los mismos equipos t\u00e9cnicos y profesionales para filmar series de televisi\u00f3n en exteriores, para transmitir contenido por tv o por internet, como es el caso de las series web, lo que abre nuevas posibilidades a productores independientes. Adem\u00e1s de conocer los aspectos de producci\u00f3n de ambos formatos, como parte del curso se generar\u00e1 un proyecto de serie web para tv, cable o web, desde la conceptualizaci\u00f3n hasta el desarrollo y la preproducci\u00f3n de un piloto.<\/p>\n","protected":false},"excerpt":{"rendered":"<p>Este curso da el contexto y las herramientas para entender la producci\u00f3n actual tanto de programas para la televisi\u00f3n y cable, como series para la web. Cada vez m\u00e1s se utilizan los mismos equipos t\u00e9cnicos y profesionales para filmar series de televisi\u00f3n en exteriores, para transmitir contenido por tv o &#8230;<\/p>\n","protected":false},"author":3,"featured_media":0,"parent":0,"menu_order":0,"comment_status":"closed","ping_status":"closed","template":"","meta":{"footnotes":""},"class_list":["post-723","page","type-page","status-publish","hentry","column","twocol"],"_links":{"self":[{"href":"https:\/\/humanidades.uprrp.edu\/magac\/index.php?rest_route=\/wp\/v2\/pages\/723","targetHints":{"allow":["GET"]}}],"collection":[{"href":"https:\/\/humanidades.uprrp.edu\/magac\/index.php?rest_route=\/wp\/v2\/pages"}],"about":[{"href":"https:\/\/humanidades.uprrp.edu\/magac\/index.php?rest_route=\/wp\/v2\/types\/page"}],"author":[{"embeddable":true,"href":"https:\/\/humanidades.uprrp.edu\/magac\/index.php?rest_route=\/wp\/v2\/users\/3"}],"replies":[{"embeddable":true,"href":"https:\/\/humanidades.uprrp.edu\/magac\/index.php?rest_route=%2Fwp%2Fv2%2Fcomments&post=723"}],"version-history":[{"count":1,"href":"https:\/\/humanidades.uprrp.edu\/magac\/index.php?rest_route=\/wp\/v2\/pages\/723\/revisions"}],"predecessor-version":[{"id":724,"href":"https:\/\/humanidades.uprrp.edu\/magac\/index.php?rest_route=\/wp\/v2\/pages\/723\/revisions\/724"}],"wp:attachment":[{"href":"https:\/\/humanidades.uprrp.edu\/magac\/index.php?rest_route=%2Fwp%2Fv2%2Fmedia&parent=723"}],"curies":[{"name":"wp","href":"https:\/\/api.w.org\/{rel}","templated":true}]}}