{"id":289,"date":"2015-02-24T14:11:32","date_gmt":"2015-02-24T18:11:32","guid":{"rendered":"https:\/\/humanidades.uprrp.edu\/magac\/?page_id=289"},"modified":"2023-02-21T15:17:25","modified_gmt":"2023-02-21T19:17:25","slug":"centros-de-practica-3","status":"publish","type":"page","link":"https:\/\/humanidades.uprrp.edu\/magac\/?page_id=289","title":{"rendered":"Internados"},"content":{"rendered":"<ul>\n<li><a href=\"https:\/\/www.culturalagora.com\/\">\u00c1gora Cultural Architects<\/a><\/li>\n<li><a href=\"https:\/\/agorateatro.org\/\">\u00c1gora teatro<\/a><\/li>\n<li><a href=\"https:\/\/www.aguasolysereno.org\/\">Agua, sol y sereno<\/a><\/li>\n<li><a href=\"https:\/\/afpuertorico.org\/\">Alianza Francesa<\/a><\/li>\n<li><a href=\"http:\/\/www.andanzapr.com\/\">Andanza<\/a><\/li>\n<li><a href=\"https:\/\/www.icp.pr.gov\/archivo-general\/\">Archivo General de Puerto Rico y Biblioteca Nacional<\/a><\/li>\n<li><a href=\"https:\/\/www.adocpr.org\/\">Asociaci\u00f3n de documentalistas (ADOC)<\/a><\/li>\n<li><a href=\"https:\/\/www.facebook.com\/profile.php?id=100070195238521\">Asociaci\u00f3n de gu\u00edas tur\u00edsticos de PR<\/a><\/li>\n<li><a href=\"https:\/\/betalocal.org\/\">Beta-Local<\/a><\/li>\n<li><a href=\"https:\/\/www.facebook.com\/Bienhechogrouppr\/\">Bienhecho Group<\/a><\/li>\n<li><a href=\"https:\/\/www.cambioenclave.com\/\">Cambio en Clave<\/a><\/li>\n<li><a href=\"https:\/\/en.fundacioncortes.org\/\">Casa Cort\u00e9s<\/a><\/li>\n<li><a href=\"https:\/\/www.facebook.com\/casaruthpr\/\">Casa de Cultura Ruth Hern\u00e1ndez Torres<\/a><\/li>\n<li><a href=\"https:\/\/www.facebook.com\/casa.pepiniana\">Casa Pepiniana de la Cultura<\/a><\/li>\n<li><a href=\"https:\/\/unescopaz.uprrp.edu\/\">C\u00e1tedra UNESCO de Educaci\u00f3n para la Paz, UPR-RP<\/a><\/li>\n<li><a href=\"https:\/\/www.cba.pr.gov\/\">Centro de Bellas Artes<\/a><\/li>\n<li><a href=\"https:\/\/uprcaribedigital.org\/\">Colectivo para el Estudio del Caribe Digital, UPR-RP<\/a><\/li>\n<li><a href=\"https:\/\/prtourism.com\/?lang=es\">Compa\u00f1\u00eda de Turismo de Puerto Rico<\/a><\/li>\n<li><a href=\"https:\/\/www.facebook.com\/people\/Consejo-Artistico-de-Puerto-Rico-Inc\/100063579670744\/\">Consejo Art\u00edstico de PR<\/a><\/li>\n<li><a href=\"https:\/\/www.facebook.com\/CoopOrganicaMadreTierra\/\">Cooperativa Madre Tierra<\/a><\/li>\n<li><a href=\"https:\/\/pazparalasmujeres.org\/\">Coordinadora Paz para la Mujer<\/a><\/li>\n<li><a href=\"https:\/\/www.facebook.com\/sinfonicapr\/?locale=es_LA\">Corporaci\u00f3n de la Orquesta Sinf\u00f3nica de Puerto Rico<\/a><\/li>\n<li><a href=\"https:\/\/www.danzactiva.com\/\">Danzactiva<\/a><\/li>\n<li><a href=\"http:\/\/upra.edu\/humanidades\/\">Departamento de Humanidades UPR-Arecibo<\/a><\/li>\n<li><a href=\"https:\/\/www.islanegra.com\/\">Editorial Isla Negra<\/a><\/li>\n<li><a href=\"https:\/\/www.facebook.com\/people\/Escuela-de-Bellas-Artes-de-Carolina\/100063737040650\/\">Escuela de Bellas Artes de Carolina<\/a><\/li>\n<li>Festival de la Palabra<\/li>\n<li><a href=\"https:\/\/www.fundacionbancopopular.org\/\">Fundaci\u00f3n Banco Popular<\/a><\/li>\n<li><a href=\"https:\/\/flmm.org\/\">Fundaci\u00f3n Luis Mu\u00f1oz Mar\u00edn<\/a><\/li>\n<li><a href=\"https:\/\/prpop.org\/\">Fundaci\u00f3n Nacional para la Cultura Popular<\/a><\/li>\n<li><a href=\"https:\/\/fphpr.org\/\">Fundaci\u00f3n Puertorrique\u00f1a de las Humanidades<\/a><\/li>\n<li><a href=\"https:\/\/www.iniciativacomunitaria.org\/\">Iniciativa Comunitaria<\/a><\/li>\n<li><a href=\"https:\/\/www.icp.pr.gov\/\">Instituto de Cultura Puertorrique\u00f1a<\/a><\/li>\n<li><a href=\"https:\/\/www.facebook.com\/esc.rafaelcepeda\/\">Instituto Folkl\u00f3rico Puertorrique\u00f1o Rafael Cepeda Atiles<\/a><\/li>\n<li><a href=\"http:\/\/www.inversioncultural.com\/\">Inversi\u00f3n Cultural<\/a><\/li>\n<li><a href=\"https:\/\/www.jardinbotanicoycultural.org\/\">Jard\u00edn Bot\u00e1nico y Cultural de Caguas<\/a><\/li>\n<li><a href=\"https:\/\/www.lacasadelaplena.org\/en\/home\">La Casa de la Plena<\/a><\/li>\n<li><a href=\"https:\/\/www.facebook.com\/laescueladeteatropr\/\">La Escuela de Teatro<\/a><\/li>\n<li><a href=\"https:\/\/liga.coop\/\">Liga de Cooperativas<\/a><\/li>\n<li><a href=\"https:\/\/loveinmotion.org\/\">Love in Motion<\/a><\/li>\n<li><a href=\"https:\/\/www.facebook.com\/profile.php?id=100022769556947\">Marina Films<\/a><\/li>\n<li><a href=\"https:\/\/www.mentesenaccion.org\/\">Mentes Puertorrique\u00f1as en Acci\u00f3n<\/a><\/li>\n<li><a href=\"https:\/\/caguas.gov.pr\/desarrollo-cultural\/\">Municipio Aut\u00f3nomo de Caguas (Departamento de Desarrollo Cultural)<\/a><\/li>\n<li><a href=\"http:\/\/www.lacasadellibro.org\/\">Museo Biblioteca La Casa del Libro<\/a><\/li>\n<li><a href=\"http:\/\/mapr.org\/es\">Museo de Arte de Puerto Rico<\/a><\/li>\n<li><a href=\"https:\/\/museoarteponce.org\/\">Museo de Arte de Ponce<\/a><\/li>\n<li><a href=\"https:\/\/www.museomac.org\/\">Museo de Arte Contempor\u00e1neo<\/a><\/li>\n<li><a href=\"http:\/\/museo.uprrp.edu\/\">Museo de Historia, Antropolog\u00eda y Arte de la UPR<\/a><\/li>\n<li><a href=\"https:\/\/www.museodelreciclaje.com\/\">Museo del Reciclaje en Hatillo<\/a><\/li>\n<li><a href=\"https:\/\/www.cayey.upr.edu\/museo-dr-pio-lopez-martinez\/\">Museo Dr. P\u00edo L\u00f3pez Mart\u00ednez, UPR, Recinto de Cayey<\/a><\/li>\n<li><a href=\"http:\/\/orfeonsjb.org\/\">Orfe\u00f3n San Juan Bautista<\/a><\/li>\n<li><a href=\"https:\/\/www.paralanaturaleza.org\/\">Para la Naturaleza<\/a><\/li>\n<li><a href=\"http:\/\/martinpena.org\/\">Proyecto Enlace<\/a><\/li>\n<li><a href=\"https:\/\/plataformaeje.pr\/\">Plataforma Eje<\/a><\/li>\n<li><a href=\"https:\/\/www.profamiliaspr.org\/iella\">Profamilias PR- Cl\u00ednica Iella<\/a><\/li>\n<li><a href=\"https:\/\/www.instagram.com\/programagenero.uprrp\/?hl=es\">Programa de Mujer y G\u00e9nero, Recinto de R\u00edo Piedras<\/a><\/li>\n<li><a href=\"http:\/\/www.wrtu.pr\/\">Radio Universidad<\/a><\/li>\n<li><a href=\"https:\/\/www.upr.edu\/humacao\/radioweb\/\">Radio web UPRH<\/a><\/li>\n<li><a href=\"https:\/\/genealogiapr.com\/\">Sociedad Puertorrique\u00f1a de Genealog\u00eda<\/a><\/li>\n<li><a href=\"https:\/\/www.lagoyco.org\/\">Taller Comunidad La Goyco<\/a><\/li>\n<li><a href=\"https:\/\/www.tallersalud.com\/\">Taller Salud<\/a><\/li>\n<li><a href=\"https:\/\/www.tallertambuye.com\/\">Taller Tambuy\u00e9<\/a><\/li>\n<li><a href=\"https:\/\/teatro.uprrp.edu\/\">Teatro UPR<\/a><\/li>\n<li><a href=\"https:\/\/titinpr.org\/\">Tit\u00edn Foundation<\/a><\/li>\n<li><a href=\"https:\/\/www.todaspr.com\/\">Todas PR<\/a><\/li>\n<li><a href=\"https:\/\/www.facebook.com\/tunauprrp\/?locale=es_LA\">Tuna UPR <\/a><\/li>\n<li><a href=\"http:\/\/www.zapaterofilms.com\/\">Zapatero Films<\/a><\/li>\n<\/ul>\n<p><strong><em>Organizaciones fuera de Puerto Rico con las que se han llevado a cabo acuerdos pasados:<\/em><\/strong><\/p>\n<ul>\n<li><a href=\"http:\/\/www.udg.edu\/es\/catedres\/UNESCO-politiques\">C\u00e1tedra UNESCO de Pol\u00edticas Culturales y Cooperaci\u00f3n, Universidad de Girona<\/a><\/li>\n<li><a href=\"https:\/\/www.theclementecenter.org\/\">Clemente Soto V\u00e9lez Cultural and Educational Center, Nueva York, Estados Unidos<\/a><\/li>\n<li><a href=\"https:\/\/www.facebook.com\/Pabellon4ArteContemporaneo\/\">Galer\u00eda de Arte Contempor\u00e1neo Pabell\u00f3n 4, Buenos Aires, Argentina<\/a><\/li>\n<li><a href=\"https:\/\/www.elmuseo.org\/\">Museo del Barrio, Nueva York, Estados Unidos <\/a><\/li>\n<li><a href=\"https:\/\/www.newyorkdanceproject.org\/\">New York Dance Project<\/a><\/li>\n<li><a href=\"https:\/\/www.facebook.com\/singersofunitedlands\/\">Singers of United Lands (S.O.U.L), Estados Unidos <\/a><\/li>\n<li><a href=\"https:\/\/www.facebook.com\/teatroseanyc\/?locale=es_LA\">Society of the Educational Arts, Inc. (SEA) \/ Teatro SEA (Sociedad Educativa de las Artes Inc.), Nueva York, Estados Unidos<\/a><\/li>\n<li><a href=\"https:\/\/twitter.com\/myswapsee\">Swapsee, Plataforma de intercambio de habilidades, Barcelona<\/a><\/li>\n<li><a href=\"https:\/\/teatrocirculo.org\/espanol\/\">Teatro C\u00edrculo, Nueva York, Estados Unidos<\/a><\/li>\n<\/ul>\n<p>&nbsp;<\/p>\n<p>&nbsp;<\/p>\n","protected":false},"excerpt":{"rendered":"<p>\u00c1gora Cultural Architects \u00c1gora teatro Agua, sol y sereno Alianza Francesa Andanza Archivo General de Puerto Rico y Biblioteca Nacional Asociaci\u00f3n de documentalistas (ADOC) Asociaci\u00f3n de gu\u00edas tur\u00edsticos de PR Beta-Local Bienhecho Group Cambio en Clave Casa Cort\u00e9s Casa de Cultura Ruth Hern\u00e1ndez Torres Casa Pepiniana de la Cultura C\u00e1tedra &#8230;<\/p>\n","protected":false},"author":3,"featured_media":392,"parent":0,"menu_order":0,"comment_status":"closed","ping_status":"closed","template":"","meta":{"footnotes":""},"class_list":["post-289","page","type-page","status-publish","has-post-thumbnail","hentry","column","twocol","has-thumbnail"],"_links":{"self":[{"href":"https:\/\/humanidades.uprrp.edu\/magac\/index.php?rest_route=\/wp\/v2\/pages\/289","targetHints":{"allow":["GET"]}}],"collection":[{"href":"https:\/\/humanidades.uprrp.edu\/magac\/index.php?rest_route=\/wp\/v2\/pages"}],"about":[{"href":"https:\/\/humanidades.uprrp.edu\/magac\/index.php?rest_route=\/wp\/v2\/types\/page"}],"author":[{"embeddable":true,"href":"https:\/\/humanidades.uprrp.edu\/magac\/index.php?rest_route=\/wp\/v2\/users\/3"}],"replies":[{"embeddable":true,"href":"https:\/\/humanidades.uprrp.edu\/magac\/index.php?rest_route=%2Fwp%2Fv2%2Fcomments&post=289"}],"version-history":[{"count":37,"href":"https:\/\/humanidades.uprrp.edu\/magac\/index.php?rest_route=\/wp\/v2\/pages\/289\/revisions"}],"predecessor-version":[{"id":1774,"href":"https:\/\/humanidades.uprrp.edu\/magac\/index.php?rest_route=\/wp\/v2\/pages\/289\/revisions\/1774"}],"wp:featuredmedia":[{"embeddable":true,"href":"https:\/\/humanidades.uprrp.edu\/magac\/index.php?rest_route=\/wp\/v2\/media\/392"}],"wp:attachment":[{"href":"https:\/\/humanidades.uprrp.edu\/magac\/index.php?rest_route=%2Fwp%2Fv2%2Fmedia&parent=289"}],"curies":[{"name":"wp","href":"https:\/\/api.w.org\/{rel}","templated":true}]}}