{"id":223,"date":"2015-02-24T13:19:20","date_gmt":"2015-02-24T17:19:20","guid":{"rendered":"https:\/\/humanidades.uprrp.edu\/magac\/?page_id=223"},"modified":"2015-10-27T11:39:01","modified_gmt":"2015-10-27T15:39:01","slug":"objetivos-2","status":"publish","type":"page","link":"https:\/\/humanidades.uprrp.edu\/magac\/?page_id=223","title":{"rendered":"Metas y objetivos"},"content":{"rendered":"<ol>\n<li>Contribuir a la vitalidad de las artes y la cultura en Puerto Rico y el mundo y promover una mayor comprensi\u00f3n de su sentido e importancia para el desarrollo socio-econ\u00f3mico y la generaci\u00f3n de capital social.<\/li>\n<li>Servir como espacio de encuentro de saberes y disciplinas con una oferta acad\u00e9mica innovadora que promueva la integraci\u00f3n de teor\u00eda y pr\u00e1ctica, alcanzando los m\u00e1s altos est\u00e1ndares acad\u00e9micos y profesionales en el campo de la gesti\u00f3n cultural.<\/li>\n<li>Apoyar el desarrollo y fortalecimiento de la investigaci\u00f3n de estudiantes y docentes, generando proyectos colaborativos y creando un archivo virtual de la gesti\u00f3n cultural en Puerto Rico y el mundo.<\/li>\n<li>Desarrollar alianzas multisectoriales con instituciones culturales, comunitarias y profesionales para fortalecer los v\u00ednculos de colaboraci\u00f3n del Programa con la comunidad.<\/li>\n<li>Ampliar los v\u00ednculos del Programa con instituciones del exterior a fin de fortalecer las redes de intercambio acad\u00e9mico y profesional.<\/li>\n<li>Integrar las nuevas tecnolog\u00edas a la innovaci\u00f3n curricular y al desarrollo de nuevos formatos de ense\u00f1anza-aprendizaje e investigaci\u00f3n.<\/li>\n<\/ol>\n","protected":false},"excerpt":{"rendered":"<p>Contribuir a la vitalidad de las artes y la cultura en Puerto Rico y el mundo y promover una mayor comprensi\u00f3n de su sentido e importancia para el desarrollo socio-econ\u00f3mico y la generaci\u00f3n de capital social. Servir como espacio de encuentro de saberes y disciplinas con una oferta acad\u00e9mica innovadora &#8230;<\/p>\n","protected":false},"author":3,"featured_media":0,"parent":0,"menu_order":0,"comment_status":"closed","ping_status":"closed","template":"","meta":{"footnotes":""},"class_list":["post-223","page","type-page","status-publish","hentry","column","twocol"],"_links":{"self":[{"href":"https:\/\/humanidades.uprrp.edu\/magac\/index.php?rest_route=\/wp\/v2\/pages\/223","targetHints":{"allow":["GET"]}}],"collection":[{"href":"https:\/\/humanidades.uprrp.edu\/magac\/index.php?rest_route=\/wp\/v2\/pages"}],"about":[{"href":"https:\/\/humanidades.uprrp.edu\/magac\/index.php?rest_route=\/wp\/v2\/types\/page"}],"author":[{"embeddable":true,"href":"https:\/\/humanidades.uprrp.edu\/magac\/index.php?rest_route=\/wp\/v2\/users\/3"}],"replies":[{"embeddable":true,"href":"https:\/\/humanidades.uprrp.edu\/magac\/index.php?rest_route=%2Fwp%2Fv2%2Fcomments&post=223"}],"version-history":[{"count":6,"href":"https:\/\/humanidades.uprrp.edu\/magac\/index.php?rest_route=\/wp\/v2\/pages\/223\/revisions"}],"predecessor-version":[{"id":642,"href":"https:\/\/humanidades.uprrp.edu\/magac\/index.php?rest_route=\/wp\/v2\/pages\/223\/revisions\/642"}],"wp:attachment":[{"href":"https:\/\/humanidades.uprrp.edu\/magac\/index.php?rest_route=%2Fwp%2Fv2%2Fmedia&parent=223"}],"curies":[{"name":"wp","href":"https:\/\/api.w.org\/{rel}","templated":true}]}}