{"id":1763,"date":"2023-02-21T15:04:19","date_gmt":"2023-02-21T19:04:19","guid":{"rendered":"https:\/\/humanidades.uprrp.edu\/magac\/?page_id=1763"},"modified":"2023-02-21T15:04:19","modified_gmt":"2023-02-21T19:04:19","slug":"inter-acciones-creativas-2010-2011-2013","status":"publish","type":"page","link":"https:\/\/humanidades.uprrp.edu\/magac\/?page_id=1763","title":{"rendered":"Inter-acciones creativas 2010 \/ 2011 \/ 2013"},"content":{"rendered":"<p>Inter-acciones Creativas: Encuentro de Arte, Educaci\u00f3n y Acci\u00f3n Comunitaria fue un evento acad\u00e9mico-cultural que tuvo tres ediciones (2009, 2010 y 2013), como parte del proyecto de investigaci\u00f3n colaborativa Arte: \u00bfd\u00f3nde y para qui\u00e9n?, auspiciado por el Fondo Institucional para la Investigaci\u00f3n (FIPI) de la Universidad de Puerto Rico, Recinto de R\u00edo Piedras.\u00a0Bajo la direcci\u00f3n de los profesores Lowell Fiet y Mareia Quintero Rivera, el proyecto abarc\u00f3 estudios de caso en asuntos como los carnavales y performance caribe\u00f1os; las pol\u00edticas culturales en torno a la m\u00fasica tradicional; la educaci\u00f3n teatral en las escuelas y el arte y la sanaci\u00f3n, entre otros.\u00a0Los tres encuentros celebrados contaron con la participaci\u00f3n de profesores invitados de Brasil, Estados Unidos, Rep\u00fablica Dominicana y Trinidad y Tobago, de la comunidad universitaria del pa\u00eds, as\u00ed como de gestores, investigadores y artistas independientes.<\/p>\n<p>M\u00e1s informaci\u00f3n:<br \/>\n<a href=\"https:\/\/interaccionescreativ.wixsite.com\/interacciones\">https:\/\/interaccionescreativ.wixsite.com\/interacciones<\/a><\/p>\n<p>&nbsp;<\/p>\n","protected":false},"excerpt":{"rendered":"<p>Inter-acciones Creativas: Encuentro de Arte, Educaci\u00f3n y Acci\u00f3n Comunitaria fue un evento acad\u00e9mico-cultural que tuvo tres ediciones (2009, 2010 y 2013), como parte del proyecto de investigaci\u00f3n colaborativa Arte: \u00bfd\u00f3nde y para qui\u00e9n?, auspiciado por el Fondo Institucional para la Investigaci\u00f3n (FIPI) de la Universidad de Puerto Rico, Recinto de &#8230;<\/p>\n","protected":false},"author":3,"featured_media":0,"parent":0,"menu_order":0,"comment_status":"closed","ping_status":"closed","template":"","meta":{"footnotes":""},"class_list":["post-1763","page","type-page","status-publish","hentry","column","twocol"],"_links":{"self":[{"href":"https:\/\/humanidades.uprrp.edu\/magac\/index.php?rest_route=\/wp\/v2\/pages\/1763","targetHints":{"allow":["GET"]}}],"collection":[{"href":"https:\/\/humanidades.uprrp.edu\/magac\/index.php?rest_route=\/wp\/v2\/pages"}],"about":[{"href":"https:\/\/humanidades.uprrp.edu\/magac\/index.php?rest_route=\/wp\/v2\/types\/page"}],"author":[{"embeddable":true,"href":"https:\/\/humanidades.uprrp.edu\/magac\/index.php?rest_route=\/wp\/v2\/users\/3"}],"replies":[{"embeddable":true,"href":"https:\/\/humanidades.uprrp.edu\/magac\/index.php?rest_route=%2Fwp%2Fv2%2Fcomments&post=1763"}],"version-history":[{"count":1,"href":"https:\/\/humanidades.uprrp.edu\/magac\/index.php?rest_route=\/wp\/v2\/pages\/1763\/revisions"}],"predecessor-version":[{"id":1764,"href":"https:\/\/humanidades.uprrp.edu\/magac\/index.php?rest_route=\/wp\/v2\/pages\/1763\/revisions\/1764"}],"wp:attachment":[{"href":"https:\/\/humanidades.uprrp.edu\/magac\/index.php?rest_route=%2Fwp%2Fv2%2Fmedia&parent=1763"}],"curies":[{"name":"wp","href":"https:\/\/api.w.org\/{rel}","templated":true}]}}

<p>Inter-acciones Creativas: Encuentro de Arte, Educación y Acción Comunitaria fue un evento académico-cultural que tuvo tres ediciones (2009, 2010 y 2013), como parte del proyecto de investigación colaborativa Arte: ¿dónde y para quién?, auspiciado por el Fondo Institucional para la Investigación (FIPI) de la Universidad de Puerto Rico, Recinto de Río Piedras. Bajo la dirección de los profesores Lowell Fiet y Mareia Quintero Rivera, el proyecto abarcó estudios de caso en asuntos como los carnavales y performance caribeños; las políticas culturales en torno a la música tradicional; la educación teatral en las escuelas y el arte y la sanación, entre otros. Los tres encuentros celebrados contaron con la participación de profesores invitados de Brasil, Estados Unidos, República Dominicana y Trinidad y Tobago, de la comunidad universitaria del país, así como de gestores, investigadores y artistas independientes.</p>
<p>Más información:<br />
<a href="https://interaccionescreativ.wixsite.com/interacciones">https://interaccionescreativ.wixsite.com/interacciones</a></p>
<p>&nbsp;</p>

<p>Inter-acciones Creativas: Encuentro de Arte, Educación y Acción Comunitaria fue un evento académico-cultural que tuvo tres ediciones (2009, 2010 y 2013), como parte del proyecto de investigación colaborativa Arte: ¿dónde y para quién?, auspiciado por el Fondo Institucional para la Investigación (FIPI) de la Universidad de Puerto Rico, Recinto de &#8230;</p>
