{"id":1738,"date":"2022-07-22T15:47:10","date_gmt":"2022-07-22T19:47:10","guid":{"rendered":"https:\/\/humanidades.uprrp.edu\/magac\/?page_id=1738"},"modified":"2022-07-22T15:47:10","modified_gmt":"2022-07-22T19:47:10","slug":"sonia-edith-rivera-lebron","status":"publish","type":"page","link":"https:\/\/humanidades.uprrp.edu\/magac\/?page_id=1738","title":{"rendered":"Sonia Edith Rivera Lebr\u00f3n"},"content":{"rendered":"<figure id=\"attachment_1701\" aria-describedby=\"caption-attachment-1701\" style=\"width: 1524px\" class=\"wp-caption aligncenter\"><a href=\"https:\/\/humanidades.uprrp.edu\/magac\/wp-content\/uploads\/2022\/07\/POSTER_Rivera-Lebron-Sonia-e1658516594571.jpg\"><img loading=\"lazy\" decoding=\"async\" class=\"size-full wp-image-1701\" src=\"https:\/\/humanidades.uprrp.edu\/magac\/wp-content\/uploads\/2022\/07\/POSTER_Rivera-Lebron-Sonia-e1658516594571.jpg\" alt=\"\" width=\"1524\" height=\"1944\" srcset=\"https:\/\/humanidades.uprrp.edu\/magac\/wp-content\/uploads\/2022\/07\/POSTER_Rivera-Lebron-Sonia-e1658516594571.jpg 1524w, https:\/\/humanidades.uprrp.edu\/magac\/wp-content\/uploads\/2022\/07\/POSTER_Rivera-Lebron-Sonia-e1658516594571-235x300.jpg 235w, https:\/\/humanidades.uprrp.edu\/magac\/wp-content\/uploads\/2022\/07\/POSTER_Rivera-Lebron-Sonia-e1658516594571-768x980.jpg 768w, https:\/\/humanidades.uprrp.edu\/magac\/wp-content\/uploads\/2022\/07\/POSTER_Rivera-Lebron-Sonia-e1658516594571-803x1024.jpg 803w, https:\/\/humanidades.uprrp.edu\/magac\/wp-content\/uploads\/2022\/07\/POSTER_Rivera-Lebron-Sonia-e1658516594571-700x893.jpg 700w\" sizes=\"auto, (max-width: 1524px) 100vw, 1524px\" \/><\/a><figcaption id=\"caption-attachment-1701\" class=\"wp-caption-text\">Sonia Edith Rivera Lebr\u00f3n<\/figcaption><\/figure>\n<p>Sonia Edith Rivera Lebr\u00f3n posee un bachillerato en Educaci\u00f3n en Artes Visuales con una segunda concentraci\u00f3n en Relaciones P\u00fablicas y Publicidad de la Universidad de Puerto Rico. Tambi\u00e9n, obtuvo el grado de Maestr\u00eda en Gesti\u00f3n y Administraci\u00f3n Cultural en la misma instituci\u00f3n. A lo largo de su trayectoria profesional, ha trabajado en el Departamento Editorial del peri\u00f3dico internacional Metro y ha laborado como periodista gr\u00e1fica para Metro World News. Atada a la cultura y al entretenimiento, ha colaborado con la casa productora Marina Films en el documental <em>Mona, tesoro del Caribe<\/em> y con la empresa cultural Cuarzo Blanco, Inc. en proyectos relacionados a la inclusi\u00f3n de la comunidad sorda. Sus notas period\u00edsticas, infograf\u00edas y dise\u00f1os han sido publicados en peri\u00f3dicos de Latinoam\u00e9rica, Europa y Asia. Adem\u00e1s, ha participado en eventos internacionales como el 9.\u00ba Encuentro Internacional de Educaci\u00f3n y Pensamiento, y el Simposio Pertinencia del Pensamiento Eugenio Mar\u00eda de Hostos del Siglo XXI. Desde enero de 2018, es editora de noticias en WALO Radio en Humacao; y desde el 2010 es artista gr\u00e1fica, y publicista por servicios profesionales. De entre los distintos premios galardonados a su gesta encontramos: Selecci\u00f3n oficial en Golden Short Film Festival en Italia, Premio Gesti\u00f3n Audiovisual en la Universidad de Puerto Rico &#8211; R\u00edo Piedras; Nominaci\u00f3n y selecci\u00f3n oficial Mifvif- International Film and Video Festival of Maracay 2021; Selecci\u00f3n oficial 2021 Great Lakes International Film Festival; y, por \u00faltimo, International Puerto Rican Heritage Film Festival en Nueva York.<\/p>\n","protected":false},"excerpt":{"rendered":"<p>Sonia Edith Rivera Lebr\u00f3n posee un bachillerato en Educaci\u00f3n en Artes Visuales con una segunda concentraci\u00f3n en Relaciones P\u00fablicas y Publicidad de la Universidad de Puerto Rico. Tambi\u00e9n, obtuvo el grado de Maestr\u00eda en Gesti\u00f3n y Administraci\u00f3n Cultural en la misma instituci\u00f3n. A lo largo de su trayectoria profesional, ha &#8230;<\/p>\n","protected":false},"author":3,"featured_media":0,"parent":0,"menu_order":0,"comment_status":"closed","ping_status":"closed","template":"","meta":{"footnotes":""},"class_list":["post-1738","page","type-page","status-publish","hentry","column","twocol"],"_links":{"self":[{"href":"https:\/\/humanidades.uprrp.edu\/magac\/index.php?rest_route=\/wp\/v2\/pages\/1738","targetHints":{"allow":["GET"]}}],"collection":[{"href":"https:\/\/humanidades.uprrp.edu\/magac\/index.php?rest_route=\/wp\/v2\/pages"}],"about":[{"href":"https:\/\/humanidades.uprrp.edu\/magac\/index.php?rest_route=\/wp\/v2\/types\/page"}],"author":[{"embeddable":true,"href":"https:\/\/humanidades.uprrp.edu\/magac\/index.php?rest_route=\/wp\/v2\/users\/3"}],"replies":[{"embeddable":true,"href":"https:\/\/humanidades.uprrp.edu\/magac\/index.php?rest_route=%2Fwp%2Fv2%2Fcomments&post=1738"}],"version-history":[{"count":1,"href":"https:\/\/humanidades.uprrp.edu\/magac\/index.php?rest_route=\/wp\/v2\/pages\/1738\/revisions"}],"predecessor-version":[{"id":1739,"href":"https:\/\/humanidades.uprrp.edu\/magac\/index.php?rest_route=\/wp\/v2\/pages\/1738\/revisions\/1739"}],"wp:attachment":[{"href":"https:\/\/humanidades.uprrp.edu\/magac\/index.php?rest_route=%2Fwp%2Fv2%2Fmedia&parent=1738"}],"curies":[{"name":"wp","href":"https:\/\/api.w.org\/{rel}","templated":true}]}}