{"id":1718,"date":"2022-07-22T15:36:06","date_gmt":"2022-07-22T19:36:06","guid":{"rendered":"https:\/\/humanidades.uprrp.edu\/magac\/?page_id=1718"},"modified":"2022-07-22T15:37:10","modified_gmt":"2022-07-22T19:37:10","slug":"windy-marie-cosme-rosario","status":"publish","type":"page","link":"https:\/\/humanidades.uprrp.edu\/magac\/?page_id=1718","title":{"rendered":"Windy Marie Cosme Rosario"},"content":{"rendered":"<figure id=\"attachment_1696\" aria-describedby=\"caption-attachment-1696\" style=\"width: 1515px\" class=\"wp-caption aligncenter\"><a href=\"https:\/\/humanidades.uprrp.edu\/magac\/wp-content\/uploads\/2022\/07\/POSTER_-Cosme-Windy-e1658516761831.jpg\"><img loading=\"lazy\" decoding=\"async\" class=\"size-full wp-image-1696\" src=\"https:\/\/humanidades.uprrp.edu\/magac\/wp-content\/uploads\/2022\/07\/POSTER_-Cosme-Windy-e1658516761831.jpg\" alt=\"\" width=\"1515\" height=\"1960\" srcset=\"https:\/\/humanidades.uprrp.edu\/magac\/wp-content\/uploads\/2022\/07\/POSTER_-Cosme-Windy-e1658516761831.jpg 1515w, https:\/\/humanidades.uprrp.edu\/magac\/wp-content\/uploads\/2022\/07\/POSTER_-Cosme-Windy-e1658516761831-232x300.jpg 232w, https:\/\/humanidades.uprrp.edu\/magac\/wp-content\/uploads\/2022\/07\/POSTER_-Cosme-Windy-e1658516761831-768x994.jpg 768w, https:\/\/humanidades.uprrp.edu\/magac\/wp-content\/uploads\/2022\/07\/POSTER_-Cosme-Windy-e1658516761831-792x1024.jpg 792w, https:\/\/humanidades.uprrp.edu\/magac\/wp-content\/uploads\/2022\/07\/POSTER_-Cosme-Windy-e1658516761831-700x906.jpg 700w\" sizes=\"auto, (max-width: 1515px) 100vw, 1515px\" \/><\/a><figcaption id=\"caption-attachment-1696\" class=\"wp-caption-text\">Windy Marie Cosme Rosario<\/figcaption><\/figure>\n<p>Windy Marie Cosme Rosario ostenta un grado de Bachillerato en Artes con concentraci\u00f3n en Estudios Pre-Jur\u00eddicos y una segunda concentraci\u00f3n en Historia de las Am\u00e9ricas de la Universidad de Puerto Rico, Recinto de R\u00edo Piedras (UPR). A nivel graduado cuenta con una Maestr\u00eda en Gesti\u00f3n y Administraci\u00f3n Cultural de la UPR, un M\u00e1ster en Museolog\u00eda de la Universidad de Granada, Espa\u00f1a; y un posgrado en Salvaguardia del Patrimonio Inmaterial de la Universidad Nacional de C\u00f3rdoba, Argentina. Actualmente es candidata a grado doctoral en Historia Cultural en el Programa Graduado de Historia de la UPR, donde investiga sobre tem\u00e1ticas de historia reciente, memoria, patrimonio y museos. Ha sido receptora de la Beca Doctoral de la UPR; su propuesta de tesis doctoral fue seleccionada por el Museo de la Memoria y los Derechos Humanos de Chile, en su Concurso de Tesis, para realizar investigaci\u00f3n en sus archivos y recibi\u00f3 el Doctoral Student in Latin America Research Grant otorgado por la Asociaci\u00f3n de Estudios Latinoamericanos (LASA).<\/p>\n<p>Ha desarrollado su carrera como profesional de museos en el Museo de Arte Contempor\u00e1neo de Puerto Rico (MAC), como educadora y coordinadora de proyectos comunitarios incluyendo las primeras dos ediciones del programa El MAC en el barrio. Labor\u00f3 con el Instituto de Cultura Puertorrique\u00f1a como coordinadora del Proyecto Educativo de la 4ta Trienal Poli\/Gr\u00e1fica de San Juan: Am\u00e9rica Latina y El Caribe, y adem\u00e1s, es colaboradora de la Fundaci\u00f3n Ismael Rivera.<\/p>\n<p>Actualmente, se desempe\u00f1a como profesora en el Programa de Estudios Interdisciplinarios y el Programa de Maestr\u00eda en Gesti\u00f3n y Administraci\u00f3n Cultural de la UPR. Y, adem\u00e1s, es Gerente del Programa MAC en el Barrio, iniciativa comunitaria del Museo de Arte Contempor\u00e1neo de Puerto Rico.<\/p>\n","protected":false},"excerpt":{"rendered":"<p>Windy Marie Cosme Rosario ostenta un grado de Bachillerato en Artes con concentraci\u00f3n en Estudios Pre-Jur\u00eddicos y una segunda concentraci\u00f3n en Historia de las Am\u00e9ricas de la Universidad de Puerto Rico, Recinto de R\u00edo Piedras (UPR). A nivel graduado cuenta con una Maestr\u00eda en Gesti\u00f3n y Administraci\u00f3n Cultural de la &#8230;<\/p>\n","protected":false},"author":3,"featured_media":0,"parent":0,"menu_order":0,"comment_status":"closed","ping_status":"closed","template":"","meta":{"footnotes":""},"class_list":["post-1718","page","type-page","status-publish","hentry","column","twocol"],"_links":{"self":[{"href":"https:\/\/humanidades.uprrp.edu\/magac\/index.php?rest_route=\/wp\/v2\/pages\/1718","targetHints":{"allow":["GET"]}}],"collection":[{"href":"https:\/\/humanidades.uprrp.edu\/magac\/index.php?rest_route=\/wp\/v2\/pages"}],"about":[{"href":"https:\/\/humanidades.uprrp.edu\/magac\/index.php?rest_route=\/wp\/v2\/types\/page"}],"author":[{"embeddable":true,"href":"https:\/\/humanidades.uprrp.edu\/magac\/index.php?rest_route=\/wp\/v2\/users\/3"}],"replies":[{"embeddable":true,"href":"https:\/\/humanidades.uprrp.edu\/magac\/index.php?rest_route=%2Fwp%2Fv2%2Fcomments&post=1718"}],"version-history":[{"count":1,"href":"https:\/\/humanidades.uprrp.edu\/magac\/index.php?rest_route=\/wp\/v2\/pages\/1718\/revisions"}],"predecessor-version":[{"id":1719,"href":"https:\/\/humanidades.uprrp.edu\/magac\/index.php?rest_route=\/wp\/v2\/pages\/1718\/revisions\/1719"}],"wp:attachment":[{"href":"https:\/\/humanidades.uprrp.edu\/magac\/index.php?rest_route=%2Fwp%2Fv2%2Fmedia&parent=1718"}],"curies":[{"name":"wp","href":"https:\/\/api.w.org\/{rel}","templated":true}]}}