{"id":1651,"date":"2019-02-26T15:20:45","date_gmt":"2019-02-26T19:20:45","guid":{"rendered":"https:\/\/humanidades.uprrp.edu\/magac\/?page_id=1651"},"modified":"2019-02-26T15:20:45","modified_gmt":"2019-02-26T19:20:45","slug":"urbanismo-y-gestion-cultural","status":"publish","type":"page","link":"https:\/\/humanidades.uprrp.edu\/magac\/?page_id=1651","title":{"rendered":"Urbanismo y Gesti\u00f3n Cultural"},"content":{"rendered":"<p>La gesti\u00f3n cultural no se da en el vac\u00edo. Buena parte de esa actividad creativa se desarrolla en contextos urbanos donde se conjugan aspectos espaciales, patrimoniales, econ\u00f3micos y sociales. Este curso pretende acercar a los futuros gestores culturales a esa compleja realidad ofreciendo una perspectiva hist\u00f3rica del desarrollo urbano y su v\u00ednculo con la producci\u00f3n y el arte. Adem\u00e1s, se pretende familiarizarlos con diversos espacios e iniciativas de gesti\u00f3n en y fuera del pa\u00eds, as\u00ed como insertarlos en algunos de los debates actuales que surgen de esa estrecha relaci\u00f3n entre gesti\u00f3n y ciudad.<\/p>\n","protected":false},"excerpt":{"rendered":"<p>La gesti\u00f3n cultural no se da en el vac\u00edo. Buena parte de esa actividad creativa se desarrolla en contextos urbanos donde se conjugan aspectos espaciales, patrimoniales, econ\u00f3micos y sociales. Este curso pretende acercar a los futuros gestores culturales a esa compleja realidad ofreciendo una perspectiva hist\u00f3rica del desarrollo urbano y &#8230;<\/p>\n","protected":false},"author":6,"featured_media":0,"parent":0,"menu_order":0,"comment_status":"closed","ping_status":"closed","template":"","meta":{"footnotes":""},"class_list":["post-1651","page","type-page","status-publish","hentry","column","twocol"],"_links":{"self":[{"href":"https:\/\/humanidades.uprrp.edu\/magac\/index.php?rest_route=\/wp\/v2\/pages\/1651","targetHints":{"allow":["GET"]}}],"collection":[{"href":"https:\/\/humanidades.uprrp.edu\/magac\/index.php?rest_route=\/wp\/v2\/pages"}],"about":[{"href":"https:\/\/humanidades.uprrp.edu\/magac\/index.php?rest_route=\/wp\/v2\/types\/page"}],"author":[{"embeddable":true,"href":"https:\/\/humanidades.uprrp.edu\/magac\/index.php?rest_route=\/wp\/v2\/users\/6"}],"replies":[{"embeddable":true,"href":"https:\/\/humanidades.uprrp.edu\/magac\/index.php?rest_route=%2Fwp%2Fv2%2Fcomments&post=1651"}],"version-history":[{"count":1,"href":"https:\/\/humanidades.uprrp.edu\/magac\/index.php?rest_route=\/wp\/v2\/pages\/1651\/revisions"}],"predecessor-version":[{"id":1652,"href":"https:\/\/humanidades.uprrp.edu\/magac\/index.php?rest_route=\/wp\/v2\/pages\/1651\/revisions\/1652"}],"wp:attachment":[{"href":"https:\/\/humanidades.uprrp.edu\/magac\/index.php?rest_route=%2Fwp%2Fv2%2Fmedia&parent=1651"}],"curies":[{"name":"wp","href":"https:\/\/api.w.org\/{rel}","templated":true}]}}

Urbanismo y Gestión Cultural

<p>La gestión cultural no se da en el vacío. Buena parte de esa actividad creativa se desarrolla en contextos urbanos donde se conjugan aspectos espaciales, patrimoniales, económicos y sociales. Este curso pretende acercar a los futuros gestores culturales a esa compleja realidad ofreciendo una perspectiva histórica del desarrollo urbano y su vínculo con la producción y el arte. Además, se pretende familiarizarlos con diversos espacios e iniciativas de gestión en y fuera del país, así como insertarlos en algunos de los debates actuales que surgen de esa estrecha relación entre gestión y ciudad.</p>

<p>La gestión cultural no se da en el vacío. Buena parte de esa actividad creativa se desarrolla en contextos urbanos donde se conjugan aspectos espaciales, patrimoniales, económicos y sociales. Este curso pretende acercar a los futuros gestores culturales a esa compleja realidad ofreciendo una perspectiva histórica del desarrollo urbano y &#8230;</p>
