{"id":1647,"date":"2019-02-26T15:17:33","date_gmt":"2019-02-26T19:17:33","guid":{"rendered":"https:\/\/humanidades.uprrp.edu\/magac\/?page_id=1647"},"modified":"2019-02-26T15:17:33","modified_gmt":"2019-02-26T19:17:33","slug":"turismo-de-ocio","status":"publish","type":"page","link":"https:\/\/humanidades.uprrp.edu\/magac\/?page_id=1647","title":{"rendered":"Turismo de Ocio"},"content":{"rendered":"<p>Este curso se dirige hacia las pr\u00e1cticas de desarrollo del turismo de ocio como una actividad que encierra la ambivalencia de ser, a la vez, negocio y ocio. El curso analiza la primera perspectiva como sector productivo y valora este concepto desde la perspectiva de una del ocio y profundiza en la idea de que, adem\u00e1s de ser una actividad de placer, puede acaparar una dimensi\u00f3n educativa. Por ello, y desde esa reflexi\u00f3n pedag\u00f3gica, se plantea el curso como una aproximaci\u00f3n conceptual a la experiencia educativa para el turista, para el profesional anfitri\u00f3n y para la comunidad de recepci\u00f3n que encierra una modalidad concreta del turismo, la cultural.<\/p>\n","protected":false},"excerpt":{"rendered":"<p>Este curso se dirige hacia las pr\u00e1cticas de desarrollo del turismo de ocio como una actividad que encierra la ambivalencia de ser, a la vez, negocio y ocio. El curso analiza la primera perspectiva como sector productivo y valora este concepto desde la perspectiva de una del ocio y profundiza &#8230;<\/p>\n","protected":false},"author":6,"featured_media":0,"parent":0,"menu_order":0,"comment_status":"closed","ping_status":"closed","template":"","meta":{"footnotes":""},"class_list":["post-1647","page","type-page","status-publish","hentry","column","twocol"],"_links":{"self":[{"href":"https:\/\/humanidades.uprrp.edu\/magac\/index.php?rest_route=\/wp\/v2\/pages\/1647","targetHints":{"allow":["GET"]}}],"collection":[{"href":"https:\/\/humanidades.uprrp.edu\/magac\/index.php?rest_route=\/wp\/v2\/pages"}],"about":[{"href":"https:\/\/humanidades.uprrp.edu\/magac\/index.php?rest_route=\/wp\/v2\/types\/page"}],"author":[{"embeddable":true,"href":"https:\/\/humanidades.uprrp.edu\/magac\/index.php?rest_route=\/wp\/v2\/users\/6"}],"replies":[{"embeddable":true,"href":"https:\/\/humanidades.uprrp.edu\/magac\/index.php?rest_route=%2Fwp%2Fv2%2Fcomments&post=1647"}],"version-history":[{"count":1,"href":"https:\/\/humanidades.uprrp.edu\/magac\/index.php?rest_route=\/wp\/v2\/pages\/1647\/revisions"}],"predecessor-version":[{"id":1648,"href":"https:\/\/humanidades.uprrp.edu\/magac\/index.php?rest_route=\/wp\/v2\/pages\/1647\/revisions\/1648"}],"wp:attachment":[{"href":"https:\/\/humanidades.uprrp.edu\/magac\/index.php?rest_route=%2Fwp%2Fv2%2Fmedia&parent=1647"}],"curies":[{"name":"wp","href":"https:\/\/api.w.org\/{rel}","templated":true}]}}